000
CXUS51 KCAR 190600
CF6FVE
PRELIMINARY LOCAL CLIMATOLOGICAL DATA (WS FORM: F-6)

                                          STATION:   FRENCHVILLE ME
                                          MONTH:     MARCH
                                          YEAR:      2019
                                          LATITUDE:   47 16 N
                                          LONGITUDE:  68 19 W

  TEMPERATURE IN F:       :PCPN:    SNOW:  WIND      :SUNSHINE: SKY     :PK WND
================================================================================
1   2   3   4   5  6A  6B    7    8   9   10  11  12  13   14  15   16   17  18
                                     12Z  AVG MX 2MIN
DY MAX MIN AVG DEP HDD CDD  WTR  SNW DPTH SPD SPD DIR MIN PSBL S-S WX    SPD DR
================================================================================

 1  28   2  15  -3  50   0 0.00    M    M  8.7 18 280   M    M   1        22 290
 2  30   9  20   2  45   0 0.00    M    M  4.1 12  10   M    M   2 8      15 360
 3  31  16  24   5  41   0 0.00    M    M  4.7 12 200   M    M   7        16 200
 4  29  21  25   6  40   0 0.15    M    M  5.7 17 300   M    M  10 18     25 290
 5  21   7  14  -5  51   0    T    M    M 10.9 18 270   M    M   5 8      23 270
 6  16   1   9 -11  56   0    T    M    M  9.5 20 320   M    M   5 8      24 320
 7  12  -4   4 -16  61   0 0.00    M    M 11.0 21 300   M    M   3        25 300
 8  26  -3  12  -8  53   0 0.00    M    M 10.4 22 230   M    M   2        29 220
 9  23  10  17  -4  48   0    T    M    M 11.5 28 330   M    M   3 8      33 330
10  26   1  14  -7  51   0 0.09    M    M 12.6 28 160   M    M   4 18     37 160
11  38  24  31   9  34   0 0.09    M    M 12.0 24 250   M    M  10 18     33 260
12  31  18  25   3  40   0    T    M    M 12.5 25 330   M    M   4        30 330
13  41  12  27   5  38   0 0.00    M    M  6.9 15 260   M    M   3        20 270
14  45  25  35  13  30   0    T    M    M  8.3 20 150   M    M   3        24 150
15  45  34  40  17  25   0 0.10    M    M 10.6 21 130   M    M   9 12     27 150
16  42  19  31   8  34   0 0.01    M    M 16.7 35 290   M    M  10        46 240
17  22  11  17  -7  48   0    T    M    M 15.1 30 290   M    M   8        37 290
18  23  12  18  -6  47   0    T    M    M 10.7 22 290   M    M   7        28 290
================================================================================
SM  529  215       792   0  0.44    M    181.9          M       96
================================================================================
AV 29.4 11.9                              10.1 FASTST   M    M   5    MAX(MPH)
                                 MISC ---->  # 35 290               # 46  240
================================================================================
NOTES:
# LAST OF SEVERAL OCCURRENCES

COLUMN 17 PEAK WIND IN M.P.H.

PRELIMINARY LOCAL CLIMATOLOGICAL DATA (WS FORM: F-6) , PAGE 2

                                          STATION:  FRENCHVILLE ME
                                          MONTH:    MARCH
                                          YEAR:     2019
                                          LATITUDE:   47 16 N
                                          LONGITUDE:  68 19 W

[TEMPERATURE DATA]      [PRECIPITATION DATA]       SYMBOLS USED IN COLUMN 16

AVERAGE MONTHLY: 20.7   TOTAL FOR MONTH:   0.44    1 = FOG OR MIST
DPTR FM NORMAL:  -0.3   DPTR FM NORMAL:   -0.22    2 = FOG REDUCING VISIBILITY
HIGHEST:    45 ON 15,14 GRTST 24HR  0.15 ON  4- 4      TO 1/4 MILE OR LESS
LOWEST:     -4 ON  7                               3 = THUNDER
                        SNOW, ICE PELLETS, HAIL    4 = ICE PELLETS
                        TOTAL MONTH:    M          5 = HAIL
                        GRTST 24HR    M  ON   M    6 = FREEZING RAIN OR DRIZZLE
                        GRTST DEPTH:  M  ON   M    7 = DUSTSTORM OR SANDSTORM:
                                                       VSBY 1/2 MILE OR LESS
                                                   8 = SMOKE OR HAZE
[NO. OF DAYS WITH]      [WEATHER - DAYS WITH]      9 = BLOWING SNOW
                                                   X = TORNADO
MAX 32 OR BELOW:  13    0.01 INCH OR MORE:   5
MAX 90 OR ABOVE:   0    0.10 INCH OR MORE:   2
MIN 32 OR BELOW:  17    0.50 INCH OR MORE:   0
MIN  0 OR BELOW:   2    1.00 INCH OR MORE:   0

[HDD (BASE 65) ]
TOTAL THIS MO.   792    CLEAR  (SCALE 0-3)   4
DPTR FM NORMAL    -1    PTCLDY (SCALE 4-7)  10
TOTAL FM JUL 1  7571    CLOUDY (SCALE 8-10)  4
DPTR FM NORMAL  -222

[CDD (BASE 65) ]
TOTAL THIS MO.     0
DPTR FM NORMAL     0    [PRESSURE DATA]
TOTAL FM JAN 1     0    HIGHEST SLP M ON M
DPTR FM NORMAL     0    LOWEST  SLP 29.44 ON 16

[REMARKS]
