000
CXUS54 KFWD 190730
CF6FWD
PRELIMINARY LOCAL CLIMATOLOGICAL DATA (WS FORM: F-6)

                                          STATION:   FORT WORTH NWS
                                          MONTH:     MARCH
                                          YEAR:      2019
                                          LATITUDE:   32 50 N
                                          LONGITUDE:  97 18 W

  TEMPERATURE IN F:       :PCPN:    SNOW:  WIND      :SUNSHINE: SKY     :PK WND
================================================================================
1   2   3   4   5  6A  6B    7    8   9   10  11  12  13   14  15   16   17  18
                                     12Z  AVG MX 2MIN
DY MAX MIN AVG DEP HDD CDD  WTR  SNW DPTH SPD SPD DIR MIN PSBL S-S WX    SPD DR
================================================================================

 1  44  31  38 -15  27   0 0.00  0.0    0   M   M   M   M    M   M         M  M
 2  41  36  39 -14  26   0 0.05  0.0    0   M   M   M   M    M   M 1       M  M
 3  39  25  32 -21  33   0 0.01  0.0    0   M   M   M   M    M   M 1       M  M
 4  31  20  26 -28  39   0 0.00  0.0    0   M   M   M   M    M   M         M  M
 5  44  19  32 -22  33   0 0.00  0.0    0   M   M   M   M    M   M         M  M
 6  54  26  40 -14  25   0 0.00  0.0    0   M   M   M   M    M   M         M  M
 7  74  39  57   3   8   0 0.00  0.0    0   M   M   M   M    M   M         M  M
 8  77  58  68  13   0   3 0.00  0.0    0   M   M   M   M    M   M         M  M
 9  75  56  66  11   0   1 0.74  0.0    0   M   M   M   M    M   M 13      M  M
10  58  49  54  -1  11   0 0.02  0.0    0   M   M   M   M    M   M         M  M
11  60  49  55  -1  10   0 0.02  0.0    0   M   M   M   M    M   M         M  M
12  66  55  61   5   4   0 0.16  0.0    0   M   M   M   M    M   M 13      M  M
13  76  52  64   8   1   0 1.19  0.0    0   M   M   M   M    M   M 13      M  M
14  64  46  55  -1  10   0 0.00  0.0    0   M   M   M   M    M   M         M  M
15  58  39  49  -8  16   0 0.00  0.0    0   M   M   M   M    M   M         M  M
16  58  36  47 -10  18   0 0.00  0.0    0   M   M   M   M    M   M         M  M
17  64  38  51  -6  14   0 0.00  0.0    0   M   M   M   M    M   M         M  M
18  69  42  56  -2   9   0 0.00  0.0    0   M   M   M   M    M   M         M  M
================================================================================
SM 1052  716       284   4  2.19     0.0     M          M        M
================================================================================
AV 58.4 39.8                                 M FASTST   M    M   5    MAX(MPH)
                                 MISC ---->     M   M                  M    M
================================================================================
NOTES:
# LAST OF SEVERAL OCCURRENCES

COLUMN 17 PEAK WIND IN M.P.H.

PRELIMINARY LOCAL CLIMATOLOGICAL DATA (WS FORM: F-6) , PAGE 2

                                          STATION:  FORT WORTH NWS
                                          MONTH:    MARCH
                                          YEAR:     2019
                                          LATITUDE:   32 50 N
                                          LONGITUDE:  97 18 W

[TEMPERATURE DATA]      [PRECIPITATION DATA]       SYMBOLS USED IN COLUMN 16

AVERAGE MONTHLY: 49.1   TOTAL FOR MONTH:   2.19    1 = FOG OR MIST
DPTR FM NORMAL:  -6.1   DPTR FM NORMAL:    0.22    2 = FOG REDUCING VISIBILITY
HIGHEST:    77 ON  8    GRTST 24HR  1.19 ON 13-13      TO 1/4 MILE OR LESS
LOWEST:     19 ON  5                               3 = THUNDER
                        SNOW, ICE PELLETS, HAIL    4 = ICE PELLETS
                        TOTAL MONTH:   0.0 INCH    5 = HAIL
                        GRTST 24HR     0.0         6 = FREEZING RAIN OR DRIZZLE
                        GRTST DEPTH:   0           7 = DUSTSTORM OR SANDSTORM:
                                                       VSBY 1/2 MILE OR LESS
                                                   8 = SMOKE OR HAZE
[NO. OF DAYS WITH]      [WEATHER - DAYS WITH]      9 = BLOWING SNOW
                                                   X = TORNADO
MAX 32 OR BELOW:   1    0.01 INCH OR MORE:   7
MAX 90 OR ABOVE:   0    0.10 INCH OR MORE:   3
MIN 32 OR BELOW:   5    0.50 INCH OR MORE:   2
MIN  0 OR BELOW:   0    1.00 INCH OR MORE:   1

[HDD (BASE 65) ]
TOTAL THIS MO.   284    CLEAR  (SCALE 0-3)   0
DPTR FM NORMAL    97    PTCLDY (SCALE 4-7)   0
TOTAL FM JUL 1  2417    CLOUDY (SCALE 8-10)  0
DPTR FM NORMAL   271

[CDD (BASE 65) ]
TOTAL THIS MO.     4
DPTR FM NORMAL   -14    [PRESSURE DATA]
TOTAL FM JAN 1    16    HIGHEST SLP M ON M
DPTR FM NORMAL   -10    LOWEST  SLP M ON M

[REMARKS]
