000
CXUS54 KFWD 260731
CF6FWD
PRELIMINARY LOCAL CLIMATOLOGICAL DATA (WS FORM: F-6)

                                          STATION:   FORT WORTH NWS
                                          MONTH:     MAY
                                          YEAR:      2019
                                          LATITUDE:   32 50 N
                                          LONGITUDE:  97 18 W

  TEMPERATURE IN F:       :PCPN:    SNOW:  WIND      :SUNSHINE: SKY     :PK WND
================================================================================
1   2   3   4   5  6A  6B    7    8   9   10  11  12  13   14  15   16   17  18
                                     12Z  AVG MX 2MIN
DY MAX MIN AVG DEP HDD CDD  WTR  SNW DPTH SPD SPD DIR MIN PSBL S-S WX    SPD DR
================================================================================

 1  83  60  72   3   0   7 1.17  0.0    0   M   M   M   M    M   M 13      M  M
 2  77  59  68  -1   0   3 0.32  0.0    0   M   M   M   M    M   M 3       M  M
 3  77  59  68  -2   0   3    T  0.0    0   M   M   M   M    M   M 3       M  M
 4  75  60  68  -2   0   3 0.21  0.0    0   M   M   M   M    M   M 3       M  M
 5  81  58  70   0   0   5 0.00  0.0    0   M   M   M   M    M   M         M  M
 6  80  66  73   3   0   8 0.00  0.0    0   M   M   M   M    M   M         M  M
 7  84  66  75   4   0  10 0.00  0.0    0   M   M   M   M    M   M         M  M
 8  69  55  62  -9   3   0 1.61  0.0    0   M   M   M   M    M   M 13      M  M
 9  69  51  60 -11   5   0 0.02  0.0    0   M   M   M   M    M   M 12      M  M
10  57  49  53 -19  12   0 0.13  0.0    0   M   M   M   M    M   M 3       M  M
11  64  54  59 -13   6   0 1.19  0.0    0   M   M   M   M    M   M 13      M  M
12  75  53  64  -8   1   0 0.00  0.0    0   M   M   M   M    M   M         M  M
13  82  58  70  -2   0   5 0.00  0.0    0   M   M   M   M    M   M         M  M
14  83  60  72  -1   0   7 0.00  0.0    0   M   M   M   M    M   M         M  M
15  85  63  74   1   0   9 0.00  0.0    0   M   M   M   M    M   M         M  M
16  85  64  75   2   0  10 0.00  0.0    0   M   M   M   M    M   M         M  M
17  85  67  76   2   0  11 0.00  0.0    0   M   M   M   M    M   M         M  M
18  76  62  69  -5   0   4 1.13  0.0    0   M   M   M   M    M   M 13      M  M
19  81  62  72  -2   0   7 0.00  0.0    0   M   M   M   M    M   M 1       M  M
20  85  70  78   3   0  13 0.00  0.0    0   M   M   M   M    M   M         M  M
21  82  64  73  -2   0   8 0.17  0.0    0   M   M   M   M    M   M 13      M  M
22  87  64  76   1   0  11 0.00  0.0    0   M   M   M   M    M   M         M  M
23  87  74  81   6   0  16 0.00  0.0    0   M   M   M   M    M   M         M  M
24  87  74  81   5   0  16 0.00  0.0    0   M   M   M   M    M   M         M  M
25  88  70  79   3   0  14 0.00  0.0    0   M   M   M   M    M   M         M  M
================================================================================
SM 1984 1542        27 170  5.95     0.0     M          M        M
================================================================================
AV 79.4 61.7                                 M FASTST   M    M   6    MAX(MPH)
                                 MISC ---->     M   M                  M    M
================================================================================
NOTES:
# LAST OF SEVERAL OCCURRENCES

COLUMN 17 PEAK WIND IN M.P.H.

PRELIMINARY LOCAL CLIMATOLOGICAL DATA (WS FORM: F-6) , PAGE 2

                                          STATION:  FORT WORTH NWS
                                          MONTH:    MAY
                                          YEAR:     2019
                                          LATITUDE:   32 50 N
                                          LONGITUDE:  97 18 W

[TEMPERATURE DATA]      [PRECIPITATION DATA]       SYMBOLS USED IN COLUMN 16

AVERAGE MONTHLY: 70.5   TOTAL FOR MONTH:   5.95    1 = FOG OR MIST
DPTR FM NORMAL:  -2.0   DPTR FM NORMAL:    2.32    2 = FOG REDUCING VISIBILITY
HIGHEST:    88 ON 25    GRTST 24HR  1.61 ON  8- 8      TO 1/4 MILE OR LESS
LOWEST:     49 ON 10                               3 = THUNDER
                        SNOW, ICE PELLETS, HAIL    4 = ICE PELLETS
                        TOTAL MONTH:   0.0 INCH    5 = HAIL
                        GRTST 24HR     0.0         6 = FREEZING RAIN OR DRIZZLE
                        GRTST DEPTH:   0           7 = DUSTSTORM OR SANDSTORM:
                                                       VSBY 1/2 MILE OR LESS
                                                   8 = SMOKE OR HAZE
[NO. OF DAYS WITH]      [WEATHER - DAYS WITH]      9 = BLOWING SNOW
                                                   X = TORNADO
MAX 32 OR BELOW:   0    0.01 INCH OR MORE:   9
MAX 90 OR ABOVE:   0    0.10 INCH OR MORE:   8
MIN 32 OR BELOW:   0    0.50 INCH OR MORE:   4
MIN  0 OR BELOW:   0    1.00 INCH OR MORE:   4

[HDD (BASE 65) ]
TOTAL THIS MO.    27    CLEAR  (SCALE 0-3)   0
DPTR FM NORMAL    19    PTCLDY (SCALE 4-7)   0
TOTAL FM JUL 1  2597    CLOUDY (SCALE 8-10)  0
DPTR FM NORMAL   262

[CDD (BASE 65) ]
TOTAL THIS MO.   170
DPTR FM NORMAL   -28    [PRESSURE DATA]
TOTAL FM JAN 1   277    HIGHEST SLP M ON M
DPTR FM NORMAL   -55    LOWEST  SLP M ON M

[REMARKS]
