000
CXUS52 KMFL 241000
CF6FXE
PRELIMINARY LOCAL CLIMATOLOGICAL DATA (WS FORM: F-6)

                                          STATION:   FORT LAUDERDALE EXEC ARPT
                                          MONTH:     MARCH
                                          YEAR:      2019
                                          LATITUDE:   26 12 N
                                          LONGITUDE:  80 11 W

  TEMPERATURE IN F:       :PCPN:    SNOW:  WIND      :SUNSHINE: SKY     :PK WND
================================================================================
1   2   3   4   5  6A  6B    7    8   9   10  11  12  13   14  15   16   17  18
                                     12Z  AVG MX 2MIN
DY MAX MIN AVG DEP HDD CDD  WTR  SNW DPTH SPD SPD DIR MIN PSBL S-S WX    SPD DR
================================================================================

 1  83  65  74   4   0   9 0.00  0.0    0  5.3 14 130   M    M   2        20 120
 2  85  66  76   6   0  11 0.00  0.0    0  5.0 16 100   M    M   1        18 100
 3  86  68  77   7   0  12 0.00  0.0    0  6.7 17 150   M    M   1        22 120
 4  90  70  80  10   0  15 0.00  0.0    0  8.0 16 270   M    M   1        22 280
 5  87  62  75   5   0  10 0.30  0.0    0  8.4 26 290   M    M   4 138    41 300
 6  71  52  62  -8   3   0 0.00  0.0    0 10.1 17  60   M    M   2 8      23  60
 7  75  54  65  -5   0   0 0.00  0.0    0  9.2 20  80   M    M   4        23  80
 8  80  64  72   2   0   7 0.07  0.0    0  9.7 21 100   M    M   5 1      26 100
 9  83  70  77   7   0  12 0.00  0.0    0 11.5 18 110   M    M   4        24 110
10  84  74  79   8   0  14    T  0.0    0 11.5 20 110   M    M   5        24 120
11  85  69  77   6   0  12 0.00  0.0    0  6.1 13 110   M    M   2        18 110
12  87  68  78   7   0  13 0.00  0.0    0  7.4 16  60   M    M   2        22  60
13  81  74  78   7   0  13 0.00  0.0    0 14.3 24  90   M    M   5        29  90
14  82  73  78   7   0  13    T  0.0    0 15.1 23  90   M    M   6        28  90
15  83  74  79   8   0  14 0.00  0.0    0 10.0 17 120   M    M   5        22 130
16  84  69  77   6   0  12 0.11  0.0    0  3.5 13 140   M    M   7 1      16 110
17  86  69  78   7   0  13    T  0.0    0  5.8 12  70   M    M   5        14 260
18  80  66  73   1   0   8 0.00  0.0    0  6.4 13  50   M    M   6        17  30
19  71  63  67  -5   0   2 1.73  0.0    0  8.7 18  60   M    M   9 1      26  40
20  78  63  71  -1   0   6 0.05  0.0    0  7.6 14  20   M    M   9 1      24  20
21  79  63  71  -1   0   6 0.00  0.0    0  7.6 16 290   M    M   4        21 280
22  75  56  66  -6   0   1 0.00  0.0    0  5.8 16 340   M    M   0        21 330
23  79  56  68  -4   0   3 0.00  0.0    0  6.2 14  70   M    M   2        18  90
================================================================================
SM 1874 1508         3 206  2.26     0.0 189.9          M       91
================================================================================
AV 81.5 65.6                               8.3 FASTST   M    M   4    MAX(MPH)
                                 MISC ---->  # 26 290               # 41  300
================================================================================
NOTES:
# LAST OF SEVERAL OCCURRENCES

COLUMN 17 PEAK WIND IN M.P.H.

PRELIMINARY LOCAL CLIMATOLOGICAL DATA (WS FORM: F-6) , PAGE 2

                                          STATION:  FORT LAUDERDALE EXEC ARPT
                                          MONTH:    MARCH
                                          YEAR:     2019
                                          LATITUDE:   26 12 N
                                          LONGITUDE:  80 11 W

[TEMPERATURE DATA]      [PRECIPITATION DATA]       SYMBOLS USED IN COLUMN 16

AVERAGE MONTHLY: 73.5   TOTAL FOR MONTH:   2.26    1 = FOG OR MIST
DPTR FM NORMAL:   2.7   DPTR FM NORMAL:   -1.40    2 = FOG REDUCING VISIBILITY
HIGHEST:    90 ON  4    GRTST 24HR  1.73 ON 19-19      TO 1/4 MILE OR LESS
LOWEST:     52 ON  6                               3 = THUNDER
                        SNOW, ICE PELLETS, HAIL    4 = ICE PELLETS
                        TOTAL MONTH:   0.0 INCH    5 = HAIL
                        GRTST 24HR     0.0         6 = FREEZING RAIN OR DRIZZLE
                        GRTST DEPTH:   0           7 = DUSTSTORM OR SANDSTORM:
                                                       VSBY 1/2 MILE OR LESS
                                                   8 = SMOKE OR HAZE
[NO. OF DAYS WITH]      [WEATHER - DAYS WITH]      9 = BLOWING SNOW
                                                   X = TORNADO
MAX 32 OR BELOW:   0    0.01 INCH OR MORE:   5
MAX 90 OR ABOVE:   1    0.10 INCH OR MORE:   3
MIN 32 OR BELOW:   0    0.50 INCH OR MORE:   1
MIN  0 OR BELOW:   0    1.00 INCH OR MORE:   1

[HDD (BASE 65) ]
TOTAL THIS MO.     3    CLEAR  (SCALE 0-3)   9
DPTR FM NORMAL    -8    PTCLDY (SCALE 4-7)  12
TOTAL FM JUL 1    86    CLOUDY (SCALE 8-10)  2
DPTR FM NORMAL   -78

[CDD (BASE 65) ]
TOTAL THIS MO.   206
DPTR FM NORMAL    60    [PRESSURE DATA]
TOTAL FM JAN 1   625    HIGHEST SLP M ON M
DPTR FM NORMAL   217    LOWEST  SLP 29.91 ON M

[REMARKS]
