000
CXUS54 KTSA 210840
CF6FYV
PRELIMINARY LOCAL CLIMATOLOGICAL DATA (WS FORM: F-6)

                                          STATION:   FAYETTEVILLE ARKANSAS
                                          MONTH:     MARCH
                                          YEAR:      2019
                                          LATITUDE:   36  0 N
                                          LONGITUDE:  94 10 W

  TEMPERATURE IN F:       :PCPN:    SNOW:  WIND      :SUNSHINE: SKY     :PK WND
================================================================================
1   2   3   4   5  6A  6B    7    8   9   10  11  12  13   14  15   16   17  18
                                     12Z  AVG MX 2MIN
DY MAX MIN AVG DEP HDD CDD  WTR  SNW DPTH SPD SPD DIR MIN PSBL S-S WX    SPD DR
================================================================================

 1  41  29  35  -9  30   0 0.00  0.0    0  3.4  9 190   M    M  10 1      12  50
 2  40  34  37  -7  28   0 0.00  0.0    0  4.6 14  90   M    M  10 18     16  90
 3  34  13  24 -20  41   0 0.06  0.7    0 10.0 22 340   M    M   8 16     27 340
 4  26   7  17 -28  48   0 0.01  0.1    0  8.4 15 350   M    M   4 1      20 340
 5  37   8  23 -22  42   0 0.00  0.0    0  5.5 21 330   M    M   0        28 320
 6  49  12  31 -14  34   0 0.00  0.0    0  3.9 15 180   M    M   0        18 180
 7  47  24  36 -10  29   0 0.00  0.0    0  5.5 17 170   M    M   6 1      23 170
 8  65  42  54   8  11   0 0.01  0.0    0  2.6 12 100   M    M   8 1      17 110
 9  68  43  56  10   9   0 1.15  0.0    0 13.8 31 270   M    M   4 13     45 230
10  47  34  41  -5  24   0 0.07  0.0    0  3.9 14  70   M    M   5        16  80
11  65  39  52   5  13   0 0.03  0.0    0  1.6 10 340   M    M   3 1      13 330
12  59  45  52   5  13   0 0.34  0.0    0  8.1 18 150   M    M   9 13     24 160
13  63  52  58  11   7   0 0.25  0.0    0 16.8 32 170   M    M   7 18     44 150
14  58  41  50   2  15   0 0.00  0.0    0 17.9 29 250   M    M   8        39 270
15  51  29  40  -8  25   0 0.00  0.0    0  9.6 25 330   M    M   2        31 340
16  57  23  40  -8  25   0 0.00  0.0    0  2.2 12 310   M    M   0        16 310
17  64  27  46  -2  19   0 0.00  0.0    0  3.0 15 270   M    M   0        22 280
18  63  34  49   0  16   0 0.00  0.0    0  2.5 10 350   M    M   3        12  70
19  65  32  49   0  16   0 0.00  0.0    0  7.6 20 190   M    M   1 8      25 180
20  54  35  45  -4  20   0 0.09    M    0  6.6 16 320   M    M   7 18     21 330
================================================================================
SM 1053  603       465   0  2.01     0.8 137.5          M       95
================================================================================
AV 52.7 30.2                               6.9 FASTST   M    M   5    MAX(MPH)
                                 MISC ---->  # 32 170               # 45  230
================================================================================
NOTES:
# LAST OF SEVERAL OCCURRENCES

COLUMN 17 PEAK WIND IN M.P.H.

PRELIMINARY LOCAL CLIMATOLOGICAL DATA (WS FORM: F-6) , PAGE 2

                                          STATION:  FAYETTEVILLE ARKANSAS
                                          MONTH:    MARCH
                                          YEAR:     2019
                                          LATITUDE:   36  0 N
                                          LONGITUDE:  94 10 W

[TEMPERATURE DATA]      [PRECIPITATION DATA]       SYMBOLS USED IN COLUMN 16

AVERAGE MONTHLY: 41.4   TOTAL FOR MONTH:   2.01    1 = FOG OR MIST
DPTR FM NORMAL:  -5.1   DPTR FM NORMAL:   -0.47    2 = FOG REDUCING VISIBILITY
HIGHEST:    68 ON  9    GRTST 24HR  1.15 ON  9- 9      TO 1/4 MILE OR LESS
LOWEST:      7 ON  4                               3 = THUNDER
                        SNOW, ICE PELLETS, HAIL    4 = ICE PELLETS
                        TOTAL MONTH:   0.8 INCH    5 = HAIL
                        GRTST 24HR   0.7 ON  3- 3  6 = FREEZING RAIN OR DRIZZLE
                        GRTST DEPTH:   0           7 = DUSTSTORM OR SANDSTORM:
                                                       VSBY 1/2 MILE OR LESS
                                                   8 = SMOKE OR HAZE
[NO. OF DAYS WITH]      [WEATHER - DAYS WITH]      9 = BLOWING SNOW
                                                   X = TORNADO
MAX 32 OR BELOW:   1    0.01 INCH OR MORE:   9
MAX 90 OR ABOVE:   0    0.10 INCH OR MORE:   3
MIN 32 OR BELOW:  10    0.50 INCH OR MORE:   1
MIN  0 OR BELOW:   0    1.00 INCH OR MORE:   1

[HDD (BASE 65) ]
TOTAL THIS MO.   465    CLEAR  (SCALE 0-3)   6
DPTR FM NORMAL    95    PTCLDY (SCALE 4-7)  10
TOTAL FM JUL 1  3763    CLOUDY (SCALE 8-10)  4
DPTR FM NORMAL    90

[CDD (BASE 65) ]
TOTAL THIS MO.     0
DPTR FM NORMAL     0    [PRESSURE DATA]
TOTAL FM JAN 1     0    HIGHEST SLP M ON M
DPTR FM NORMAL     0    LOWEST  SLP 29.41 ON 13

[REMARKS]
