000
CXUS55 KGGW 210800
CF6GGW
PRELIMINARY LOCAL CLIMATOLOGICAL DATA (WS FORM: F-6)

                                          STATION:   GLASGOW MT
                                          MONTH:     MAY
                                          YEAR:      2018
                                          LATITUDE:   48 13 N
                                          LONGITUDE: 106 37 W

  TEMPERATURE IN F:       :PCPN:    SNOW:  WIND      :SUNSHINE: SKY     :PK WND
================================================================================
1   2   3   4   5  6A  6B    7    8   9   10  11  12  13   14  15   16   17  18
                                     12Z  AVG MX 2MIN
DY MAX MIN AVG DEP HDD CDD  WTR  SNW DPTH SPD SPD DIR MIN PSBL S-S WX    SPD DR
================================================================================

 1  64  36  50   0  15   0 0.02  0.0    0  6.2 13 160   M    M   5 8      17 140
 2  66  42  54   3  11   0 0.00  0.0    0  7.2 15 270   M    M   5        20 260
 3  75  50  63  12   2   0 0.00  0.0    0  9.7 23 330   M    M   3 8      30 330
 4  81  47  64  13   1   0 0.00  0.0    0 10.2 29 270   M    M   2        36 280
 5  80  53  67  15   0   2 0.00  0.0    0  6.5 20  20   M    M   2        25  20
 6  83  48  66  14   0   1 0.00  0.0    0  8.7 16 160   M    M   0        21 180
 7  76  54  65  13   0   0 0.03  0.0    0  9.0 21  30   M    M   6        25  30
 8  77  51  64  11   1   0 0.05  0.0    0  7.6 24 240   M    M   5 3      30 220
 9  72  46  59   6   6   0 0.00  0.0    0 12.2 23  80   M    M   2 1      28  80
10  52  42  47  -6  18   0 0.12  0.0    0 19.3 26 120   M    M  10        31 120
11  50  41  46  -8  19   0 0.00  0.0    0  8.6 16 110   M    M  10        19 110
12  63  46  55   1  10   0 0.00  0.0    0  4.6 12 290   M    M   8        17 310
13  74  39  57   3   8   0 0.00  0.0    0  5.1 13 280   M    M   0 1      18 250
14  81  50  66  12   0   1 0.00  0.0    0  6.9 15 100   M    M   2        20 130
15  85  49  67  12   0   2 0.00  0.0    0  9.2 22 190   M    M   0        29 190
16  87  52  70  15   0   5 0.00  0.0    0 10.1 21 150   M    M   1 3      29 140
17  84  52  68  13   0   3 0.05  0.0    0 13.9 30  60   M    M   3 3      36  60
18  52  45  49  -7  16   0 0.50  0.0    0 13.0 24  50   M    M   9 1      29  60
19  64  43  54  -2  11   0 0.00  0.0    0 10.1 23 130   M    M   1        29 130
20  74  42  58   2   7   0 0.00  0.0    0 16.8 30 140   M    M   0        36 140
================================================================================
SM 1440  928       125  14  0.77     0.0 194.9          M       74
================================================================================
AV 72.0 46.4                               9.7 FASTST   M    M   4    MAX(MPH)
                                 MISC ---->  # 30  60               # 36  280
================================================================================
NOTES:
# LAST OF SEVERAL OCCURRENCES

COLUMN 17 PEAK WIND IN M.P.H.

PRELIMINARY LOCAL CLIMATOLOGICAL DATA (WS FORM: F-6) , PAGE 2

                                          STATION:  GLASGOW MT
                                          MONTH:    MAY
                                          YEAR:     2018
                                          LATITUDE:   48 13 N
                                          LONGITUDE: 106 37 W

[TEMPERATURE DATA]      [PRECIPITATION DATA]       SYMBOLS USED IN COLUMN 16

AVERAGE MONTHLY: 59.2   TOTAL FOR MONTH:   0.77    1 = FOG OR MIST
DPTR FM NORMAL:   5.9   DPTR FM NORMAL:   -0.31    2 = FOG REDUCING VISIBILITY
HIGHEST:    87 ON 16    GRTST 24HR  0.50 ON 18-18      TO 1/4 MILE OR LESS
LOWEST:     36 ON  1                               3 = THUNDER
                        SNOW, ICE PELLETS, HAIL    4 = ICE PELLETS
                        TOTAL MONTH:   0.0 INCH    5 = HAIL
                        GRTST 24HR     0.0         6 = FREEZING RAIN OR DRIZZLE
                        GRTST DEPTH:   0           7 = DUSTSTORM OR SANDSTORM:
                                                       VSBY 1/2 MILE OR LESS
                                                   8 = SMOKE OR HAZE
[NO. OF DAYS WITH]      [WEATHER - DAYS WITH]      9 = BLOWING SNOW
                                                   X = TORNADO
MAX 32 OR BELOW:   0    0.01 INCH OR MORE:   6
MAX 90 OR ABOVE:   0    0.10 INCH OR MORE:   2
MIN 32 OR BELOW:   0    0.50 INCH OR MORE:   1
MIN  0 OR BELOW:   0    1.00 INCH OR MORE:   0

[HDD (BASE 65) ]
TOTAL THIS MO.   125    CLEAR  (SCALE 0-3)  12
DPTR FM NORMAL  -115    PTCLDY (SCALE 4-7)   5
TOTAL FM JUL 1  9012    CLOUDY (SCALE 8-10)  3
DPTR FM NORMAL   765

[CDD (BASE 65) ]
TOTAL THIS MO.    14
DPTR FM NORMAL    14    [PRESSURE DATA]
TOTAL FM JAN 1    14    HIGHEST SLP M ON M
DPTR FM NORMAL    13    LOWEST  SLP 29.69 ON 16

[REMARKS]
