000
CXUS54 KFWD 230730
CF6GKY
PRELIMINARY LOCAL CLIMATOLOGICAL DATA (WS FORM: F-6)

                                          STATION:   ARLINGTON
                                          MONTH:     MARCH
                                          YEAR:      2019
                                          LATITUDE:   32 39 N
                                          LONGITUDE:  97  6 W

  TEMPERATURE IN F:       :PCPN:    SNOW:  WIND      :SUNSHINE: SKY     :PK WND
================================================================================
1   2   3   4   5  6A  6B    7    8   9   10  11  12  13   14  15   16   17  18
                                     12Z  AVG MX 2MIN
DY MAX MIN AVG DEP HDD CDD  WTR  SNW DPTH SPD SPD DIR MIN PSBL S-S WX    SPD DR
================================================================================

 1  46  34  40 -14  25   0 0.00  0.0    0  5.0 13  10   M    M  10        16  10
 2  44  39  42 -12  23   0 0.04  0.0    0  8.1 16 360   M    M  10 18     19 360
 3  43  28  36 -18  29   0 0.01  0.0    0 16.8 25 350   M    M  10 1      31 350
 4  32  22  27 -28  38   0 0.00  0.0    0 14.4 23 350   M    M   7        28 340
 5  46  22  34 -21  31   0 0.00  0.0    0  7.8 17 340   M    M   0        21 350
 6  55  21  38 -17  27   0 0.00  0.0    0  7.7 21 150   M    M   0        25 160
 7  75  46  61   5   4   0 0.00  0.0    0 12.6 21 160   M    M   4        30 160
 8  80  59  70  14   0   5 0.00  0.0    0  9.9 21 170   M    M   0        28 170
 9  78  50  64   8   1   0 0.39  0.0    0  9.3 25 270   M    M   3 13     39 280
10  62  46  54  -2  11   0 0.11  0.0    0 10.2 20  10   M    M   5        25  10
11  63  52  58   1   7   0    T  0.0    0  8.3 17  40   M    M   9        22  40
12  69  57  63   6   2   0 0.10  0.0    0 13.7 40 130   M    M   9 13     53 130
13  73  54  64   7   1   0 1.10  0.0    0 13.3 31 140   M    M   4 13     49 240
14  68  50  59   1   6   0 0.00  0.0    0 15.1 24 320   M    M   2        32 260
15  60  42  51  -7  14   0 0.00  0.0    0 12.9 24 340   M    M   0        29 340
16  61  34  48 -10  17   0 0.00  0.0    0  5.1 16  30   M    M   0        18  30
17  67  33  50  -8  15   0 0.00  0.0    0  2.3 12 140   M    M   0        15 130
18  71  36  54  -5  11   0 0.00  0.0    0  2.7 15 130   M    M   0        20 130
19  70  43  57  -2   8   0 0.00  0.0    0  5.6 21 150   M    M   1        26 170
20  67  41  54  -5  11   0 0.00  0.0    0  7.2 22 340   M    M   3        27 350
21  78  39  59  -1   6   0 0.00  0.0    0  5.0 17 330   M    M   0        24 300
22  77  44  61   1   4   0 0.00  0.0    0  6.7 20 110   M    M   0        27 110
================================================================================
SM 1385  892       291   5  1.75     0.0 199.7          M       77
================================================================================
AV 63.0 40.6                               9.1 FASTST   M    M   4    MAX(MPH)
                                 MISC ---->  # 40 130               # 53  130
================================================================================
NOTES:
# LAST OF SEVERAL OCCURRENCES

COLUMN 17 PEAK WIND IN M.P.H.

PRELIMINARY LOCAL CLIMATOLOGICAL DATA (WS FORM: F-6) , PAGE 2

                                          STATION:  ARLINGTON
                                          MONTH:    MARCH
                                          YEAR:     2019
                                          LATITUDE:   32 39 N
                                          LONGITUDE:  97  6 W

[TEMPERATURE DATA]      [PRECIPITATION DATA]       SYMBOLS USED IN COLUMN 16

AVERAGE MONTHLY: 51.8   TOTAL FOR MONTH:   1.75    1 = FOG OR MIST
DPTR FM NORMAL:  -5.1   DPTR FM NORMAL:   -0.97    2 = FOG REDUCING VISIBILITY
HIGHEST:    80 ON  8    GRTST 24HR  1.10 ON 13-13      TO 1/4 MILE OR LESS
LOWEST:     21 ON  6                               3 = THUNDER
                        SNOW, ICE PELLETS, HAIL    4 = ICE PELLETS
                        TOTAL MONTH:   0.0 INCH    5 = HAIL
                        GRTST 24HR     0.0         6 = FREEZING RAIN OR DRIZZLE
                        GRTST DEPTH:   0           7 = DUSTSTORM OR SANDSTORM:
                                                       VSBY 1/2 MILE OR LESS
                                                   8 = SMOKE OR HAZE
[NO. OF DAYS WITH]      [WEATHER - DAYS WITH]      9 = BLOWING SNOW
                                                   X = TORNADO
MAX 32 OR BELOW:   1    0.01 INCH OR MORE:   6
MAX 90 OR ABOVE:   0    0.10 INCH OR MORE:   4
MIN 32 OR BELOW:   4    0.50 INCH OR MORE:   1
MIN  0 OR BELOW:   0    1.00 INCH OR MORE:   1

[HDD (BASE 65) ]
TOTAL THIS MO.   291    CLEAR  (SCALE 0-3)  13
DPTR FM NORMAL    94    PTCLDY (SCALE 4-7)   4
TOTAL FM JUL 1  2263    CLOUDY (SCALE 8-10)  5
DPTR FM NORMAL   173

[CDD (BASE 65) ]
TOTAL THIS MO.     5
DPTR FM NORMAL   -17    [PRESSURE DATA]
TOTAL FM JAN 1    25    HIGHEST SLP M ON M
DPTR FM NORMAL    -6    LOWEST  SLP 29.44 ON 13

[REMARKS]
