000
CXUS53 KGLD 240800
CF6GLD
PRELIMINARY LOCAL CLIMATOLOGICAL DATA (WS FORM: F-6)

                                          STATION:   GOODLAND KS
                                          MONTH:     MAY
                                          YEAR:      2019
                                          LATITUDE:   39 22 N
                                          LONGITUDE: 101 42 W

  TEMPERATURE IN F:       :PCPN:    SNOW:  WIND      :SUNSHINE: SKY     :PK WND
================================================================================
1   2   3   4   5  6A  6B    7    8   9   10  11  12  13   14  15   16   17  18
                                     12Z  AVG MX 2MIN
DY MAX MIN AVG DEP HDD CDD  WTR  SNW DPTH SPD SPD DIR MIN PSBL S-S WX    SPD DR
================================================================================

 1  50  35  43 -11  22   0 0.09  0.0    0  8.8 17  10   M    M   9 12     23  30
 2  59  32  46  -9  19   0 0.06  0.0    0 10.7 23 170   M    M   7        30 150
 3  66  45  56   1   9   0 0.01  0.0    0  8.4 20 180   M    M   4 123    25 190
 4  73  47  60   5   5   0 0.15  0.0    0 15.4 29 330   M    M   3 13     38 160
 5  81  45  63   7   2   0 0.00  0.0    0  9.0 20  50   M    M   0        25  50
 6  53  46  50  -6  15   0 0.89  0.0    0 13.2 33  40   M    M   9 123    42  40
 7  48  43  46 -10  19   0 0.36  0.0    0 10.5 29  80   M    M  10 123    37  90
 8  46  39  43 -14  22   0 0.21  0.0    0 17.2 28 360   M    M  10 12     37 360
 9  48  34  41 -16  24   0 0.10  0.0    0 11.3 23  20   M    M   8 1      32  20
10  50  33  42 -15  23   0 0.00  0.0    0  8.3 17 180   M    M   7        22 190
11  66  39  53  -5  12   0 0.00  0.0    0 14.0 32 350   M    M   4        39 350
12  71  37  54  -4  11   0 0.00  0.0    0 10.3 21 340   M    M   0        27 340
13  80  45  63   5   2   0 0.00  0.0    0 10.4 20 150   M    M   1        30 170
14  86  52  69  10   0   4 0.18  0.0    0  8.3 32 340   M    M   1 3      40 310
15  87  50  69  10   0   4    T  0.0    0  8.5 30 200   M    M   0 3      38 200
16  91  56  74  15   0   9 0.00  0.0    0 12.6 23 180   M    M   0        34 240
17  86  48  67   7   0   2 0.01  0.0    0 18.9 39 310   M    M   1 38     50 300
18  74  43  59  -1   6   0 0.00  0.0    0 12.7 37 340   M    M   1        51 350
19  64  36  50 -10  15   0 0.00  0.0    0 14.8 24  80   M    M   2        34  90
20  55  40  48 -13  17   0 0.36  0.0    0 19.7 29 110   M    M  10 1      42 110
21  44  35  40 -21  25   0 0.72  0.0    0 20.9 38 310   M    M   9 1      50 320
22  62  34  48 -13  17   0 0.00  0.0    0 13.2 28 320   M    M   2        39 310
23  51  42  47 -15  18   0 0.38  0.0    0  9.6 18  90   M    M  10 123    26  80
================================================================================
SM 1491  956       283  19  3.52     0.0 286.7          M      108
================================================================================
AV 64.8 41.6                              12.5 FASTST   M    M   5    MAX(MPH)
                                 MISC ---->  # 39 310               # 51  350
================================================================================
NOTES:
# LAST OF SEVERAL OCCURRENCES

COLUMN 17 PEAK WIND IN M.P.H.

PRELIMINARY LOCAL CLIMATOLOGICAL DATA (WS FORM: F-6) , PAGE 2

                                          STATION:  GOODLAND KS
                                          MONTH:    MAY
                                          YEAR:     2019
                                          LATITUDE:   39 22 N
                                          LONGITUDE: 101 42 W

[TEMPERATURE DATA]      [PRECIPITATION DATA]       SYMBOLS USED IN COLUMN 16

AVERAGE MONTHLY: 53.2   TOTAL FOR MONTH:   3.52    1 = FOG OR MIST
DPTR FM NORMAL:  -4.8   DPTR FM NORMAL:    1.48    2 = FOG REDUCING VISIBILITY
HIGHEST:    91 ON 16    GRTST 24HR  0.89 ON  6- 6      TO 1/4 MILE OR LESS
LOWEST:     32 ON  2                               3 = THUNDER
                        SNOW, ICE PELLETS, HAIL    4 = ICE PELLETS
                        TOTAL MONTH:   0.0 INCH    5 = HAIL
                        GRTST 24HR     0.0         6 = FREEZING RAIN OR DRIZZLE
                        GRTST DEPTH:   0           7 = DUSTSTORM OR SANDSTORM:
                                                       VSBY 1/2 MILE OR LESS
                                                   8 = SMOKE OR HAZE
[NO. OF DAYS WITH]      [WEATHER - DAYS WITH]      9 = BLOWING SNOW
                                                   X = TORNADO
MAX 32 OR BELOW:   0    0.01 INCH OR MORE:  13
MAX 90 OR ABOVE:   1    0.10 INCH OR MORE:   9
MIN 32 OR BELOW:   1    0.50 INCH OR MORE:   2
MIN  0 OR BELOW:   0    1.00 INCH OR MORE:   0

[HDD (BASE 65) ]
TOTAL THIS MO.   283    CLEAR  (SCALE 0-3)  11
DPTR FM NORMAL   103    PTCLDY (SCALE 4-7)   4
TOTAL FM JUL 1  6135    CLOUDY (SCALE 8-10)  8
DPTR FM NORMAL   300

[CDD (BASE 65) ]
TOTAL THIS MO.    19
DPTR FM NORMAL    -4    [PRESSURE DATA]
TOTAL FM JAN 1    22    HIGHEST SLP M ON M
DPTR FM NORMAL    -5    LOWEST  SLP 29.26 ON 17

[REMARKS]
