000
CXUS53 KGLD 240800
CF6GLD
PRELIMINARY LOCAL CLIMATOLOGICAL DATA (WS FORM: F-6)

                                          STATION:   GOODLAND KS
                                          MONTH:     MARCH
                                          YEAR:      2019
                                          LATITUDE:   39 22 N
                                          LONGITUDE: 101 42 W

  TEMPERATURE IN F:       :PCPN:    SNOW:  WIND      :SUNSHINE: SKY     :PK WND
================================================================================
1   2   3   4   5  6A  6B    7    8   9   10  11  12  13   14  15   16   17  18
                                     12Z  AVG MX 2MIN
DY MAX MIN AVG DEP HDD CDD  WTR  SNW DPTH SPD SPD DIR MIN PSBL S-S WX    SPD DR
================================================================================

 1  51  20  36   0  29   0 0.00  0.0    3 13.2 26  20   M    M   3        37  20
 2  24   6  15 -21  50   0 0.15  2.7    T 13.5 22  50   M    M   8 1      28  60
 3   7  -8   0 -37  65   0 0.04  1.3    4  9.4 20  40   M    M   7 18     25  40
 4  17 -10   4 -33  61   0 0.00  0.0    3 12.1 17 310   M    M   0        21 320
 5  32   3  18 -19  47   0 0.00  0.0    3 11.4 21 320   M    M   0        29 340
 6  34  14  24 -14  41   0 0.00  0.0    3 11.7 23 180   M    M   2        30 180
 7  36  21  29  -9  36   0    T  0.0    3  8.4 18 360   M    M   7 1      24  10
 8  45  22  34  -4  31   0 0.00  0.0    T 15.8 31 160   M    M   2 1      40 150
 9  46  23  35  -4  30   0 0.00  0.0    T 20.7 48 320   M    M   2 12     59 310
10  47  25  36  -3  29   0 0.00  0.0    0 12.3 25 160   M    M   4        33 160
11  46  23  35  -4  30   0 0.00  0.0    0 13.3 24 160   M    M   6 1      30 170
12  72  39  56  16   9   0 0.15  0.0    0 19.4 36 170   M    M   5 12     46 170
13  51  29  40   0  25   0 0.27  0.2    0 28.2 59 340   M    M  10 12     73 340
14  37  24  31  -9  34   0    T    T    T 31.1 52 340   M    M   5 18     69 320
15  50  21  36  -4  29   0 0.00  0.0    0  8.1 16 210   M    M   0        24 300
16  55  21  38  -3  27   0 0.00  0.0    0  5.3 12  10   M    M   0        17  10
17  61  23  42   1  23   0 0.00  0.0    0  8.9 20 360   M    M   0 18     26  10
18  51  22  37  -4  28   0 0.01  0.0    0 10.4 21 150   M    M   4        28 160
19  55  24  40  -2  25   0 0.00  0.0    0 14.0 30 340   M    M   4 1      39 350
20  63  24  44   2  21   0 0.00  0.0    0 13.7 25 320   M    M   0        34 340
21  67  25  46   4  19   0 0.00  0.0    0  8.8 17 190   M    M   0        22 200
22  57  32  45   3  20   0 0.26  0.0    0 18.2 32 170   M    M   8 1      42 130
23  47  37  42   0  23   0 0.15  0.0    0 11.2 22 120   M    M   8 1      26 310
================================================================================
SM 1051  460       732   0  1.03     4.2 319.1          M       85
================================================================================
AV 45.7 20.0                              13.9 FASTST   M    M   4    MAX(MPH)
                                 MISC ---->  # 59 340               # 73  340
================================================================================
NOTES:
# LAST OF SEVERAL OCCURRENCES

COLUMN 17 PEAK WIND IN M.P.H.

PRELIMINARY LOCAL CLIMATOLOGICAL DATA (WS FORM: F-6) , PAGE 2

                                          STATION:  GOODLAND KS
                                          MONTH:    MARCH
                                          YEAR:     2019
                                          LATITUDE:   39 22 N
                                          LONGITUDE: 101 42 W

[TEMPERATURE DATA]      [PRECIPITATION DATA]       SYMBOLS USED IN COLUMN 16

AVERAGE MONTHLY: 32.9   TOTAL FOR MONTH:   1.03    1 = FOG OR MIST
DPTR FM NORMAL:  -6.6   DPTR FM NORMAL:    0.29    2 = FOG REDUCING VISIBILITY
HIGHEST:    72 ON 12    GRTST 24HR  0.27 ON 13-13      TO 1/4 MILE OR LESS
LOWEST:    -10 ON  4                               3 = THUNDER
                        SNOW, ICE PELLETS, HAIL    4 = ICE PELLETS
                        TOTAL MONTH:   4.2 INCHES  5 = HAIL
                        GRTST 24HR   2.7 ON  2- 2  6 = FREEZING RAIN OR DRIZZLE
                        GRTST DEPTH:   4 ON  3     7 = DUSTSTORM OR SANDSTORM:
                                                       VSBY 1/2 MILE OR LESS
                                                   8 = SMOKE OR HAZE
[NO. OF DAYS WITH]      [WEATHER - DAYS WITH]      9 = BLOWING SNOW
                                                   X = TORNADO
MAX 32 OR BELOW:   4    0.01 INCH OR MORE:   7
MAX 90 OR ABOVE:   0    0.10 INCH OR MORE:   5
MIN 32 OR BELOW:  21    0.50 INCH OR MORE:   0
MIN  0 OR BELOW:   2    1.00 INCH OR MORE:   0

[HDD (BASE 65) ]
TOTAL THIS MO.   732    CLEAR  (SCALE 0-3)  11
DPTR FM NORMAL   144    PTCLDY (SCALE 4-7)   9
TOTAL FM JUL 1  5279    CLOUDY (SCALE 8-10)  3
DPTR FM NORMAL   274

[CDD (BASE 65) ]
TOTAL THIS MO.     0
DPTR FM NORMAL     0    [PRESSURE DATA]
TOTAL FM JAN 1     0    HIGHEST SLP M ON M
DPTR FM NORMAL     0    LOWEST  SLP 28.79 ON 13

[REMARKS]
