000
CXUS54 KFWD 220730
CF6GLE
PRELIMINARY LOCAL CLIMATOLOGICAL DATA (WS FORM: F-6)

                                          STATION:   GAINESVILLE
                                          MONTH:     MARCH
                                          YEAR:      2019
                                          LATITUDE:   33 39 N
                                          LONGITUDE:  97 12 W

  TEMPERATURE IN F:       :PCPN:    SNOW:  WIND      :SUNSHINE: SKY     :PK WND
================================================================================
1   2   3   4   5  6A  6B    7    8   9   10  11  12  13   14  15   16   17  18
                                     12Z  AVG MX 2MIN
DY MAX MIN AVG DEP HDD CDD  WTR  SNW DPTH SPD SPD DIR MIN PSBL S-S WX    SPD DR
================================================================================

 1  41  27  34 -15  31   0 0.00  0.0    0  1.1  9  30   M    M  10         M  M
 2  40  34  37 -13  28   0 0.00  0.0    0  5.9 12  30   M    M  10 1       M  M
 3  37  24  31 -19  34   0 0.00  0.0    0 14.6 23 350   M    M   9 1      28 360
 4  32  17  25 -25  40   0 0.00  0.0    0 11.1 17 320   M    M   4        24 320
 5  45  17  31 -19  34   0 0.00  0.0    0  5.7 15 310   M    M   0        23 310
 6  52  22  37 -14  28   0 0.00  0.0    0  6.3 17 150   M    M   0        24 170
 7  71  37  54   3  11   0 0.00  0.0    0 10.5 22 190   M    M   1 1      29 190
 8  67  51  59   8   6   0 0.00  0.0    0  3.5 14 180   M    M   0         M  M
 9  75  49  62  10   3   0 0.12  0.0    0 12.1 31 270   M    M   3        38 270
10  55  44  50  -2  15   0 0.29  0.0    0  9.2 15  10   M    M   4        18  20
11  56  44  50  -2  15   0 0.62  0.0    0  7.1 23 120   M    M   9        27 120
12  65  54  60   8   5   0 0.01  0.0    0 11.6 24 160   M    M  10 1      39 160
13  73  53  63  10   2   0 0.81  0.0    0 18.6 30 230   M    M   6 8      39 230
14  65  42  54   1  11   0 0.00  0.0    0 14.8 21 340   M    M   1 8      37 310
15  58  35  47  -6  18   0 0.00  0.0    0 10.6 18 360   M    M   0        25  10
16  60  31  46  -8  19   0 0.00  0.0    0  3.2 10  80   M    M   0         M  M
17  65  35  50  -4  15   0 0.00  0.0    0  1.1  6 190   M    M   0         M  M
18  68  35  52  -2  13   0 0.00  0.0    0  2.6  9 150   M    M   0         M  M
19  69  39  54   0  11   0 0.00  0.0    0  5.9 20 190   M    M   0        30 190
20  63  46  55   0  10   0 0.00  0.0    0  5.8 16 300   M    M   5        18  30
21  74  42  58   3   7   0 0.00  0.0    0  5.4 13 330   M    M   0        18 330
================================================================================
SM 1231  778       356   0  1.85     0.0 166.7          M       72
================================================================================
AV 58.6 37.1                               7.9 FASTST   M    M   3    MAX(MPH)
                                 MISC ---->  # 31 270               # 39  160
================================================================================
NOTES:
# LAST OF SEVERAL OCCURRENCES

COLUMN 17 PEAK WIND IN M.P.H.

PRELIMINARY LOCAL CLIMATOLOGICAL DATA (WS FORM: F-6) , PAGE 2

                                          STATION:  GAINESVILLE
                                          MONTH:    MARCH
                                          YEAR:     2019
                                          LATITUDE:   33 39 N
                                          LONGITUDE:  97 12 W

[TEMPERATURE DATA]      [PRECIPITATION DATA]       SYMBOLS USED IN COLUMN 16

AVERAGE MONTHLY: 47.8   TOTAL FOR MONTH:   1.85    1 = FOG OR MIST
DPTR FM NORMAL:  -4.3   DPTR FM NORMAL:   -0.61    2 = FOG REDUCING VISIBILITY
HIGHEST:    75 ON  9    GRTST 24HR  0.81 ON 13-13      TO 1/4 MILE OR LESS
LOWEST:     17 ON  5, 4                            3 = THUNDER
                        SNOW, ICE PELLETS, HAIL    4 = ICE PELLETS
                        TOTAL MONTH:   0.0 INCH    5 = HAIL
                        GRTST 24HR     0.0         6 = FREEZING RAIN OR DRIZZLE
                        GRTST DEPTH:   0           7 = DUSTSTORM OR SANDSTORM:
                                                       VSBY 1/2 MILE OR LESS
                                                   8 = SMOKE OR HAZE
[NO. OF DAYS WITH]      [WEATHER - DAYS WITH]      9 = BLOWING SNOW
                                                   X = TORNADO
MAX 32 OR BELOW:   1    0.01 INCH OR MORE:   5
MAX 90 OR ABOVE:   0    0.10 INCH OR MORE:   4
MIN 32 OR BELOW:   6    0.50 INCH OR MORE:   2
MIN  0 OR BELOW:   0    1.00 INCH OR MORE:   0

[HDD (BASE 65) ]
TOTAL THIS MO.   356    CLEAR  (SCALE 0-3)  12
DPTR FM NORMAL    80    PTCLDY (SCALE 4-7)   4
TOTAL FM JUL 1  2825    CLOUDY (SCALE 8-10)  5
DPTR FM NORMAL   176

[CDD (BASE 65) ]
TOTAL THIS MO.     0
DPTR FM NORMAL     0    [PRESSURE DATA]
TOTAL FM JAN 1     3    HIGHEST SLP M ON M
DPTR FM NORMAL     1    LOWEST  SLP M ON M

[REMARKS]
