657
CXUS54 KJAN 201414
CF6GLH
PRELIMINARY LOCAL CLIMATOLOGICAL DATA (WS FORM: F-6)

                                          STATION:   GREENVILLE
                                          MONTH:     MAY
                                          YEAR:      2019
                                          LATITUDE:   33 29 N
                                          LONGITUDE:  90 59 W

  TEMPERATURE IN F:       :PCPN:    SNOW:  WIND      :SUNSHINE: SKY     :PK WND
================================================================================
1   2   3   4   5  6A  6B    7    8   9   10  11  12  13   14  15   16   17  18
                                     12Z  AVG MX 2MIN
DY MAX MIN AVG DEP HDD CDD  WTR  SNW DPTH SPD SPD DIR MIN PSBL S-S WX    SPD DR
================================================================================

 1  81  64  73   5   0   8 0.52  0.0    0 10.8 30 360   M    M   2 13     37 330
 2  81  66  74   5   0   9 0.00  0.0    0 10.7 26 170   M    M   2        33 170
 3  74  64  69   0   0   4 0.37  0.0    0  4.9 14 220   M    M   7 1      16 220
 4  68  61  65  -4   0   0 1.57  0.0    0  9.2 20 350   M    M   8 1      25  10
 5  76  57  67  -2   0   2 0.00  0.0    0  4.5 14 360   M    M   1 1      17  10
 6  81  57  69  -1   0   4 0.00  0.0    0  3.2 10 150   M    M   0        17 160
 7  87  62  75   5   0  10 0.00  0.0    0  4.7 14 140   M    M   0        19 150
 8  82  67  75   5   0  10 0.67  0.0    0 13.0 26 200   M    M   4 13     33 270
 9  74  65  70  -1   0   5 5.80  0.0    0  8.4 24  40   M    M   6 13     29 320
10  69  61  65  -6   0   0 0.32  0.0    0 10.5 20  30   M    M   9 12     24  30
11  71  60  66  -5   0   1 1.49  0.0    0  5.2 15 320   M    M  10 123    18 330
12  70  60  65  -6   0   0 0.01  0.0    0  4.3 15 310   M    M   8 1      18 320
13  78  57  68  -4   0   3 0.00  0.0    0  4.9 13 330   M    M   1 1      17 330
14  81  58  70  -2   0   5 0.00  0.0    0  3.9 10 130   M    M   1        13 130
15  87  63  75   3   0  10 0.00  0.0    0  7.4 13 240   M    M   0        16 270
16  89  65  77   5   0  12 0.00  0.0    0  7.5 15 250   M    M   0        19 220
17  91  66  79   6   0  14 0.00  0.0    0  9.9 23 180   M    M   0        27 180
18  88  65  77   4   0  12 1.35  0.0    0 12.5 29 320   M    M   3 13     35 330
19  85  66  76   3   0  11 0.88  0.0    0 11.9 31 220   M    M   5 13     39 230
================================================================================
SM 1513 1184         0 120 12.98     0.0 147.4          M       67
================================================================================
AV 79.6 62.3                               7.8 FASTST   M    M   4    MAX(MPH)
                                 MISC ---->  # 31 220               # 39  230
================================================================================
NOTES:
# LAST OF SEVERAL OCCURRENCES

COLUMN 17 PEAK WIND IN M.P.H.

PRELIMINARY LOCAL CLIMATOLOGICAL DATA (WS FORM: F-6) , PAGE 2

                                          STATION:  GREENVILLE
                                          MONTH:    MAY
                                          YEAR:     2019
                                          LATITUDE:   33 29 N
                                          LONGITUDE:  90 59 W

[TEMPERATURE DATA]      [PRECIPITATION DATA]       SYMBOLS USED IN COLUMN 16

AVERAGE MONTHLY: 71.0   TOTAL FOR MONTH:  12.98    1 = FOG OR MIST
DPTR FM NORMAL:   0.2   DPTR FM NORMAL:    9.66    2 = FOG REDUCING VISIBILITY
HIGHEST:    91 ON 17    GRTST 24HR  5.80 ON  9- 9      TO 1/4 MILE OR LESS
LOWEST:     57 ON 13, 6                            3 = THUNDER
                        SNOW, ICE PELLETS, HAIL    4 = ICE PELLETS
                        TOTAL MONTH:   0.0 INCH    5 = HAIL
                        GRTST 24HR     0.0         6 = FREEZING RAIN OR DRIZZLE
                        GRTST DEPTH:   0           7 = DUSTSTORM OR SANDSTORM:
                                                       VSBY 1/2 MILE OR LESS
                                                   8 = SMOKE OR HAZE
[NO. OF DAYS WITH]      [WEATHER - DAYS WITH]      9 = BLOWING SNOW
                                                   X = TORNADO
MAX 32 OR BELOW:   0    0.01 INCH OR MORE:  10
MAX 90 OR ABOVE:   1    0.10 INCH OR MORE:   9
MIN 32 OR BELOW:   0    0.50 INCH OR MORE:   7
MIN  0 OR BELOW:   0    1.00 INCH OR MORE:   4

[HDD (BASE 65) ]
TOTAL THIS MO.     0    CLEAR  (SCALE 0-3)  11
DPTR FM NORMAL   -10    PTCLDY (SCALE 4-7)   6
TOTAL FM JUL 1  2617    CLOUDY (SCALE 8-10)  2
DPTR FM NORMAL  -154

[CDD (BASE 65) ]
TOTAL THIS MO.   120
DPTR FM NORMAL    -1    [PRESSURE DATA]
TOTAL FM JAN 1   201    HIGHEST SLP M ON M
DPTR FM NORMAL    -6    LOWEST  SLP 29.70 ON  4

[REMARKS]
