000
CXUS54 KJAN 201414
CF6GLH
PRELIMINARY LOCAL CLIMATOLOGICAL DATA (WS FORM: F-6)

                                          STATION:   GREENVILLE
                                          MONTH:     MARCH
                                          YEAR:      2019
                                          LATITUDE:   33 29 N
                                          LONGITUDE:  90 59 W

  TEMPERATURE IN F:       :PCPN:    SNOW:  WIND      :SUNSHINE: SKY     :PK WND
================================================================================
1   2   3   4   5  6A  6B    7    8   9   10  11  12  13   14  15   16   17  18
                                     12Z  AVG MX 2MIN
DY MAX MIN AVG DEP HDD CDD  WTR  SNW DPTH SPD SPD DIR MIN PSBL S-S WX    SPD DR
================================================================================

 1  49  40  45  -6  20   0 0.00  0.0    0  7.7 15  20   M    M  10        17  20
 2  53  43  48  -3  17   0 0.00  0.0    0 10.8 18  10   M    M  10        21  10
 3  45  35  40 -11  25   0 0.90  0.0    0 16.4 26 350   M    M  10 3      32 360
 4  35  27  31 -21  34   0 0.00  0.0    0 14.9 24 360   M    M   7        28 360
 5  42  26  34 -18  31   0 0.00  0.0    0  6.1 20 340   M    M   2        23 340
 6  46  27  37 -15  28   0 0.00  0.0    0  4.7 12  50   M    M   0        15  50
 7  54  31  43  -9  22   0    T  0.0    0  9.3 20 170   M    M   9 1      24 180
 8  70  52  61   8   4   0 0.01  0.0    0 13.2 25 190   M    M   9 1      32 190
 9  72  54  63  10   2   0 0.60  0.0    0 15.0 36 190   M    M   8 138    46 270
10  66  46  56   3   9   0 0.00  0.0    0  8.9 16  30   M    M   3 12     20  30
11  64  49  57   3   8   0 0.29  0.0    0 10.6 26  40   M    M   5 1      34  50
12  67  53  60   6   5   0 0.00  0.0    0  8.3 16 150   M    M   1        19 150
13  76  59  68  14   0   3    T  0.0    0 16.9 35 170   M    M   6 13     48 160
14  74  56  65  11   0   0 0.50  0.0    0 16.2 31 180   M    M   4 13     40 170
15  59  44  52  -3  13   0 0.00  0.0    0 10.4 20 340   M    M   0        25 320
16  58  42  50  -5  15   0 0.00  0.0    0  9.1 16  20   M    M   0        21  20
17  65  36  51  -4  14   0 0.00  0.0    0  4.4 10 340   M    M   0        14  10
18  64  41  53  -2  12   0 0.00  0.0    0  8.4 18  40   M    M   0        25  30
19  64  39  52  -4  13   0 0.00  0.0    0  7.5 18 120   M    M   0        20 130
================================================================================
SM 1123  800       272   3  2.30     0.0 198.8          M       84
================================================================================
AV 59.1 42.1                              10.5 FASTST   M    M   4    MAX(MPH)
                                 MISC ---->  # 36 190               # 48  160
================================================================================
NOTES:
# LAST OF SEVERAL OCCURRENCES

COLUMN 17 PEAK WIND IN M.P.H.

PRELIMINARY LOCAL CLIMATOLOGICAL DATA (WS FORM: F-6) , PAGE 2

                                          STATION:  GREENVILLE
                                          MONTH:    MARCH
                                          YEAR:     2019
                                          LATITUDE:   33 29 N
                                          LONGITUDE:  90 59 W

[TEMPERATURE DATA]      [PRECIPITATION DATA]       SYMBOLS USED IN COLUMN 16

AVERAGE MONTHLY: 50.6   TOTAL FOR MONTH:   2.30    1 = FOG OR MIST
DPTR FM NORMAL:  -2.7   DPTR FM NORMAL:   -0.19    2 = FOG REDUCING VISIBILITY
HIGHEST:    76 ON 13    GRTST 24HR  0.90 ON  3- 3      TO 1/4 MILE OR LESS
LOWEST:     26 ON  5                               3 = THUNDER
                        SNOW, ICE PELLETS, HAIL    4 = ICE PELLETS
                        TOTAL MONTH:   0.0 INCH    5 = HAIL
                        GRTST 24HR     0.0         6 = FREEZING RAIN OR DRIZZLE
                        GRTST DEPTH:   0           7 = DUSTSTORM OR SANDSTORM:
                                                       VSBY 1/2 MILE OR LESS
                                                   8 = SMOKE OR HAZE
[NO. OF DAYS WITH]      [WEATHER - DAYS WITH]      9 = BLOWING SNOW
                                                   X = TORNADO
MAX 32 OR BELOW:   0    0.01 INCH OR MORE:   5
MAX 90 OR ABOVE:   0    0.10 INCH OR MORE:   4
MIN 32 OR BELOW:   4    0.50 INCH OR MORE:   3
MIN  0 OR BELOW:   0    1.00 INCH OR MORE:   0

[HDD (BASE 65) ]
TOTAL THIS MO.   272    CLEAR  (SCALE 0-3)   9
DPTR FM NORMAL    40    PTCLDY (SCALE 4-7)   4
TOTAL FM JUL 1  2423    CLOUDY (SCALE 8-10)  6
DPTR FM NORMAL  -118

[CDD (BASE 65) ]
TOTAL THIS MO.     3
DPTR FM NORMAL    -2    [PRESSURE DATA]
TOTAL FM JAN 1    14    HIGHEST SLP M ON M
DPTR FM NORMAL     4    LOWEST  SLP 29.77 ON M

[REMARKS]
