000
CXUS53 KAPX 210631
CF6GLR
PRELIMINARY LOCAL CLIMATOLOGICAL DATA (WS FORM: F-6)

                                          STATION:   GAYLORD
                                          MONTH:     MAY
                                          YEAR:      2019
                                          LATITUDE:   45  0 N
                                          LONGITUDE:  84 42 W

  TEMPERATURE IN F:       :PCPN:    SNOW:  WIND      :SUNSHINE: SKY     :PK WND
================================================================================
1   2   3   4   5  6A  6B    7    8   9   10  11  12  13   14  15   16   17  18
                                     12Z  AVG MX 2MIN
DY MAX MIN AVG DEP HDD CDD  WTR  SNW DPTH SPD SPD DIR MIN PSBL S-S WX    SPD DR
================================================================================

 1  40  33  37 -11  28   0 0.52    M    M  9.7 20  50   M    M  10 1      30  50
 2  46  32  39  -9  26   0 0.02    M    M  5.2 12 150   M    M  10 12     15 150
 3  52  33  43  -6  22   0 0.00    M    M  4.7 13  50   M    M   7 12     16  40
 4  63  28  46  -3  19   0 0.00    M    M  2.9 12 280   M    M   0        17 290
 5  70  39  55   6  10   0 0.00    M    M  7.4 18 240   M    M   1 8      27 280
 6  49  35  42  -8  23   0 0.10    M    M  4.6 13  40   M    M   8 1      18  20
 7  55  33  44  -6  21   0 0.00    M    M  4.1 10  40   M    M   1        16  50
 8  55  28  42  -8  23   0 0.02    M    M  8.8 23 130   M    M   4        34 130
 9  61  37  49  -2  16   0 1.32    M    M 11.2 25 250   M    M  10 1      33 250
10  45  30  38 -13  27   0 0.02    T    M  7.4 17 280   M    M   7 1      28 280
11  53  27  40 -11  25   0 0.00    M    M  3.1 10 170   M    M   2        15 180
12  52  39  46  -6  19   0 0.00    M    M  5.2 14  50   M    M  10        19  70
13  59  36  48  -4  17   0 0.00    M    M  5.9 18  40   M    M   7        27  40
14  67  33  50  -2  15   0 0.00    M    M  4.9 16 260   M    M   0        24 270
15  65  41  53   1  12   0    T    M    M  5.7 14 310   M    M   2        25 300
16  72  36  54   1  11   0    T    M    M  9.3 28 240   M    M   6        36 230
17  56  40  48  -5  17   0 0.00    M    M  5.6 12 300   M    M   3        17 330
18  47  38  43 -11  22   0 0.09    M    M  7.3 15  60   M    M  10 1      24 130
19  53  40  47  -7  18   0 0.51    M    M  8.6 22 240   M    M  10 12     32 240
20  51  39  45  -9  20   0 0.01    M    M  8.1 23 250   M    M   8 1      31 230
================================================================================
SM 1111  697       391   0  2.61    T    129.7          M      116
================================================================================
AV 55.6 34.9                               6.5 FASTST   M    M   6    MAX(MPH)
                                 MISC ---->  # 28 240               # 36  230
================================================================================
NOTES:
# LAST OF SEVERAL OCCURRENCES

COLUMN 17 PEAK WIND IN M.P.H.

PRELIMINARY LOCAL CLIMATOLOGICAL DATA (WS FORM: F-6) , PAGE 2

                                          STATION:  GAYLORD
                                          MONTH:    MAY
                                          YEAR:     2019
                                          LATITUDE:   45  0 N
                                          LONGITUDE:  84 42 W

[TEMPERATURE DATA]      [PRECIPITATION DATA]       SYMBOLS USED IN COLUMN 16

AVERAGE MONTHLY: 45.2   TOTAL FOR MONTH:   2.61    1 = FOG OR MIST
DPTR FM NORMAL:  -5.9   DPTR FM NORMAL:    0.75    2 = FOG REDUCING VISIBILITY
HIGHEST:    72 ON 16    GRTST 24HR  1.32 ON  9- 9      TO 1/4 MILE OR LESS
LOWEST:     27 ON 11                               3 = THUNDER
                        SNOW, ICE PELLETS, HAIL    4 = ICE PELLETS
                        TOTAL MONTH:    T          5 = HAIL
                        GRTST 24HR    T  ON 10-10  6 = FREEZING RAIN OR DRIZZLE
                        GRTST DEPTH:  M  ON   M    7 = DUSTSTORM OR SANDSTORM:
                                                       VSBY 1/2 MILE OR LESS
                                                   8 = SMOKE OR HAZE
[NO. OF DAYS WITH]      [WEATHER - DAYS WITH]      9 = BLOWING SNOW
                                                   X = TORNADO
MAX 32 OR BELOW:   0    0.01 INCH OR MORE:   9
MAX 90 OR ABOVE:   0    0.10 INCH OR MORE:   4
MIN 32 OR BELOW:   5    0.50 INCH OR MORE:   3
MIN  0 OR BELOW:   0    1.00 INCH OR MORE:   1

[HDD (BASE 65) ]
TOTAL THIS MO.   391    CLEAR  (SCALE 0-3)   6
DPTR FM NORMAL   107    PTCLDY (SCALE 4-7)   6
TOTAL FM JUL 1  8655    CLOUDY (SCALE 8-10)  8
DPTR FM NORMAL   445

[CDD (BASE 65) ]
TOTAL THIS MO.     0
DPTR FM NORMAL    -2    [PRESSURE DATA]
TOTAL FM JAN 1     0    HIGHEST SLP M ON M
DPTR FM NORMAL    -3    LOWEST  SLP 29.57 ON M

[REMARKS]
