000
CXUS54 KHGX 241515
CF6GLS
PRELIMINARY LOCAL CLIMATOLOGICAL DATA (WS FORM: F-6)

                                          STATION:   GALVESTON
                                          MONTH:     MAY
                                          YEAR:      2019
                                          LATITUDE:   29 16 N
                                          LONGITUDE:  94 52 W

  TEMPERATURE IN F:       :PCPN:    SNOW:  WIND      :SUNSHINE: SKY     :PK WND
================================================================================
1   2   3   4   5  6A  6B    7    8   9   10  11  12  13   14  15   16   17  18
                                     12Z  AVG MX 2MIN
DY MAX MIN AVG DEP HDD CDD  WTR  SNW DPTH SPD SPD DIR MIN PSBL S-S WX    SPD DR
================================================================================

 1  82  75  79   5   0  14 0.00  0.0    0 17.9 26 130   M    M  10 18     34 140
 2  83  74  79   5   0  14    T  0.0    0 13.6 24 160   M    M   8 8      29 160
 3  79  74  77   3   0  12    T  0.0    0 11.9 17 130   M    M   7        21 110
 4  81  66  74  -1   0   9 0.87  0.0    0  6.9 23 280   M    M   4 13     28 280
 5  80  72  76   1   0  11 0.00  0.0    0  9.2 15 120   M    M   1        19 120
 6  81  72  77   2   0  12 0.00  0.0    0 12.0 22 130   M    M   1        27 130
 7  81  71  76   0   0  11 0.28  0.0    0 14.5 24 150   M    M   8 138    30 150
 8  80  72  76   0   0  11 0.02  0.0    0 16.5 24 150   M    M   9 18     29 160
 9  84  68  76   0   0  11 2.77  0.0    0 14.3 36  30   M    M   7 1238   44 350
10  77  67  72  -4   0   7 1.78  0.0    0 12.1 35  40   M    M   6 13     40  40
11  77  71  74  -2   0   9 0.98  0.0    0  7.2 17 320   M    M   9 13     23 280
12  77  68  73  -4   0   8 0.00  0.0    0 11.6 22 340   M    M   5 1      24 340
13  79  67  73  -4   0   8 0.00  0.0    0 10.0 16 110   M    M   0        21  70
14  82  71  77   0   0  12 0.00  0.0    0 11.0 17 110   M    M   1 8      23 120
15  81  72  77  -1   0  12 0.00  0.0    0 10.7 16  90   M    M   0        21 110
16  81  72  77  -1   0  12 0.00  0.0    0 11.0 17 130   M    M   2        20 130
17  83  74  79   1   0  14 0.00  0.0    0 14.5 22 130   M    M   7        28 130
18  84  77  81   3   0  16 0.00  0.0    0 18.2 24 150   M    M  10 18     29 140
19  85  79  82   4   0  17    T  0.0    0 13.9 20 130   M    M   9 18     25 130
20  85  78  82   3   0  17 0.00  0.0    0 19.4 30 160   M    M  10 1      37 150
21  85  78  82   3   0  17 0.00  0.0    0 21.6 35 150   M    M   9 18     41 150
22  85  78  82   3   0  17 0.00  0.0    0 21.4 29 150   M    M   9 18     34 140
23  85  79  82   3   0  17 0.00  0.0    0 18.8 28 150   M    M  10 8      33 150
================================================================================
SM 1877 1675         0 288  6.70     0.0 318.2          M      142
================================================================================
AV 81.6 72.8                              13.8 FASTST   M    M   6    MAX(MPH)
                                 MISC ---->  # 36  30               # 44  350
================================================================================
NOTES:
# LAST OF SEVERAL OCCURRENCES

COLUMN 17 PEAK WIND IN M.P.H.

PRELIMINARY LOCAL CLIMATOLOGICAL DATA (WS FORM: F-6) , PAGE 2

                                          STATION:  GALVESTON
                                          MONTH:    MAY
                                          YEAR:     2019
                                          LATITUDE:   29 16 N
                                          LONGITUDE:  94 52 W

[TEMPERATURE DATA]      [PRECIPITATION DATA]       SYMBOLS USED IN COLUMN 16

AVERAGE MONTHLY: 77.2   TOTAL FOR MONTH:   6.70    1 = FOG OR MIST
DPTR FM NORMAL:   0.5   DPTR FM NORMAL:    4.04    2 = FOG REDUCING VISIBILITY
HIGHEST:    85 ON 23,22 GRTST 24HR  2.77 ON  9- 9      TO 1/4 MILE OR LESS
LOWEST:     66 ON  4                               3 = THUNDER
                        SNOW, ICE PELLETS, HAIL    4 = ICE PELLETS
                        TOTAL MONTH:   0.0 INCH    5 = HAIL
                        GRTST 24HR     0.0         6 = FREEZING RAIN OR DRIZZLE
                        GRTST DEPTH:   0           7 = DUSTSTORM OR SANDSTORM:
                                                       VSBY 1/2 MILE OR LESS
                                                   8 = SMOKE OR HAZE
[NO. OF DAYS WITH]      [WEATHER - DAYS WITH]      9 = BLOWING SNOW
                                                   X = TORNADO
MAX 32 OR BELOW:   0    0.01 INCH OR MORE:   6
MAX 90 OR ABOVE:   0    0.10 INCH OR MORE:   5
MIN 32 OR BELOW:   0    0.50 INCH OR MORE:   4
MIN  0 OR BELOW:   0    1.00 INCH OR MORE:   2

[HDD (BASE 65) ]
TOTAL THIS MO.     0    CLEAR  (SCALE 0-3)   6
DPTR FM NORMAL     0    PTCLDY (SCALE 4-7)   8
TOTAL FM JUL 1   973    CLOUDY (SCALE 8-10)  9
DPTR FM NORMAL   -36

[CDD (BASE 65) ]
TOTAL THIS MO.   288
DPTR FM NORMAL    17    [PRESSURE DATA]
TOTAL FM JAN 1   552    HIGHEST SLP M ON M
DPTR FM NORMAL    38    LOWEST  SLP 29.64 ON 21

[REMARKS]
