000
CXUS54 KMAF 261100
CF6GNC
PRELIMINARY LOCAL CLIMATOLOGICAL DATA (WS FORM: F-6)

                                          STATION:   Gaines County Airport
                                          MONTH:     MARCH
                                          YEAR:      2019
                                          LATITUDE:   32 40 N
                                          LONGITUDE: 102 39 W

  TEMPERATURE IN F:       :PCPN:    SNOW:  WIND      :SUNSHINE: SKY     :PK WND
================================================================================
1   2   3   4   5  6A  6B    7    8   9   10  11  12  13   14  15   16   17  18
                                     12Z  AVG MX 2MIN
DY MAX MIN AVG DEP HDD CDD  WTR  SNW DPTH SPD SPD DIR MIN PSBL S-S WX    SPD DR
================================================================================

 1  78  31  55   M  10   0 0.00  0.0    0  3.7  9 200   M    M   0        17 230
 2  57  36  47   M  18   0 0.00  0.0    0  9.4 21  50   M    M   8 12     28  50
 3  36  25  31   M  34   0 0.00  0.0    0 12.4 17  50   M    M  10 1      22  60
 4  32  18  25   M  40   0 0.00  0.0    0  8.3 14  50   M    M   7        17  60
 5  45  15  30   M  35   0 0.00  0.0    0  3.5  7 110   M    M   0         M  M
 6  62  23  43   M  22   0 0.03    M    0  8.6 15 170   M    M   0        18 170
 7  69  34  52   M  13   0 0.00  0.0    0  8.6 16 220   M    M   0        22 220
 8  78  49  64   M   1   0 0.00  0.0    0 12.8 32 260   M    M   1 8      45 260
 9  69  41  55   M  10   0 0.00  0.0    0 14.0 32 260   M    M   0        41 260
10  52  41  47   M  18   0 0.00  0.0    0  8.2 20  70   M    M   2        18  40
11  48  40  44   M  21   0 0.11    M    0  7.6 12 110   M    M   9 12      M  M
12  64  47  56   M   9   0 0.60    M    0 12.6 31 280   M    M  10 12     39 280
13  63  42  53   M  12   0 0.01    M    0 28.3 45 250   M    M   1 8      56 240
14  56  32  44   M  21   0 0.00  0.0    0 10.1 21 270   M    M   0        29 270
15  51  29  40   M  25   0 0.00  0.0    0  7.9 14  60   M    M   0        21  60
16  54  34  44   M  21   0 0.00  0.0    0  4.5 12 150   M    M   1        16 150
17  61  39  50   M  15   0 0.00  0.0    0  3.7  9 180   M    M   0        16 170
18  62  34  48   M  17   0 0.00  0.0    0  3.8 12 110   M    M   0         M  M
19  67  34  51   M  14   0 0.00  0.0    0  6.1 13 160   M    M   0        18 190
20  60  39  50   M  15   0 0.00  0.0    0  7.1 17  60   M    M   3        24  60
21  66  37  52   M  13   0 0.00  0.0    0  4.7 10 140   M    M   2        16 150
22  67  48  58   M   7   0 0.00  0.0    0 10.6 21 170   M    M   3        30 170
23  73  43  58   M   7   0 0.00  0.0    0  8.9 17 260   M    M   2 12     24 250
24  79  41  60   M   5   0 0.00  0.0    0  7.4 18 290   M    M   0        25 290
25  73  40  57   M   8   0 0.00  0.0    0  6.7 13 100   M    M   0        16 100
================================================================================
SM 1522  892       411   0  0.75     0.0 219.5          M       59
================================================================================
AV 60.9 35.7                               8.8 FASTST   M    M   2    MAX(MPH)
                                 MISC ---->  # 45 250               # 56  240
================================================================================
NOTES:
# LAST OF SEVERAL OCCURRENCES

COLUMN 17 PEAK WIND IN M.P.H.

PRELIMINARY LOCAL CLIMATOLOGICAL DATA (WS FORM: F-6) , PAGE 2

                                          STATION:  Gaines County Airport
                                          MONTH:    MARCH
                                          YEAR:     2019
                                          LATITUDE:   32 40 N
                                          LONGITUDE: 102 39 W

[TEMPERATURE DATA]      [PRECIPITATION DATA]       SYMBOLS USED IN COLUMN 16

AVERAGE MONTHLY: 48.3   TOTAL FOR MONTH:   0.75    1 = FOG OR MIST
DPTR FM NORMAL:     M   DPTR FM NORMAL:       M    2 = FOG REDUCING VISIBILITY
HIGHEST:    79 ON 24    GRTST 24HR  0.60 ON 12-12      TO 1/4 MILE OR LESS
LOWEST:     15 ON  5                               3 = THUNDER
                        SNOW, ICE PELLETS, HAIL    4 = ICE PELLETS
                        TOTAL MONTH:   0.0 INCH    5 = HAIL
                        GRTST 24HR     0.0         6 = FREEZING RAIN OR DRIZZLE
                        GRTST DEPTH:   0           7 = DUSTSTORM OR SANDSTORM:
                                                       VSBY 1/2 MILE OR LESS
                                                   8 = SMOKE OR HAZE
[NO. OF DAYS WITH]      [WEATHER - DAYS WITH]      9 = BLOWING SNOW
                                                   X = TORNADO
MAX 32 OR BELOW:   1    0.01 INCH OR MORE:   4
MAX 90 OR ABOVE:   0    0.10 INCH OR MORE:   2
MIN 32 OR BELOW:   7    0.50 INCH OR MORE:   1
MIN  0 OR BELOW:   0    1.00 INCH OR MORE:   0

[HDD (BASE 65) ]
TOTAL THIS MO.   411    CLEAR  (SCALE 0-3)  20
DPTR FM NORMAL     M    PTCLDY (SCALE 4-7)   1
TOTAL FM JUL 1  2945    CLOUDY (SCALE 8-10)  4
DPTR FM NORMAL     M

[CDD (BASE 65) ]
TOTAL THIS MO.     0
DPTR FM NORMAL     M    [PRESSURE DATA]
TOTAL FM JAN 1     0    HIGHEST SLP M ON M
DPTR FM NORMAL     M    LOWEST  SLP M ON M

[REMARKS]
