000
CXUS54 KFWD 190730
CF6GOP
PRELIMINARY LOCAL CLIMATOLOGICAL DATA (WS FORM: F-6)

                                          STATION:   GATESVILLE
                                          MONTH:     MAY
                                          YEAR:      2019
                                          LATITUDE:   31 25 N
                                          LONGITUDE:  97 48 W

  TEMPERATURE IN F:       :PCPN:    SNOW:  WIND      :SUNSHINE: SKY     :PK WND
================================================================================
1   2   3   4   5  6A  6B    7    8   9   10  11  12  13   14  15   16   17  18
                                     12Z  AVG MX 2MIN
DY MAX MIN AVG DEP HDD CDD  WTR  SNW DPTH SPD SPD DIR MIN PSBL S-S WX    SPD DR
================================================================================

 1  81  72  77   9   0  12 0.00  0.0    0  7.9 15 140   M    M   4 13     22 140
 2  75  59  67  -2   0   2 0.74  0.0    0  6.2 16  10   M    M   5 3      24  10
 3  79  61  70   1   0   5 1.39  0.0    0  5.8 14 360   M    M   4 3      21 360
 4  77  57  67  -2   0   2 0.00  0.0    0  4.3 12 300   M    M   3        21 300
 5  81  57  69   0   0   4 0.00  0.0    0  3.0  9 160   M    M   2        15 160
 6  79  64  72   2   0   7 0.00  0.0    0  5.4 12 150   M    M   1        17 150
 7  84  64  74   4   0   9 0.00  0.0    0  5.8 12 120   M    M   5 1      21 120
 8  72  63  68  -2   0   3 1.08  0.0    0  4.7 10 130   M    M   5 13     16 150
 9  82  57  70   0   0   5 0.00  0.0    0  9.1 16 360   M    M   6 1      27 360
10  63  50  57 -14   8   0 0.01  0.0    0  8.7 16 350   M    M   9 1      23 350
11  66  54  60 -11   5   0 0.08  0.0    0  5.0 13 320   M    M   9 13      M  M
12  73  52  63  -8   2   0 0.00  0.0    0  2.5  9 350   M    M   1        15 350
13  81  54  68  -3   0   3 0.00  0.0    0  1.6  8 140   M    M   0        12  99
14  79  59  69  -3   0   4 0.01  0.0    0  2.7 13 230   M    M   1 3       M  M
15  84  61  73   1   0   8 0.00  0.0    0  3.8 10 200   M    M   1 1       M  M
16  84  63  74   2   0   9 0.00  0.0    0  4.5 10 140   M    M   0        16  99
17  88  70  79   7   0  14 0.00  0.0    0 11.2 16 140   M    M   4        21 160
18  84  73  79   7   0  14 0.12  0.0    0  9.7 18 160   M    M   4 13     21 150
================================================================================
SM 1412 1090        15 101  3.43     0.0 101.9          M       64
================================================================================
AV 78.4 60.6                               5.7 FASTST   M    M   4    MAX(MPH)
                                 MISC ---->  # 18 160               # 27  360
================================================================================
NOTES:
# LAST OF SEVERAL OCCURRENCES

COLUMN 17 PEAK WIND IN M.P.H.

PRELIMINARY LOCAL CLIMATOLOGICAL DATA (WS FORM: F-6) , PAGE 2

                                          STATION:  GATESVILLE
                                          MONTH:    MAY
                                          YEAR:     2019
                                          LATITUDE:   31 25 N
                                          LONGITUDE:  97 48 W

[TEMPERATURE DATA]      [PRECIPITATION DATA]       SYMBOLS USED IN COLUMN 16

AVERAGE MONTHLY: 69.5   TOTAL FOR MONTH:   3.43    1 = FOG OR MIST
DPTR FM NORMAL:  -0.9   DPTR FM NORMAL:       M    2 = FOG REDUCING VISIBILITY
HIGHEST:    88 ON 17    GRTST 24HR  1.39 ON  3- 3      TO 1/4 MILE OR LESS
LOWEST:     50 ON 10                               3 = THUNDER
                        SNOW, ICE PELLETS, HAIL    4 = ICE PELLETS
                        TOTAL MONTH:   0.0 INCH    5 = HAIL
                        GRTST 24HR     0.0         6 = FREEZING RAIN OR DRIZZLE
                        GRTST DEPTH:   0           7 = DUSTSTORM OR SANDSTORM:
                                                       VSBY 1/2 MILE OR LESS
                                                   8 = SMOKE OR HAZE
[NO. OF DAYS WITH]      [WEATHER - DAYS WITH]      9 = BLOWING SNOW
                                                   X = TORNADO
MAX 32 OR BELOW:   0    0.01 INCH OR MORE:   7
MAX 90 OR ABOVE:   0    0.10 INCH OR MORE:   4
MIN 32 OR BELOW:   0    0.50 INCH OR MORE:   3
MIN  0 OR BELOW:   0    1.00 INCH OR MORE:   2

[HDD (BASE 65) ]
TOTAL THIS MO.    15    CLEAR  (SCALE 0-3)   8
DPTR FM NORMAL     5    PTCLDY (SCALE 4-7)   8
TOTAL FM JUL 1  2256    CLOUDY (SCALE 8-10)  2
DPTR FM NORMAL  -198

[CDD (BASE 65) ]
TOTAL THIS MO.   101
DPTR FM NORMAL   -10    [PRESSURE DATA]
TOTAL FM JAN 1   243    HIGHEST SLP M ON M
DPTR FM NORMAL    30    LOWEST  SLP M ON M

[REMARKS]
