000
CXUS55 KMSO 240900
CF6GPI
PRELIMINARY LOCAL CLIMATOLOGICAL DATA (WS FORM: F-6)

                                          STATION:   KALISPELL MT
                                          MONTH:     MARCH
                                          YEAR:      2019
                                          LATITUDE:   48 17 N
                                          LONGITUDE: 114 16 W

  TEMPERATURE IN F:       :PCPN:    SNOW:  WIND      :SUNSHINE: SKY     :PK WND
================================================================================
1   2   3   4   5  6A  6B    7    8   9   10  11  12  13   14  15   16   17  18
                                     12Z  AVG MX 2MIN
DY MAX MIN AVG DEP HDD CDD  WTR  SNW DPTH SPD SPD DIR MIN PSBL S-S WX    SPD DR
================================================================================

 1  23   5  14 -16  51   0 0.10  2.0   15 17.3 35  20   M    M  10 129    43  30
 2  13   0   7 -23  58   0    T  1.5   17 17.4 26  20   M    M   4 89     32  30
 3  18 -14   2 -29  63   0 0.00  0.0   17  6.7 23  30   M    M   0        29  40
 4  18 -21  -1 -32  66   0 0.00  0.0   17  2.1  9 170   M    M   0        11 110
 5  21 -20   1 -31  64   0 0.00  0.0   17  1.9  9 190   M    M   0        11 190
 6  34   7  21 -11  44   0 0.01    T   16  4.1 15  20   M    M   9 18     18  30
 7  37  19  28  -4  37   0 0.16  2.0   17  8.2 20 220   M    M   8 1      25 240
 8  35   7  21 -11  44   0 0.00  0.0   13  3.8 12 170   M    M   7        17 180
 9  31   6  19 -14  46   0 0.00  0.0   13  3.0 12 170   M    M   8        16 150
10  31  -7  12 -21  53   0 0.00  0.0   13  3.7 16 170   M    M   0        19 170
11  36   1  19 -15  46   0 0.00  0.0   11  4.3 18 160   M    M   1        20 170
12  36  20  28  -6  37   0 0.11  0.4   11  4.7 13 170   M    M   9 18     16 140
13  43  27  35   1  30   0 0.08  1.7   11  4.1 13 200   M    M   9 18     15 150
14  36  22  29  -6  36   0 0.00  0.0   11  3.9 15 170   M    M   8 1      18 180
15  40  17  29  -6  36   0 0.00  0.0    8  2.1 13 180   M    M   7        19 150
16  47  10  29  -7  36   0 0.00  0.0   10  0.6  5 300   M    M   0 1       5 220
17  46  16  31  -5  34   0 0.00  0.0    9  1.6  9 190   M    M   0 1      11 190
18  43  14  29  -7  36   0 0.00  0.0    8  2.1 10 180   M    M   0        13 140
19  45  15  30  -7  35   0 0.00  0.0    M  1.8  8 170   M    M   0 1      12 180
20  50  16  33  -4  32   0 0.00  0.0    6  1.6 10 170   M    M   0 1      11 170
21  52  19  36  -1  29   0 0.00  0.0    5  2.0 10 170   M    M   0        13 140
22  51  20  36  -2  29   0 0.00  0.0    5  1.6  9 170   M    M   0 18     12 160
23  50  20  35  -3  30   0 0.00  0.0    3  2.5 12 170   M    M   1 1      15 160
================================================================================
SM  836  199       972   0  0.46     7.6 101.1          M       81
================================================================================
AV 36.4  8.7                               4.4 FASTST   M    M   4    MAX(MPH)
                                 MISC ---->  # 35  20               # 43   30
================================================================================
NOTES:
# LAST OF SEVERAL OCCURRENCES

COLUMN 17 PEAK WIND IN M.P.H.

PRELIMINARY LOCAL CLIMATOLOGICAL DATA (WS FORM: F-6) , PAGE 2

                                          STATION:  KALISPELL MT
                                          MONTH:    MARCH
                                          YEAR:     2019
                                          LATITUDE:   48 17 N
                                          LONGITUDE: 114 16 W

[TEMPERATURE DATA]      [PRECIPITATION DATA]       SYMBOLS USED IN COLUMN 16

AVERAGE MONTHLY: 22.5   TOTAL FOR MONTH:   0.46    1 = FOG OR MIST
DPTR FM NORMAL: -11.5   DPTR FM NORMAL:   -0.34    2 = FOG REDUCING VISIBILITY
HIGHEST:    52 ON 21    GRTST 24HR  0.16 ON  7- 7      TO 1/4 MILE OR LESS
LOWEST:    -21 ON  4                               3 = THUNDER
                        SNOW, ICE PELLETS, HAIL    4 = ICE PELLETS
                        TOTAL MONTH:   7.6 INCHES  5 = HAIL
                        GRTST 24HR   2.0 ON  7- 7  6 = FREEZING RAIN OR DRIZZLE
                        GRTST DEPTH:  17 ON  7, 5  7 = DUSTSTORM OR SANDSTORM:
                                                       VSBY 1/2 MILE OR LESS
                                                   8 = SMOKE OR HAZE
[NO. OF DAYS WITH]      [WEATHER - DAYS WITH]      9 = BLOWING SNOW
                                                   X = TORNADO
MAX 32 OR BELOW:   7    0.01 INCH OR MORE:   5
MAX 90 OR ABOVE:   0    0.10 INCH OR MORE:   3
MIN 32 OR BELOW:  23    0.50 INCH OR MORE:   0
MIN  0 OR BELOW:   5    1.00 INCH OR MORE:   0

[HDD (BASE 65) ]
TOTAL THIS MO.   972    CLEAR  (SCALE 0-3)  13
DPTR FM NORMAL   259    PTCLDY (SCALE 4-7)   5
TOTAL FM JUL 1  6979    CLOUDY (SCALE 8-10)  5
DPTR FM NORMAL   414

[CDD (BASE 65) ]
TOTAL THIS MO.     0
DPTR FM NORMAL     0    [PRESSURE DATA]
TOTAL FM JAN 1     0    HIGHEST SLP M ON M
DPTR FM NORMAL     0    LOWEST  SLP 29.71 ON 12

[REMARKS]
