307
CXUS53 KGRB 220758
CF6GRB
PRELIMINARY LOCAL CLIMATOLOGICAL DATA (WS FORM: F-6)

                                          STATION:   GREEN BAY WI
                                          MONTH:     MARCH
                                          YEAR:      2019
                                          LATITUDE:   44 28 N
                                          LONGITUDE:  88  8 W

  TEMPERATURE IN F:       :PCPN:    SNOW:  WIND      :SUNSHINE: SKY     :PK WND
================================================================================
1   2   3   4   5  6A  6B    7    8   9   10  11  12  13   14  15   16   17  18
                                     12Z  AVG MX 2MIN
DY MAX MIN AVG DEP HDD CDD  WTR  SNW DPTH SPD SPD DIR MIN PSBL S-S WX    SPD DR
================================================================================

 1  26   3  15 -10  50   0 0.16  3.3   15  3.1  9 330   M    M   6 1      12 290
 2  31  13  22  -3  43   0 0.04  1.2   16  8.1 16 360   M    M   7 18     20 290
 3  19  -6   7 -19  58   0    T    T   15 10.9 20 270   M    M   2        27 250
 4   9  -9   0 -26  65   0    T    T   15 12.6 22 260   M    M   1 8      28 250
 5  16   0   8 -18  57   0    T    T   15 11.7 22 270   M    M   4 8      30 270
 6  24  -9   8 -19  57   0 0.00  0.0   14  7.7 16 270   M    M   3        22 270
 7  22  -7   8 -19  57   0 0.00  0.0   12  5.0 10 170   M    M   0        13 190
 8  36  -4  16 -11  49   0 0.00  0.0   11  1.2  8 200   M    M   2 128    11 210
 9  39  14  27  -1  38   0 0.27  1.1   10 11.4 23  50   M    M   4 128    31  80
10  38  25  32   4  33   0 0.08  0.9   12 17.3 29 260   M    M   8 8      41 260
11  32  17  25  -4  40   0 0.00  0.0   11 11.1 18 260   M    M   0        25 270
12  42   9  26  -3  39   0 0.50  0.0   11  7.9 21 150   M    M   4 1      27 160
13  45  36  41  11  24   0 0.14  0.0   10  8.5 20 160   M    M  10 1      28 120
14  50  38  44  14  21   0 0.40  0.0    7 12.4 22 170   M    M   8 12     33 160
15  40  31  36   6  29   0 0.01    T    2 13.2 23 300   M    M  10 1      30 300
16  37  28  33   2  32   0 0.00  0.0    1  7.5 16 320   M    M   3        20 290
17  40  26  33   2  32   0 0.00  0.0    1  5.9 13 300   M    M   0        18 280
18  42  24  33   1  32   0 0.00  0.0    1  5.9 16 260   M    M   0        22 270
19  47  29  38   6  27   0 0.00  0.0    T  6.1 15 210   M    M   2        22 210
20  47  37  42  10  23   0 0.15  0.0    T  8.5 16 270   M    M   6 1      22 190
21  49  36  43  10  22   0 0.00  0.0    T 10.1 24 260   M    M   7 1      32 270
================================================================================
SM  731  331       828   0  1.75     6.5 186.1          M       87
================================================================================
AV 34.8 15.8                               8.9 FASTST   M    M   4    MAX(MPH)
                                 MISC ---->  # 29 260               # 41  260
================================================================================
NOTES:
# LAST OF SEVERAL OCCURRENCES

COLUMN 17 PEAK WIND IN M.P.H.

PRELIMINARY LOCAL CLIMATOLOGICAL DATA (WS FORM: F-6) , PAGE 2

                                          STATION:  GREEN BAY WI
                                          MONTH:    MARCH
                                          YEAR:     2019
                                          LATITUDE:   44 28 N
                                          LONGITUDE:  88  8 W

[TEMPERATURE DATA]      [PRECIPITATION DATA]       SYMBOLS USED IN COLUMN 16

AVERAGE MONTHLY: 25.3   TOTAL FOR MONTH:   1.75    1 = FOG OR MIST
DPTR FM NORMAL:  -3.5   DPTR FM NORMAL:    0.56    2 = FOG REDUCING VISIBILITY
HIGHEST:    50 ON 14    GRTST 24HR  0.50 ON 12-12      TO 1/4 MILE OR LESS
LOWEST:     -9 ON  6, 4                            3 = THUNDER
                        SNOW, ICE PELLETS, HAIL    4 = ICE PELLETS
                        TOTAL MONTH:   6.5 INCHES  5 = HAIL
                        GRTST 24HR   3.3 ON  1- 1  6 = FREEZING RAIN OR DRIZZLE
                        GRTST DEPTH:  16 ON  2     7 = DUSTSTORM OR SANDSTORM:
                                                       VSBY 1/2 MILE OR LESS
                                                   8 = SMOKE OR HAZE
[NO. OF DAYS WITH]      [WEATHER - DAYS WITH]      9 = BLOWING SNOW
                                                   X = TORNADO
MAX 32 OR BELOW:   8    0.01 INCH OR MORE:   9
MAX 90 OR ABOVE:   0    0.10 INCH OR MORE:   6
MIN 32 OR BELOW:  17    0.50 INCH OR MORE:   1
MIN  0 OR BELOW:   6    1.00 INCH OR MORE:   0

[HDD (BASE 65) ]
TOTAL THIS MO.   828    CLEAR  (SCALE 0-3)  10
DPTR FM NORMAL    66    PTCLDY (SCALE 4-7)   9
TOTAL FM JUL 1  6454    CLOUDY (SCALE 8-10)  2
DPTR FM NORMAL  -148

[CDD (BASE 65) ]
TOTAL THIS MO.     0
DPTR FM NORMAL     0    [PRESSURE DATA]
TOTAL FM JAN 1     0    HIGHEST SLP M ON M
DPTR FM NORMAL     0    LOWEST  SLP 29.22 ON 14

[REMARKS]
