000
CXUS53 KGID 250730
CF6GRI
PRELIMINARY LOCAL CLIMATOLOGICAL DATA (WS FORM: F-6)

                                          STATION:   GRAND ISLAND NE
                                          MONTH:     MAY
                                          YEAR:      2019
                                          LATITUDE:   40 58 N
                                          LONGITUDE:  98 19 W

  TEMPERATURE IN F:       :PCPN:    SNOW:  WIND      :SUNSHINE: SKY     :PK WND
================================================================================
1   2   3   4   5  6A  6B    7    8   9   10  11  12  13   14  15   16   17  18
                                     12Z  AVG MX 2MIN
DY MAX MIN AVG DEP HDD CDD  WTR  SNW DPTH SPD SPD DIR MIN PSBL S-S WX    SPD DR
================================================================================

 1  49  43  46 -10  19   0 0.00  0.0    0  9.0 16  20   M    M  10 1      21  20
 2  63  32  48  -8  17   0 0.00  0.0    0  5.6 14 320   M    M   0        19 330
 3  70  46  58   1   7   0 0.01  0.0    0  8.0 29 290   M    M   3 1      36 290
 4  79  42  61   4   4   0    T  0.0    0  7.5 24 220   M    M   2 123    32 190
 5  81  50  66   8   0   1 0.00  0.0    0 10.8 29  50   M    M   1 3      35  50
 6  55  47  51  -7  14   0 0.19  0.0    0 14.4 25  60   M    M   8 3      32  40
 7  53  43  48 -10  17   0 0.08  0.0    0 13.7 22  50   M    M  10 1      28  40
 8  54  40  47 -11  18   0 1.05  0.0    0 15.4 30 350   M    M  10 1      39 350
 9  54  36  45 -14  20   0 0.00  0.0    0 15.8 30  10   M    M   7        38  10
10  61  33  47 -12  18   0 0.00  0.0    0  4.6 12 300   M    M   3        16 240
11  65  40  53  -7  12   0 0.32  0.0    0  8.6 25 310   M    M   4        31 300
12  64  45  55  -5  10   0 0.01  0.0    0  8.6 20 340   M    M   6        26 340
13  79  41  60   0   5   0 0.00  0.0    0 11.1 20 190   M    M   0 1      27 210
14  86  55  71  11   0   6 0.00  0.0    0  6.4 20 220   M    M   0        28 230
15  86  58  72  11   0   7 0.00  0.0    0 11.6 22 170   M    M   1        31 160
16  93  64  79  18   0  14 0.00  0.0    0  9.3 17 230   M    M   0        22 240
17  85  60  73  11   0   8    T  0.0    0 18.9 37 170   M    M   0 3      51 160
18  74  53  64   2   1   0 0.01  0.0    0 12.7 31 220   M    M   5 3      43 210
19  60  44  52 -10  13   0 0.00  0.0    0 17.3 31 320   M    M   7        40 330
20  50  43  47 -15  18   0 0.05  0.0    0 17.2 28  80   M    M   9        35  80
21  51  45  48 -15  17   0 1.05  0.0    0 17.0 33  90   M    M   9 13     44  90
22  64  43  54  -9  11   0 0.04  0.0    0 16.7 28 270   M    M   2 1      38 220
23  62  42  52 -12  13   0 0.60  0.0    0  8.4 23  80   M    M   6 3      31  80
24  77  53  65   1   0   0 0.05  0.0    0 10.4 16 190   M    M   4 1      23 210
================================================================================
SM 1615 1098       234  36  3.46     0.0 279.0          M      107
================================================================================
AV 67.3 45.8                              11.6 FASTST   M    M   4    MAX(MPH)
                                 MISC ---->  # 37 170               # 51  160
================================================================================
NOTES:
# LAST OF SEVERAL OCCURRENCES

COLUMN 17 PEAK WIND IN M.P.H.

PRELIMINARY LOCAL CLIMATOLOGICAL DATA (WS FORM: F-6) , PAGE 2

                                          STATION:  GRAND ISLAND NE
                                          MONTH:    MAY
                                          YEAR:     2019
                                          LATITUDE:   40 58 N
                                          LONGITUDE:  98 19 W

[TEMPERATURE DATA]      [PRECIPITATION DATA]       SYMBOLS USED IN COLUMN 16

AVERAGE MONTHLY: 56.5   TOTAL FOR MONTH:   3.46    1 = FOG OR MIST
DPTR FM NORMAL:  -3.5   DPTR FM NORMAL:    0.11    2 = FOG REDUCING VISIBILITY
HIGHEST:    93 ON 16    GRTST 24HR  1.05 ON 21-21      TO 1/4 MILE OR LESS
LOWEST:     32 ON  2                               3 = THUNDER
                        SNOW, ICE PELLETS, HAIL    4 = ICE PELLETS
                        TOTAL MONTH:   0.0 INCH    5 = HAIL
                        GRTST 24HR     0.0         6 = FREEZING RAIN OR DRIZZLE
                        GRTST DEPTH:   0           7 = DUSTSTORM OR SANDSTORM:
                                                       VSBY 1/2 MILE OR LESS
                                                   8 = SMOKE OR HAZE
[NO. OF DAYS WITH]      [WEATHER - DAYS WITH]      9 = BLOWING SNOW
                                                   X = TORNADO
MAX 32 OR BELOW:   0    0.01 INCH OR MORE:  12
MAX 90 OR ABOVE:   1    0.10 INCH OR MORE:   5
MIN 32 OR BELOW:   1    0.50 INCH OR MORE:   3
MIN  0 OR BELOW:   0    1.00 INCH OR MORE:   2

[HDD (BASE 65) ]
TOTAL THIS MO.   234    CLEAR  (SCALE 0-3)  10
DPTR FM NORMAL    81    PTCLDY (SCALE 4-7)   9
TOTAL FM JUL 1  6591    CLOUDY (SCALE 8-10)  5
DPTR FM NORMAL   436

[CDD (BASE 65) ]
TOTAL THIS MO.    36
DPTR FM NORMAL     3    [PRESSURE DATA]
TOTAL FM JAN 1    46    HIGHEST SLP M ON M
DPTR FM NORMAL     2    LOWEST  SLP 29.28 ON 21

[REMARKS]
