000
CXUS53 KGID 240730
CF6GRI
PRELIMINARY LOCAL CLIMATOLOGICAL DATA (WS FORM: F-6)

                                          STATION:   GRAND ISLAND NE
                                          MONTH:     MARCH
                                          YEAR:      2019
                                          LATITUDE:   40 58 N
                                          LONGITUDE:  98 19 W

  TEMPERATURE IN F:       :PCPN:    SNOW:  WIND      :SUNSHINE: SKY     :PK WND
================================================================================
1   2   3   4   5  6A  6B    7    8   9   10  11  12  13   14  15   16   17  18
                                     12Z  AVG MX 2MIN
DY MAX MIN AVG DEP HDD CDD  WTR  SNW DPTH SPD SPD DIR MIN PSBL S-S WX    SPD DR
================================================================================

 1  32  11  22 -12  43   0 0.00  0.0    5 12.4 30 340   M    M   5 1      36 340
 2  19   5  12 -22  53   0 0.08  1.9    4 15.6 25  10   M    M   9        31  20
 3   5  -9  -2 -36  67   0 0.01  0.1    6 15.0 25 360   M    M   5        31  10
 4  17 -10   4 -31  61   0 0.00  0.0    6 13.6 21 320   M    M   0        26 310
 5  22   2  12 -23  53   0 0.00  0.0    5 12.1 25 320   M    M   0        33 320
 6  28   5  17 -19  48   0 0.15  2.3    5  8.2 17 200   M    M   5        21 190
 7  27  22  25 -11  40   0 0.06  1.0    7 12.4 23 100   M    M  10 1      30 100
 8  32  22  27  -9  38   0    T  0.0    6  9.2 22 120   M    M  10 126    29 110
 9  36  27  32  -5  33   0 0.03  0.0    4 20.9 43 310   M    M   8 12     58 310
10  40  17  29  -8  36   0 0.00  0.0    3  7.4 21 340   M    M   2        28 340
11  44  18  31  -7  34   0 0.00  0.0    2  6.9 16 150   M    M   2        20 150
12  47  36  42   4  23   0 0.01  0.0    T 11.1 20 180   M    M  10 12     25 160
13  62  34  48  10  17   0 1.73    T    0 15.6 38 350   M    M  10 123    47 350
14  36  30  33  -6  32   0 0.25  2.0    2 33.8 46 330   M    M   7 69     63 340
15  46  26  36  -3  29   0 0.00  0.0    T 12.5 25 310   M    M   0        32 310
16  54  27  41   2  24   0 0.00  0.0    0 11.5 21 350   M    M   1        28 330
17  54  25  40   0  25   0 0.00  0.0    0  7.8 18  10   M    M   3 1      27 260
18  47  24  36  -4  29   0 0.00  0.0    0  5.4 10 140   M    M   3        14 170
19  42  34  38  -2  27   0 0.66  0.0    0  6.1 14 330   M    M  10        19 330
20  60  30  45   4  20   0 0.00  0.0    0 12.0 25 310   M    M   2 1      33 320
21  61  27  44   3  21   0 0.00  0.0    0  6.1 12 240   M    M   0        16 240
22  61  30  46   4  19   0 0.00  0.0    0  7.5 14 150   M    M   0        20 130
23  53  40  47   5  18   0 0.35  0.0    0 13.8 23  80   M    M   9 1      30  80
================================================================================
SM  925  473       790   0  3.33     7.3 276.9          M      111
================================================================================
AV 40.2 20.6                              12.0 FASTST   M    M   5    MAX(MPH)
                                 MISC ---->  # 46 330               # 63  340
================================================================================
NOTES:
# LAST OF SEVERAL OCCURRENCES

COLUMN 17 PEAK WIND IN M.P.H.

PRELIMINARY LOCAL CLIMATOLOGICAL DATA (WS FORM: F-6) , PAGE 2

                                          STATION:  GRAND ISLAND NE
                                          MONTH:    MARCH
                                          YEAR:     2019
                                          LATITUDE:   40 58 N
                                          LONGITUDE:  98 19 W

[TEMPERATURE DATA]      [PRECIPITATION DATA]       SYMBOLS USED IN COLUMN 16

AVERAGE MONTHLY: 30.4   TOTAL FOR MONTH:   3.33    1 = FOG OR MIST
DPTR FM NORMAL:  -7.5   DPTR FM NORMAL:    2.11    2 = FOG REDUCING VISIBILITY
HIGHEST:    62 ON 13    GRTST 24HR  1.73 ON 13-13      TO 1/4 MILE OR LESS
LOWEST:    -10 ON  4                               3 = THUNDER
                        SNOW, ICE PELLETS, HAIL    4 = ICE PELLETS
                        TOTAL MONTH:   7.3 INCHES  5 = HAIL
                        GRTST 24HR   2.3 ON  6- 6  6 = FREEZING RAIN OR DRIZZLE
                        GRTST DEPTH:   7 ON  7     7 = DUSTSTORM OR SANDSTORM:
                                                       VSBY 1/2 MILE OR LESS
                                                   8 = SMOKE OR HAZE
[NO. OF DAYS WITH]      [WEATHER - DAYS WITH]      9 = BLOWING SNOW
                                                   X = TORNADO
MAX 32 OR BELOW:   8    0.01 INCH OR MORE:  10
MAX 90 OR ABOVE:   0    0.10 INCH OR MORE:   5
MIN 32 OR BELOW:  19    0.50 INCH OR MORE:   2
MIN  0 OR BELOW:   2    1.00 INCH OR MORE:   1

[HDD (BASE 65) ]
TOTAL THIS MO.   790    CLEAR  (SCALE 0-3)  11
DPTR FM NORMAL   166    PTCLDY (SCALE 4-7)   4
TOTAL FM JUL 1  5811    CLOUDY (SCALE 8-10)  8
DPTR FM NORMAL   426

[CDD (BASE 65) ]
TOTAL THIS MO.     0
DPTR FM NORMAL     0    [PRESSURE DATA]
TOTAL FM JAN 1     0    HIGHEST SLP 30.16 ON 14
DPTR FM NORMAL     0    LOWEST  SLP 28.97 ON 13

[REMARKS]
