000
CXUS53 KGRR 241017
CF6GRR
PRELIMINARY LOCAL CLIMATOLOGICAL DATA (WS FORM: F-6)

                                          STATION:   GRAND RAPIDS
                                          MONTH:     MARCH
                                          YEAR:      2019
                                          LATITUDE:   42 52 N
                                          LONGITUDE:  85 31 W

  TEMPERATURE IN F:       :PCPN:    SNOW:  WIND      :SUNSHINE: SKY     :PK WND
================================================================================
1   2   3   4   5  6A  6B    7    8   9   10  11  12  13   14  15   16   17  18
                                     12Z  AVG MX 2MIN
DY MAX MIN AVG DEP HDD CDD  WTR  SNW DPTH SPD SPD DIR MIN PSBL S-S WX    SPD DR
================================================================================

 1  35  16  26  -4  39   0 0.00  0.0    4  2.1  7  90   0    0   9 18      8  90
 2  33  24  29  -2  36   0 0.05  1.0    5  6.9 17 330  30    4   9 18     22 320
 3  24  13  19 -12  46   0    T    T    4  8.8 18 290 101   15   8        21 300
 4  14   9  12 -19  53   0 0.05  1.5    4 13.3 26 260  53    8   9 89     34 250
 5  19  11  15 -17  50   0 0.20  4.3    6 15.0 24 250  14    2   9 9      29 240
 6  25  11  18 -14  47   0 0.01  0.3    6  9.8 23 250  24    3   8 8      28 250
 7  27  10  19 -13  46   0 0.01  0.2    6  4.3 15 320   9    1   8 8      18 320
 8  40   8  24  -9  41   0 0.00  0.0    6  1.5  6 100 403   58   3 8       7  10
 9  38  18  28  -5  37   0 0.46  0.0    4 15.6 31  90 127   18   6 168    39  90
10  42  32  37   4  28   0 0.11    T    4 24.4 36 250   0    0   9 1      46 250
11  34  25  30  -4  35   0 0.00  0.0    1 14.4 25 280 702  100   3        33 270
12  44  17  31  -3  34   0 0.00  0.0    1  7.4 16 170 665   94   3 18     20 180
13  50  37  44  10  21   0 0.12  0.0    T  9.5 16 170  22    3  10 1      21 170
14  59  40  50  15  15   0 0.48  0.0    0 16.5 30 240 200   28   8 13     39 240
15  40  31  36   1  29   0 0.09    T    0 17.4 31 240  42    6  10        39 240
16  36  22  29  -7  36   0    T    T    T 10.3 22 290 412   57   7        29 290
17  39  19  29  -7  36   0    T    T    0  6.0 15 270 254   35   5        18 270
18  43  20  32  -4  33   0 0.00  0.0    0  6.6 17 290 536   74   2        20 280
19  46  22  34  -3  31   0 0.00  0.0    0  7.3 20 230 723  100   2 18     24 260
20  42  31  37   0  28   0 0.36  0.6    0  7.3 18 210  59    8   7 12     22 210
21  43  33  38   1  27   0 0.00  0.0    T  7.2 18 270  51    7   9 128    23 260
22  43  27  35  -3  30   0 0.00    T    0 13.7 23 360 513   70   3 18     30 360
23  47  22  35  -3  30   0 0.00  0.0    0  6.6 17 280 728   99   1        20 250
================================================================================
SM  863  498       808   0  1.94     7.9 231.9         5668    148
================================================================================
AV 37.5 21.7                              10.1 FASTST  246  34   6    MAX(MPH)
                                 MISC ---->  # 36 250               # 46  250
================================================================================
NOTES:
# LAST OF SEVERAL OCCURRENCES

COLUMN 17 PEAK WIND IN M.P.H.

PRELIMINARY LOCAL CLIMATOLOGICAL DATA (WS FORM: F-6) , PAGE 2

                                          STATION:  GRAND RAPIDS
                                          MONTH:    MARCH
                                          YEAR:     2019
                                          LATITUDE:   42 52 N
                                          LONGITUDE:  85 31 W

[TEMPERATURE DATA]      [PRECIPITATION DATA]       SYMBOLS USED IN COLUMN 16

AVERAGE MONTHLY: 29.6   TOTAL FOR MONTH:   1.94    1 = FOG OR MIST
DPTR FM NORMAL:  -4.5   DPTR FM NORMAL:    0.25    2 = FOG REDUCING VISIBILITY
HIGHEST:    59 ON 14    GRTST 24HR  0.48 ON 14-14      TO 1/4 MILE OR LESS
LOWEST:      8 ON  8                               3 = THUNDER
                        SNOW, ICE PELLETS, HAIL    4 = ICE PELLETS
                        TOTAL MONTH:   7.9 INCHES  5 = HAIL
                        GRTST 24HR   4.3 ON  5- 5  6 = FREEZING RAIN OR DRIZZLE
                        GRTST DEPTH:   6 ON  8, 7  7 = DUSTSTORM OR SANDSTORM:
                                                       VSBY 1/2 MILE OR LESS
                                                   8 = SMOKE OR HAZE
[NO. OF DAYS WITH]      [WEATHER - DAYS WITH]      9 = BLOWING SNOW
                                                   X = TORNADO
MAX 32 OR BELOW:   5    0.01 INCH OR MORE:  11
MAX 90 OR ABOVE:   0    0.10 INCH OR MORE:   6
MIN 32 OR BELOW:  20    0.50 INCH OR MORE:   0
MIN  0 OR BELOW:   0    1.00 INCH OR MORE:   0

[HDD (BASE 65) ]
TOTAL THIS MO.   808    CLEAR  (SCALE 0-3)   6
DPTR FM NORMAL    97    PTCLDY (SCALE 4-7)   7
TOTAL FM JUL 1  5712    CLOUDY (SCALE 8-10) 10
DPTR FM NORMAL   224

[CDD (BASE 65) ]
TOTAL THIS MO.     0
DPTR FM NORMAL     0    [PRESSURE DATA]
TOTAL FM JAN 1     0    HIGHEST SLP M ON M
DPTR FM NORMAL     0    LOWEST  SLP 29.31 ON 14

[REMARKS]
