000
CXUS53 KIWX 240800
CF6GSH
PRELIMINARY LOCAL CLIMATOLOGICAL DATA (WS FORM: F-6)

                                          STATION:   GOSHEN
                                          MONTH:     MARCH
                                          YEAR:      2019
                                          LATITUDE:   41 31 N
                                          LONGITUDE:  85 47 W

  TEMPERATURE IN F:       :PCPN:    SNOW:  WIND      :SUNSHINE: SKY     :PK WND
================================================================================
1   2   3   4   5  6A  6B    7    8   9   10  11  12  13   14  15   16   17  18
                                     12Z  AVG MX 2MIN
DY MAX MIN AVG DEP HDD CDD  WTR  SNW DPTH SPD SPD DIR MIN PSBL S-S WX    SPD DR
================================================================================

 1  39  21  30  -2  35   0 0.00  0.0    M  4.3 12  80   M    M   4 18     15 100
 2  34  26  30  -2  35   0 0.00  0.0    0  6.9 16 310   M    M   7 8      21 330
 3  28  11  20 -12  45   0    T    M    0  9.3 18 330   M    M   8 18     25 330
 4  15   5  10 -23  55   0    T    M    M 14.5 23 280   M    M   6 18     33 250
 5  20   8  14 -19  51   0    T    M    M 16.9 24 250   M    M   9 18     33 280
 6  28   9  19 -14  46   0    T    M    M 14.0 22 260   M    M   4 1      31 270
 7  30  16  23 -11  42   0    T    M    M  4.0 14 250   M    M   3 8      19 250
 8  43  23  33  -1  32   0 0.00  0.0    M  3.9 10 130   M    M   6 18     14 130
 9  49  23  36   2  29   0 0.64    M    M 16.8 31 120   M    M   4 18     42 130
10  49  31  40   5  25   0 0.01    M    M 22.8 37 250   M    M   8 18     50 250
11  39  26  33  -2  32   0 0.00  0.0    M 11.5 22 290   M    M   2        28 280
12  48  20  34  -2  31   0 0.00  0.0    M  6.2 13 150   M    M   0 1      17 160
13  57  38  48  12  17   0 0.06    M    M 10.8 17 140   M    M   6 1      24 150
14  68  43  56  20   9   0 0.53    M    M 21.4 38 250   M    M   7 13     59 240
15  43  33  38   1  27   0 0.08    M    M 17.0 32 250   M    M  10 1      45 230
16  39  24  32  -5  33   0 0.00  0.0    M 10.9 21 270   M    M   5        29 290
17  40  23  32  -6  33   0 0.02    M    M  4.2 14 330   M    M   6 18     17 340
18  42  22  32  -6  33   0    T    M    M  3.7 15 270   M    M   3 1      21 260
19  48  25  37  -1  28   0 0.00    M    0  6.4 15 230   M    M   2 18     20 240
20  43  36  40   1  25   0 0.19    M    0  9.0 18 210   M    M   9 1      28 200
21  46  33  40   1  25   0 0.03    M    0  7.9 18 320   M    M  10 128    23 340
22  45  28  37  -3  28   0 0.00  0.0    0 15.7 29 320   M    M   1 1      38 330
23  48  21  35  -5  30   0 0.00  0.0    0  3.9 10 250   M    M   0        14 240
================================================================================
SM  941  545       746   0  1.56     0.0 242.0          M      120
================================================================================
AV 40.9 23.7                              10.5 FASTST   M    M   5    MAX(MPH)
                                 MISC ---->  # 38 250               # 59  240
================================================================================
NOTES:
# LAST OF SEVERAL OCCURRENCES

COLUMN 17 PEAK WIND IN M.P.H.

PRELIMINARY LOCAL CLIMATOLOGICAL DATA (WS FORM: F-6) , PAGE 2

                                          STATION:  GOSHEN
                                          MONTH:    MARCH
                                          YEAR:     2019
                                          LATITUDE:   41 31 N
                                          LONGITUDE:  85 47 W

[TEMPERATURE DATA]      [PRECIPITATION DATA]       SYMBOLS USED IN COLUMN 16

AVERAGE MONTHLY: 32.3   TOTAL FOR MONTH:   1.56    1 = FOG OR MIST
DPTR FM NORMAL:  -3.4   DPTR FM NORMAL:   -0.11    2 = FOG REDUCING VISIBILITY
HIGHEST:    68 ON 14    GRTST 24HR  0.64 ON  9- 9      TO 1/4 MILE OR LESS
LOWEST:      5 ON  4                               3 = THUNDER
                        SNOW, ICE PELLETS, HAIL    4 = ICE PELLETS
                        TOTAL MONTH:   0.0 INCH    5 = HAIL
                        GRTST 24HR     0.0         6 = FREEZING RAIN OR DRIZZLE
                        GRTST DEPTH:   0           7 = DUSTSTORM OR SANDSTORM:
                                                       VSBY 1/2 MILE OR LESS
                                                   8 = SMOKE OR HAZE
[NO. OF DAYS WITH]      [WEATHER - DAYS WITH]      9 = BLOWING SNOW
                                                   X = TORNADO
MAX 32 OR BELOW:   5    0.01 INCH OR MORE:   8
MAX 90 OR ABOVE:   0    0.10 INCH OR MORE:   3
MIN 32 OR BELOW:  18    0.50 INCH OR MORE:   2
MIN  0 OR BELOW:   0    1.00 INCH OR MORE:   0

[HDD (BASE 65) ]
TOTAL THIS MO.   746    CLEAR  (SCALE 0-3)   6
DPTR FM NORMAL    71    PTCLDY (SCALE 4-7)  11
TOTAL FM JUL 1  5471    CLOUDY (SCALE 8-10)  6
DPTR FM NORMAL    -9

[CDD (BASE 65) ]
TOTAL THIS MO.     0
DPTR FM NORMAL     0    [PRESSURE DATA]
TOTAL FM JAN 1     0    HIGHEST SLP M ON M
DPTR FM NORMAL     0    LOWEST  SLP 29.29 ON 14

[REMARKS]
