000
CXUS53 KIWX 250800
CF6GSH
PRELIMINARY LOCAL CLIMATOLOGICAL DATA (WS FORM: F-6)

                                          STATION:   GOSHEN
                                          MONTH:     MAY
                                          YEAR:      2019
                                          LATITUDE:   41 31 N
                                          LONGITUDE:  85 47 W

  TEMPERATURE IN F:       :PCPN:    SNOW:  WIND      :SUNSHINE: SKY     :PK WND
================================================================================
1   2   3   4   5  6A  6B    7    8   9   10  11  12  13   14  15   16   17  18
                                     12Z  AVG MX 2MIN
DY MAX MIN AVG DEP HDD CDD  WTR  SNW DPTH SPD SPD DIR MIN PSBL S-S WX    SPD DR
================================================================================

 1  69  47  58   4   7   0    T  0.0    0 12.5 33 220   M    M   6 1      45 220
 2  68  47  58   4   7   0 0.03    M    M  5.5 14 220   M    M   8 1      19 200
 3  57  48  53  -2  12   0 0.00  0.0    M  8.8 14  20   M    M  10 1      17 360
 4  64  46  55   0  10   0 0.01    M    M  5.7 13  30   M    M   4 1      16  30
 5  70  39  55  -1  10   0 0.00  0.0    0  3.9 14 300   M    M   2 128    19 320
 6  76  47  62   6   3   0 0.13    M    M  8.3 26 260   M    M   3        33 260
 7  57  47  52  -4  13   0 0.15  0.0    0 10.0 18  80   M    M   9 1      25  50
 8  68  46  57   1   8   0 0.00  0.0    0 14.9 25 100   M    M   4        34 120
 9  73  51  62   5   3   0 0.13  0.0    0 13.9 24 230   M    M   8 1      35 170
10  54  38  46 -11  19   0 0.00  0.0    0 10.3 17 310   M    M   6 1      22 290
11  55  37  46 -11  19   0 0.05  0.0    0  9.5 18  80   M    M   5        25  50
12  53  44  49  -9  16   0 0.50  0.0    0  7.7 13  30   M    M  10 1      17  70
13  54  39  47 -11  18   0 0.04  0.0    0  6.8 15 330   M    M   8 1      19 330
14  67  34  51  -7  14   0 0.00  0.0    0  2.7 10 230   M    M   0 1      16 250
15  71  41  56  -3   9   0 0.00  0.0    0  4.7 16 270   M    M   3        24 270
16  74  49  62   3   3   0 0.51    M    0 10.9 21 190   M    M   2 138    29 190
17  68  57  63   4   2   0 0.26  0.0    0  6.2 16 290   M    M   7 138    21 280
18  84  56  70  10   0   5 0.08  0.0    0 10.7 30 250   M    M   4 18     43 220
19  73  60  67   7   0   2 0.09  0.0    0 13.6 26 200   M    M   5 13     37 230
20  63  40  52  -8  13   0 0.00  0.0    0 12.6 22 260   M    M   9        34 260
21  54  41  48 -13  17   0 0.19  0.0    0 11.3 22 110   M    M   8 1      36  80
22  78  50  64   3   1   0 0.46  0.0    0 12.6 22 120   M    M   4 1      31 120
23  76  54  65   4   0   0 0.46  0.0    0 13.3 30 260   M    M   2 13     50 270
24  73  52  63   1   2   0 0.16  0.0    0  7.1 20 300   M    M   3 13     24 300
================================================================================
SM 1599 1110       206   7  3.25     0.0 223.5          M      130
================================================================================
AV 66.6 46.3                               9.3 FASTST   M    M   5    MAX(MPH)
                                 MISC ---->  # 33 220               # 50  270
================================================================================
NOTES:
# LAST OF SEVERAL OCCURRENCES

COLUMN 17 PEAK WIND IN M.P.H.

PRELIMINARY LOCAL CLIMATOLOGICAL DATA (WS FORM: F-6) , PAGE 2

                                          STATION:  GOSHEN
                                          MONTH:    MAY
                                          YEAR:     2019
                                          LATITUDE:   41 31 N
                                          LONGITUDE:  85 47 W

[TEMPERATURE DATA]      [PRECIPITATION DATA]       SYMBOLS USED IN COLUMN 16

AVERAGE MONTHLY: 56.4   TOTAL FOR MONTH:   3.25    1 = FOG OR MIST
DPTR FM NORMAL:  -1.4   DPTR FM NORMAL:   -0.30    2 = FOG REDUCING VISIBILITY
HIGHEST:    84 ON 18    GRTST 24HR  2.22 ON 30- 1      TO 1/4 MILE OR LESS
LOWEST:     34 ON 14                               3 = THUNDER
                        SNOW, ICE PELLETS, HAIL    4 = ICE PELLETS
                        TOTAL MONTH:   0.0 INCH    5 = HAIL
                        GRTST 24HR     0.0         6 = FREEZING RAIN OR DRIZZLE
                        GRTST DEPTH:   0           7 = DUSTSTORM OR SANDSTORM:
                                                       VSBY 1/2 MILE OR LESS
                                                   8 = SMOKE OR HAZE
[NO. OF DAYS WITH]      [WEATHER - DAYS WITH]      9 = BLOWING SNOW
                                                   X = TORNADO
MAX 32 OR BELOW:   0    0.01 INCH OR MORE:  16
MAX 90 OR ABOVE:   0    0.10 INCH OR MORE:  10
MIN 32 OR BELOW:   0    0.50 INCH OR MORE:   2
MIN  0 OR BELOW:   0    1.00 INCH OR MORE:   0

[HDD (BASE 65) ]
TOTAL THIS MO.   206    CLEAR  (SCALE 0-3)   4
DPTR FM NORMAL     9    PTCLDY (SCALE 4-7)  16
TOTAL FM JUL 1  6355    CLOUDY (SCALE 8-10)  4
DPTR FM NORMAL     0

[CDD (BASE 65) ]
TOTAL THIS MO.     7
DPTR FM NORMAL   -19    [PRESSURE DATA]
TOTAL FM JAN 1     7    HIGHEST SLP M ON M
DPTR FM NORMAL   -25    LOWEST  SLP 29.56 ON 19

[REMARKS]
