000
CXGM50 PGUM 261850
CF6GSN
PRELIMINARY LOCAL CLIMATOLOGICAL DATA (WS FORM: F-6)

                                          STATION:   SAIPAN/ISLEY_(CGS) MP
                                          MONTH:     MAY
                                          YEAR:      2019
                                          LATITUDE:   15  7 N
                                          LONGITUDE: 145-44 E

  TEMPERATURE IN F:       :PCPN:    SNOW:  WIND      :SUNSHINE: SKY     :PK WND
================================================================================
1   2   3   4   5  6A  6B    7    8   9   10  11  12  13   14  15   16   17  18
                                     12Z  AVG MX 2MIN
DY MAX MIN AVG DEP HDD CDD  WTR  SNW DPTH SPD SPD DIR MIN PSBL S-S WX    SPD DR
================================================================================

 1  90  76  83   M   0  18    T  0.0    0 14.7 22  80   M    M   3        26  80
 2  89  76  83   M   0  18 0.02  0.0    0 11.8 22  90   M    M   3 1      25  90
 3  90  77  84   M   0  19 0.04  0.0    0 12.3 23 110   M    M   4 1      29 110
 4  91  79  85   M   0  20    T  0.0    0 11.3 16  70   M    M   4        20  60
 5  90  78  84   M   0  19    T  0.0    0 11.9 21 100   M    M   3        26  90
 6  89  78  84   M   0  19 0.00  0.0    0 11.2 20 120   M    M   3        27  90
 7  90  79  85   M   0  20 0.02  0.0    0 11.7 20 130   M    M   4        26 130
 8  89  78  84   M   0  19 0.00  0.0    0  8.7 17 140   M    M   4        22 150
 9  90  78  84   M   0  19 0.01  0.0    0  9.9 18 100   M    M   3        24 120
10  90  77  84   M   0  19 0.12  0.0    0 10.5 16  90   M    M   2 18     22  80
11  90  78  84   M   0  19 0.01  0.0    0 10.1 17 110   M    M   3        22 100
12  90  77  84   M   0  19 0.00  0.0    0  8.6 16  80   M    M   2        21  70
13  90  75  83   M   0  18 0.00  0.0    0  6.9 15  80   M    M   2        19  80
14  91  77  84   M   0  19 0.06  0.0    0 10.4 17  60   M    M   3 1      21  60
15  91  79  85   M   0  20 0.04  0.0    0 11.3 18 100   M    M   4 1      22 100
16  90  80  85   M   0  20 0.08  0.0    0  7.9 17 100   M    M   4 18     22 100
17  92  79  86   M   0  21    T  0.0    0  7.1 16 260   M    M   3        19 260
18  91  80  86   M   0  21 0.00  0.0    0  8.2 16 180   M    M   2        22 180
19  90  79  85   M   0  20 0.00  0.0    0  7.7 16 170   M    M   2        22 170
20  91  80  86   M   0  21 0.00  0.0    0 11.2 17 170   M    M   4 8      22 170
21  91  75  83   M   0  18 3.84  0.0    0  8.7 26 250   M    M   6 1238   33 250
22  90  79  85   M   0  20 0.04  0.0    0  8.2 16 180   M    M   4 1      19 180
23  90  80  85   M   0  20 0.02  0.0    0  6.4 13 300   M    M   3 1      17 300
24  89  79  84   M   0  19 0.00  0.0    0  4.2 12 180   M    M   1        17 160
25  88  79  84   M   0  19 0.00  0.0    0  3.5 14 100   M    M   3        17 100
26  90  75  83   M   0  18 0.64  0.0    0  8.1 17  80   M    M   3 1      21  80
================================================================================
SM 2342 2027         0 502  4.94     0.0 242.5          M       82
================================================================================
AV 90.1 78.0                               9.3 FASTST   M    M   3    MAX(MPH)
                                 MISC ---->  # 26 250               # 33  250
================================================================================
NOTES:
# LAST OF SEVERAL OCCURRENCES

COLUMN 17 PEAK WIND IN M.P.H.

PRELIMINARY LOCAL CLIMATOLOGICAL DATA (WS FORM: F-6) , PAGE 2

                                          STATION:  SAIPAN/ISLEY_(CGS) MP
                                          MONTH:    MAY
                                          YEAR:     2019
                                          LATITUDE:   15  7 N
                                          LONGITUDE: 145-44 E

[TEMPERATURE DATA]      [PRECIPITATION DATA]       SYMBOLS USED IN COLUMN 16

AVERAGE MONTHLY: 84.0   TOTAL FOR MONTH:   4.94    1 = FOG OR MIST
DPTR FM NORMAL:     M   DPTR FM NORMAL:    2.68    2 = FOG REDUCING VISIBILITY
HIGHEST:    92 ON 17    GRTST 24HR  3.84 ON 21-21      TO 1/4 MILE OR LESS
LOWEST:     75 ON 26,21                            3 = THUNDER
                        SNOW, ICE PELLETS, HAIL    4 = ICE PELLETS
                        TOTAL MONTH:   0.0 INCH    5 = HAIL
                        GRTST 24HR     0.0         6 = FREEZING RAIN OR DRIZZLE
                        GRTST DEPTH:   0           7 = DUSTSTORM OR SANDSTORM:
                                                       VSBY 1/2 MILE OR LESS
                                                   8 = SMOKE OR HAZE
[NO. OF DAYS WITH]      [WEATHER - DAYS WITH]      9 = BLOWING SNOW
                                                   X = TORNADO
MAX 32 OR BELOW:   0    0.01 INCH OR MORE:  13
MAX 90 OR ABOVE:  21    0.10 INCH OR MORE:   3
MIN 32 OR BELOW:   0    0.50 INCH OR MORE:   2
MIN  0 OR BELOW:   0    1.00 INCH OR MORE:   1

[HDD (BASE 65) ]
TOTAL THIS MO.     0    CLEAR  (SCALE 0-3)  13
DPTR FM NORMAL     M    PTCLDY (SCALE 4-7)  13
TOTAL FM JUL 1     0    CLOUDY (SCALE 8-10)  0
DPTR FM NORMAL     M

[CDD (BASE 65) ]
TOTAL THIS MO.   502
DPTR FM NORMAL     M    [PRESSURE DATA]
TOTAL FM JAN 1  2487    HIGHEST SLP M ON M
DPTR FM NORMAL     M    LOWEST  SLP 29.78 ON 16

[REMARKS]
