000
CXUS52 KRAH 221345
CF6GSO
PRELIMINARY LOCAL CLIMATOLOGICAL DATA (WS FORM: F-6)

                                          STATION:   PIEDMONT TRIAD INTL AIRPORT NC
                                          MONTH:     APRIL
                                          YEAR:      2018
                                          LATITUDE:   36  4 N
                                          LONGITUDE:  79 57 W

  TEMPERATURE IN F:       :PCPN:    SNOW:  WIND      :SUNSHINE: SKY     :PK WND
================================================================================
1   2   3   4   5  6A  6B    7    8   9   10  11  12  13   14  15   16   17  18
                                     12Z  AVG MX 2MIN
DY MAX MIN AVG DEP HDD CDD  WTR  SNW DPTH SPD SPD DIR MIN PSBL S-S WX    SPD DR
================================================================================

 1  73  46  60   5   5   0 0.00  0.0    0  7.4 18 270   M    M   7        24 260
 2  78  52  65  10   0   0 0.00  0.0    0 10.4 22 300   M    M   9        28 260
 3  75  45  60   5   5   0 0.00  0.0    0  9.5 22 230   M    M   7 18     28 230
 4  73  43  58   2   7   0 0.14  0.0    0 15.3 30 310   M    M   7 18     39 330
 5  59  33  46 -10  19   0 0.00  0.0    0  5.0 14 280   M    M   3        18 280
 6  69  40  55  -1  10   0 0.14  0.0    0 11.8 25 240   M    M   7 1      34 220
 7  55  33  44 -12  21   0 0.75    T    0 10.2 24  60   M    M  10 14     30  50
 8  51  31  41 -16  24   0    T    T    0  5.6 15  20   M    M   8 1      21 360
 9  59  43  51  -6  14   0 0.00  0.0    0  6.0 13  30   M    M   9        17 120
10  63  42  53  -4  12   0 0.00  0.0    0  6.2 15 320   M    M   6        19 320
11  63  44  54  -4  11   0 0.00  0.0    0  7.1 13 160   M    M   7        16  20
12  75  44  60   2   5   0 0.00  0.0    0 12.9 25 210   M    M   2        32 210
13  78  53  66   8   0   1 0.00  0.0    0 13.5 23 210   M    M   4        30 230
14  81  59  70  12   0   5 0.00  0.0    0 12.2 25 210   M    M   6        32 220
15  79  61  70  11   0   5 1.06  0.0    0 15.0 43 160   M    M   9 13     52 160
16  61  37  49 -10  16   0 0.01    M    0 17.5 28 300   M    M   7 1      39 300
17  64  36  50  -9  15   0 0.00  0.0    0 11.9 24 240   M    M   4        34 260
18  82  42  62   2   3   0 0.00  0.0    0 10.6 24 210   M    M   2 8      31 190
19  71  42  57  -3   8   0 0.00  0.0    0 14.2 31 280   M    M   2        39 280
20  66  35  51  -9  14   0 0.00  0.0    0  4.3 13 320   M    M   1        19  10
21  69  40  55  -5  10   0 0.00  0.0    0  4.1 15  90   M    M   3        18 100
================================================================================
SM 1444  901       199  11  2.10    T    210.7          M      120
================================================================================
AV 68.8 42.9                              10.0 FASTST   M    M   6    MAX(MPH)
                                 MISC ---->  # 43 160               # 52  160
================================================================================
NOTES:
# LAST OF SEVERAL OCCURRENCES

COLUMN 17 PEAK WIND IN M.P.H.

PRELIMINARY LOCAL CLIMATOLOGICAL DATA (WS FORM: F-6) , PAGE 2

                                          STATION:  PIEDMONT TRIAD INTL AIRPORT NC
                                          MONTH:    APRIL
                                          YEAR:     2018
                                          LATITUDE:   36  4 N
                                          LONGITUDE:  79 57 W

[TEMPERATURE DATA]      [PRECIPITATION DATA]       SYMBOLS USED IN COLUMN 16

AVERAGE MONTHLY: 55.8   TOTAL FOR MONTH:   2.10    1 = FOG OR MIST
DPTR FM NORMAL:  -1.7   DPTR FM NORMAL:   -0.43    2 = FOG REDUCING VISIBILITY
HIGHEST:    82 ON 18    GRTST 24HR  1.06 ON 15-15      TO 1/4 MILE OR LESS
LOWEST:     31 ON  8                               3 = THUNDER
                        SNOW, ICE PELLETS, HAIL    4 = ICE PELLETS
                        TOTAL MONTH:    T          5 = HAIL
                        GRTST 24HR    T  ON  8- 8  6 = FREEZING RAIN OR DRIZZLE
                        GRTST DEPTH:   0           7 = DUSTSTORM OR SANDSTORM:
                                                       VSBY 1/2 MILE OR LESS
                                                   8 = SMOKE OR HAZE
[NO. OF DAYS WITH]      [WEATHER - DAYS WITH]      9 = BLOWING SNOW
                                                   X = TORNADO
MAX 32 OR BELOW:   0    0.01 INCH OR MORE:   5
MAX 90 OR ABOVE:   0    0.10 INCH OR MORE:   4
MIN 32 OR BELOW:   1    0.50 INCH OR MORE:   2
MIN  0 OR BELOW:   0    1.00 INCH OR MORE:   1

[HDD (BASE 65) ]
TOTAL THIS MO.   199    CLEAR  (SCALE 0-3)   5
DPTR FM NORMAL    24    PTCLDY (SCALE 4-7)  12
TOTAL FM JUL 1  3503    CLOUDY (SCALE 8-10)  4
DPTR FM NORMAL     3

[CDD (BASE 65) ]
TOTAL THIS MO.    11
DPTR FM NORMAL    -9    [PRESSURE DATA]
TOTAL FM JAN 1    21    HIGHEST SLP M ON M
DPTR FM NORMAL    -4    LOWEST  SLP 29.50 ON 15

[REMARKS]
