000
CXUS56 KTFX 201205
CF6GTF
PRELIMINARY LOCAL CLIMATOLOGICAL DATA (WS FORM: F-6)

                                          STATION:   GREAT FALLS MT
                                          MONTH:     MAY
                                          YEAR:      2019
                                          LATITUDE:   47 28 N
                                          LONGITUDE: 111 22 W

  TEMPERATURE IN F:       :PCPN:    SNOW:  WIND      :SUNSHINE: SKY     :PK WND
================================================================================
1   2   3   4   5  6A  6B    7    8   9   10  11  12  13   14  15   16   17  18
                                     12Z  AVG MX 2MIN
DY MAX MIN AVG DEP HDD CDD  WTR  SNW DPTH SPD SPD DIR MIN PSBL S-S WX    SPD DR
================================================================================

 1  54  18  36 -11  29   0    T  0.0    0 11.6 30 280   M    M   2        42 250
 2  56  30  43  -5  22   0    T  0.0    0 14.5 26 250   M    M   6        37 230
 3  65  31  48   0  17   0 0.00  0.0    0 13.3 26 270   M    M   1        34 220
 4  61  26  44  -4  21   0 0.00  0.0    0  9.6 22  60   M    M   2        27  50
 5  41  29  35 -14  30   0 0.21  1.6    T  8.6 17  20   M    M  10 12     22  30
 6  55  35  45  -4  20   0 0.00  0.0    0  4.0 12  70   M    M   7        16  60
 7  61  32  47  -2  18   0 0.00  0.0    0  8.7 20  20   M    M   4        27  10
 8  55  39  47  -3  18   0 0.06    T    0  6.9 20  30   M    M  10 15     35  60
 9  58  27  43  -7  22   0 0.00  0.0    0  6.0 14 190   M    M   2 12     17 200
10  61  39  50   0  15   0    T  0.0    0 13.6 29 340   M    M   8        39 340
11  72  41  57   7   8   0 0.00  0.0    0  5.8 14 220   M    M   4        22 230
12  79  44  62  11   3   0 0.00  0.0    0 12.5 23 270   M    M   2        30 240
13  77  48  63  12   2   0 0.00  0.0    0 11.1 24 260   M    M   0        32 250
14  79  43  61  10   4   0    T  0.0    0  5.9 22 160   M    M   2        31 170
15  74  50  62  10   3   0    T  0.0    0  9.6 24  60   M    M   6        38 270
16  55  46  51  -1  14   0 0.13  0.0    0 15.0 28 100   M    M  10 1      37 120
17  46  37  42 -10  23   0 0.47  0.0    0 10.3 17  80   M    M   9 1      22  90
18  43  32  38 -14  27   0 0.28  0.3    T  9.9 18 110   M    M   8 1      25 110
19  50  33  42 -11  23   0    T  0.0    0 15.4 28  80   M    M   8        37  80
================================================================================
SM 1142  680       319   0  1.15     1.9 192.3          M      101
================================================================================
AV 60.1 35.8                              10.1 FASTST   M    M   5    MAX(MPH)
                                 MISC ---->  # 30 280               # 42  250
================================================================================
NOTES:
# LAST OF SEVERAL OCCURRENCES

COLUMN 17 PEAK WIND IN M.P.H.

PRELIMINARY LOCAL CLIMATOLOGICAL DATA (WS FORM: F-6) , PAGE 2

                                          STATION:  GREAT FALLS MT
                                          MONTH:    MAY
                                          YEAR:     2019
                                          LATITUDE:   47 28 N
                                          LONGITUDE: 111 22 W

[TEMPERATURE DATA]      [PRECIPITATION DATA]       SYMBOLS USED IN COLUMN 16

AVERAGE MONTHLY: 48.0   TOTAL FOR MONTH:   1.15    1 = FOG OR MIST
DPTR FM NORMAL:  -2.2   DPTR FM NORMAL:   -0.09    2 = FOG REDUCING VISIBILITY
HIGHEST:    79 ON 14,12 GRTST 24HR  0.47 ON 17-17      TO 1/4 MILE OR LESS
LOWEST:     18 ON  1                               3 = THUNDER
                        SNOW, ICE PELLETS, HAIL    4 = ICE PELLETS
                        TOTAL MONTH:   1.9 INCHES  5 = HAIL
                        GRTST 24HR   1.6 ON  5- 5  6 = FREEZING RAIN OR DRIZZLE
                        GRTST DEPTH:   0           7 = DUSTSTORM OR SANDSTORM:
                                                       VSBY 1/2 MILE OR LESS
                                                   8 = SMOKE OR HAZE
[NO. OF DAYS WITH]      [WEATHER - DAYS WITH]      9 = BLOWING SNOW
                                                   X = TORNADO
MAX 32 OR BELOW:   0    0.01 INCH OR MORE:   5
MAX 90 OR ABOVE:   0    0.10 INCH OR MORE:   4
MIN 32 OR BELOW:   8    0.50 INCH OR MORE:   0
MIN  0 OR BELOW:   0    1.00 INCH OR MORE:   0

[HDD (BASE 65) ]
TOTAL THIS MO.   319    CLEAR  (SCALE 0-3)   7
DPTR FM NORMAL    32    PTCLDY (SCALE 4-7)   7
TOTAL FM JUL 1  8266    CLOUDY (SCALE 8-10)  5
DPTR FM NORMAL   862

[CDD (BASE 65) ]
TOTAL THIS MO.     0
DPTR FM NORMAL     0    [PRESSURE DATA]
TOTAL FM JAN 1     0    HIGHEST SLP M ON M
DPTR FM NORMAL    -1    LOWEST  SLP 29.53 ON 17

[REMARKS]
