000
CXUS56 KTFX 191205
CF6GTF
PRELIMINARY LOCAL CLIMATOLOGICAL DATA (WS FORM: F-6)

                                          STATION:   GREAT FALLS MT
                                          MONTH:     MARCH
                                          YEAR:      2019
                                          LATITUDE:   47 28 N
                                          LONGITUDE: 111 22 W

  TEMPERATURE IN F:       :PCPN:    SNOW:  WIND      :SUNSHINE: SKY     :PK WND
================================================================================
1   2   3   4   5  6A  6B    7    8   9   10  11  12  13   14  15   16   17  18
                                     12Z  AVG MX 2MIN
DY MAX MIN AVG DEP HDD CDD  WTR  SNW DPTH SPD SPD DIR MIN PSBL S-S WX    SPD DR
================================================================================

 1  14  -8   3 -27  62   0 0.06  1.2   14 10.6 28 350   M    M  10 128    35 350
 2  -8 -25 -16 -46  81   0 0.02  0.2   15  5.1  9 210   M    M   5 18     12 340
 3  -8 -32 -20 -50  85   0 0.00  0.0   15 10.0 16 220   M    M   0        18 220
 4  -1 -24 -12 -43  77   0 0.00  0.0   14 11.7 17 210   M    M   0        21 210
 5  13 -17  -2 -33  67   0 0.00  0.0   12  8.0 18 220   M    M   0        22 220
 6  10   0   5 -26  60   0 0.06  0.7   12  3.7  9  20   M    M   8 1      11  30
 7  36   2  19 -13  46   0 0.00  0.0   12  8.3 25 230   M    M   4 18     31 240
 8  33   9  21 -11  44   0 0.00  0.0   12 10.3 21 220   M    M   0        23 210
 9  29   4  17 -15  48   0 0.00  0.0   12  6.0 17 200   M    M   3        19 200
10  30   1  16 -16  49   0 0.00  0.0   11 12.1 18 200   M    M   0        21 230
11  37  18  28  -5  37   0 0.00  0.0   11 21.8 29 230   M    M   0        37 230
12  41  22  32  -1  33   0 0.00  0.0   10 14.2 36 230   M    M   3        43 230
13  30  12  21 -12  44   0 0.21  2.5   12 10.4 18 340   M    M   7 1      23 350
14  34  11  23 -11  42   0 0.00  0.0   12  8.6 16 250   M    M   4        24 260
15  38  18  28  -6  37   0 0.00  0.0   12 11.0 18 230   M    M   1        22 210
16  43  15  29  -5  36   0 0.00  0.0   11  6.5 12 210   M    M   0        12 210
17  41  21  31  -3  34   0 0.00  0.0   10  4.0 12 220   M    M   1        13 220
18  38  17  28  -7  37   0 0.00  0.0   10 10.1 18 220   M    M   0        20 220
================================================================================
SM  450   44       919   0  0.35     4.6 172.4          M       46
================================================================================
AV 25.0  2.4                               9.6 FASTST   M    M   3    MAX(MPH)
                                 MISC ---->  # 36 230               # 43  230
================================================================================
NOTES:
# LAST OF SEVERAL OCCURRENCES

COLUMN 17 PEAK WIND IN M.P.H.

PRELIMINARY LOCAL CLIMATOLOGICAL DATA (WS FORM: F-6) , PAGE 2

                                          STATION:  GREAT FALLS MT
                                          MONTH:    MARCH
                                          YEAR:     2019
                                          LATITUDE:   47 28 N
                                          LONGITUDE: 111 22 W

[TEMPERATURE DATA]      [PRECIPITATION DATA]       SYMBOLS USED IN COLUMN 16

AVERAGE MONTHLY: 13.7   TOTAL FOR MONTH:   0.35    1 = FOG OR MIST
DPTR FM NORMAL: -18.6   DPTR FM NORMAL:   -0.11    2 = FOG REDUCING VISIBILITY
HIGHEST:    43 ON 16    GRTST 24HR  0.21 ON 13-13      TO 1/4 MILE OR LESS
LOWEST:    -32 ON  3                               3 = THUNDER
                        SNOW, ICE PELLETS, HAIL    4 = ICE PELLETS
                        TOTAL MONTH:   4.6 INCHES  5 = HAIL
                        GRTST 24HR   2.5 ON 13-13  6 = FREEZING RAIN OR DRIZZLE
                        GRTST DEPTH:  15 ON  3, 2  7 = DUSTSTORM OR SANDSTORM:
                                                       VSBY 1/2 MILE OR LESS
                                                   8 = SMOKE OR HAZE
[NO. OF DAYS WITH]      [WEATHER - DAYS WITH]      9 = BLOWING SNOW
                                                   X = TORNADO
MAX 32 OR BELOW:   9    0.01 INCH OR MORE:   4
MAX 90 OR ABOVE:   0    0.10 INCH OR MORE:   1
MIN 32 OR BELOW:  18    0.50 INCH OR MORE:   0
MIN  0 OR BELOW:   6    1.00 INCH OR MORE:   0

[HDD (BASE 65) ]
TOTAL THIS MO.   919    CLEAR  (SCALE 0-3)  12
DPTR FM NORMAL   330    PTCLDY (SCALE 4-7)   5
TOTAL FM JUL 1  6951    CLOUDY (SCALE 8-10)  1
DPTR FM NORMAL   857

[CDD (BASE 65) ]
TOTAL THIS MO.     0
DPTR FM NORMAL     0    [PRESSURE DATA]
TOTAL FM JAN 1     0    HIGHEST SLP M ON M
DPTR FM NORMAL     0    LOWEST  SLP 29.72 ON 12

[REMARKS]
