000
CXUS54 KEWX 190910
CF6GTU
PRELIMINARY LOCAL CLIMATOLOGICAL DATA (WS FORM: F-6)

                                          STATION:   GEORGETOWN
                                          MONTH:     MARCH
                                          YEAR:      2019
                                          LATITUDE:   30 40 N
                                          LONGITUDE:  97 41 W

  TEMPERATURE IN F:       :PCPN:    SNOW:  WIND      :SUNSHINE: SKY     :PK WND
================================================================================
1   2   3   4   5  6A  6B    7    8   9   10  11  12  13   14  15   16   17  18
                                     12Z  AVG MX 2MIN
DY MAX MIN AVG DEP HDD CDD  WTR  SNW DPTH SPD SPD DIR MIN PSBL S-S WX    SPD DR
================================================================================

 1  50  40  45   M  20   0 0.00    M    M  4.5  7  40   M    M   9 18      M  M
 2  48  42  45   M  20   0 0.01    M    M  7.0  9  40   M    M  10 12      M  M
 3  43  31  37   M  28   0 0.02    M    M 13.0 20  10   M    M   8 1      28  10
 4  35  27  31   M  34   0 0.00    M    M 13.7 20 360   M    M  10        25 350
 5  47  23  35   M  30   0 0.00    M    M  8.5 18 360   M    M   0        31 350
 6  57  23  40   M  25   0 0.00    M    M  7.1 15 170   M    M   3        21 160
 7  75  50  63   M   2   0 0.00    M    M 13.0 21 190   M    M   6 1      31 200
 8  81  63  72   M   0   7 0.00    M    M 13.1 18 190   M    M   7        28 170
 9  83  50  67   M   0   2 0.01    M    M  8.9 18 170   M    M   4 1      24 170
10  74  47  61   M   4   0 0.00    M    M  5.8 12 360   M    M   6 1       M  M
11  60  54  57   M   8   0 0.01    M    M  8.1 10  10   M    M  10 1       M  M
12  77  56  67   M   0   2 0.01    M    M 10.0 20 160   M    M   9 12     31 150
13  81  54  68   M   0   3 0.56    M    M 10.9 18 170   M    M   5 1      36 170
14  72  54  63   M   2   0 0.00    M    M 11.6 20 180   M    M   1        28 180
15  57  44  51   M  14   0 0.00    M    M  9.9 17  10   M    M   0        23  10
16  61  39  50   M  15   0 0.00    M    M  6.8 15  60   M    M   4         M  M
17  66  43  55   M  10   0 0.00    M    M  4.2  8  50   M    M   1         M  M
18  69  40  55   M  10   0 0.00    M    M  3.1  9 100   M    M   0        16  90
================================================================================
SM 1136  780       222  14  0.62    M    159.2          M       93
================================================================================
AV 63.1 43.3                               8.8 FASTST   M    M   5    MAX(MPH)
                                 MISC ---->  # 21 190               # 36  170
================================================================================
NOTES:
# LAST OF SEVERAL OCCURRENCES

COLUMN 17 PEAK WIND IN M.P.H.

PRELIMINARY LOCAL CLIMATOLOGICAL DATA (WS FORM: F-6) , PAGE 2

                                          STATION:  GEORGETOWN
                                          MONTH:    MARCH
                                          YEAR:     2019
                                          LATITUDE:   30 40 N
                                          LONGITUDE:  97 41 W

[TEMPERATURE DATA]      [PRECIPITATION DATA]       SYMBOLS USED IN COLUMN 16

AVERAGE MONTHLY: 53.2   TOTAL FOR MONTH:   0.62    1 = FOG OR MIST
DPTR FM NORMAL:     M   DPTR FM NORMAL:       M    2 = FOG REDUCING VISIBILITY
HIGHEST:    83 ON  9    GRTST 24HR  0.56 ON 13-13      TO 1/4 MILE OR LESS
LOWEST:     23 ON  6, 5                            3 = THUNDER
                        SNOW, ICE PELLETS, HAIL    4 = ICE PELLETS
                        TOTAL MONTH:    M          5 = HAIL
                        GRTST 24HR    M  ON   M    6 = FREEZING RAIN OR DRIZZLE
                        GRTST DEPTH:  M  ON   M    7 = DUSTSTORM OR SANDSTORM:
                                                       VSBY 1/2 MILE OR LESS
                                                   8 = SMOKE OR HAZE
[NO. OF DAYS WITH]      [WEATHER - DAYS WITH]      9 = BLOWING SNOW
                                                   X = TORNADO
MAX 32 OR BELOW:   0    0.01 INCH OR MORE:   6
MAX 90 OR ABOVE:   0    0.10 INCH OR MORE:   1
MIN 32 OR BELOW:   4    0.50 INCH OR MORE:   1
MIN  0 OR BELOW:   0    1.00 INCH OR MORE:   0

[HDD (BASE 65) ]
TOTAL THIS MO.   222    CLEAR  (SCALE 0-3)   5
DPTR FM NORMAL     M    PTCLDY (SCALE 4-7)   7
TOTAL FM JUL 1  1896    CLOUDY (SCALE 8-10)  6
DPTR FM NORMAL     M

[CDD (BASE 65) ]
TOTAL THIS MO.    14
DPTR FM NORMAL     M    [PRESSURE DATA]
TOTAL FM JAN 1    37    HIGHEST SLP M ON M
DPTR FM NORMAL     M    LOWEST  SLP M ON M

[REMARKS]
