000
CXUS54 KEWX 230910
CF6GTU
PRELIMINARY LOCAL CLIMATOLOGICAL DATA (WS FORM: F-6)

                                          STATION:   GEORGETOWN
                                          MONTH:     MAY
                                          YEAR:      2019
                                          LATITUDE:   30 40 N
                                          LONGITUDE:  97 41 W

  TEMPERATURE IN F:       :PCPN:    SNOW:  WIND      :SUNSHINE: SKY     :PK WND
================================================================================
1   2   3   4   5  6A  6B    7    8   9   10  11  12  13   14  15   16   17  18
                                     12Z  AVG MX 2MIN
DY MAX MIN AVG DEP HDD CDD  WTR  SNW DPTH SPD SPD DIR MIN PSBL S-S WX    SPD DR
================================================================================

 1  83  73  78   M   0  13    T    M    M  9.8 17 170   M    M   9 1      24 170
 2  75  61  68   M   0   3 1.08    M    M  8.2 13 350   M    M   9 138    17  20
 3  78  63  71   M   0   6 1.54    M    M  6.4 18  90   M    M   9 13     22  90
 4  80  59  70   M   0   5 0.01    M    M  7.1 17 340   M    M   3        22 350
 5  84  55  70   M   0   5 0.00    M    M  4.4 12 150   M    M   2        17 150
 6  75  66  71   M   0   6 0.00    M    M  5.8 12 170   M    M   4 8       M  M
 7  85  68  77   M   0  12 0.46    M    M  6.1 20 110   M    M   7 13     33 110
 8  75  64  70   M   0   5 1.48    M    M  5.8 20 310   M    M   8 13     25 350
 9  85  60  73   M   0   8 0.11    M    M  7.6 16 350   M    M   8 13     23 360
10  66  52  59   M   6   0    T    M    M 11.2 18 360   M    M  10 1      31 360
11  64  55  60   M   5   0 0.22    M    M  5.7 12 330   M    M  10 13      M  M
12  77  54  66   M   0   1 0.00    M    M  5.7 13 340   M    M   2        17  30
13  82  53  68   M   0   3 0.00    M    M  3.6  9  90   M    M   0         M  M
14  81  59  70   M   0   5 0.00    M    M  2.8 14 330   M    M   4 8       M  M
15  85  60  73   M   0   8 0.00    M    M  3.8 10 120   M    M   2 12      M  M
16  85  65  75   M   0  10 0.00    M    M  7.5 13 170   M    M   2 8      18 160
17  88  71  80   M   0  15 0.00    M    M 11.3 16 160   M    M   9        25 150
18  82  75  79   M   0  14 0.14    M    M 10.4 15 170   M    M  10 138    25 170
19  91  73  82   M   0  17 0.00    M    M  5.4  9 140   M    M   6 1       M  M
20  89  76  83   M   0  18 0.00    M    M 12.8 24 160   M    M   9 18     36 150
21  86  62  74   M   0   9 0.14    M    M  7.9 23 170   M    M   7 13     37 170
22  90  71  81   M   0  16 0.00    M    M 11.3 20 170   M    M   8 18     28 160
================================================================================
SM 1786 1395        11 179  5.18    M    160.6          M      138
================================================================================
AV 81.2 63.4                               7.3 FASTST   M    M   6    MAX(MPH)
                                 MISC ---->  # 24 160               # 37  170
================================================================================
NOTES:
# LAST OF SEVERAL OCCURRENCES

COLUMN 17 PEAK WIND IN M.P.H.

PRELIMINARY LOCAL CLIMATOLOGICAL DATA (WS FORM: F-6) , PAGE 2

                                          STATION:  GEORGETOWN
                                          MONTH:    MAY
                                          YEAR:     2019
                                          LATITUDE:   30 40 N
                                          LONGITUDE:  97 41 W

[TEMPERATURE DATA]      [PRECIPITATION DATA]       SYMBOLS USED IN COLUMN 16

AVERAGE MONTHLY: 72.3   TOTAL FOR MONTH:   5.18    1 = FOG OR MIST
DPTR FM NORMAL:     M   DPTR FM NORMAL:       M    2 = FOG REDUCING VISIBILITY
HIGHEST:    91 ON 19    GRTST 24HR  1.54 ON  3- 3      TO 1/4 MILE OR LESS
LOWEST:     52 ON 10                               3 = THUNDER
                        SNOW, ICE PELLETS, HAIL    4 = ICE PELLETS
                        TOTAL MONTH:    M          5 = HAIL
                        GRTST 24HR    M  ON   M    6 = FREEZING RAIN OR DRIZZLE
                        GRTST DEPTH:  M  ON   M    7 = DUSTSTORM OR SANDSTORM:
                                                       VSBY 1/2 MILE OR LESS
                                                   8 = SMOKE OR HAZE
[NO. OF DAYS WITH]      [WEATHER - DAYS WITH]      9 = BLOWING SNOW
                                                   X = TORNADO
MAX 32 OR BELOW:   0    0.01 INCH OR MORE:   9
MAX 90 OR ABOVE:   2    0.10 INCH OR MORE:   8
MIN 32 OR BELOW:   0    0.50 INCH OR MORE:   3
MIN  0 OR BELOW:   0    1.00 INCH OR MORE:   3

[HDD (BASE 65) ]
TOTAL THIS MO.    11    CLEAR  (SCALE 0-3)   6
DPTR FM NORMAL     M    PTCLDY (SCALE 4-7)   8
TOTAL FM JUL 1  2018    CLOUDY (SCALE 8-10)  8
DPTR FM NORMAL     M

[CDD (BASE 65) ]
TOTAL THIS MO.   179
DPTR FM NORMAL     M    [PRESSURE DATA]
TOTAL FM JAN 1   371    HIGHEST SLP M ON M
DPTR FM NORMAL     M    LOWEST  SLP M ON M

[REMARKS]
