000
CXUS55 KABQ 181000
CF6GUP
PRELIMINARY LOCAL CLIMATOLOGICAL DATA (WS FORM: F-6)

                                          STATION:   GALLUP NM
                                          MONTH:     MARCH
                                          YEAR:      2019
                                          LATITUDE:   35 30 N
                                          LONGITUDE: 108 48 W

  TEMPERATURE IN F:       :PCPN:    SNOW:  WIND      :SUNSHINE: SKY     :PK WND
================================================================================
1   2   3   4   5  6A  6B    7    8   9   10  11  12  13   14  15   16   17  18
                                     12Z  AVG MX 2MIN
DY MAX MIN AVG DEP HDD CDD  WTR  SNW DPTH SPD SPD DIR MIN PSBL S-S WX    SPD DR
================================================================================

 1  55  36  46   9  19   0 0.00    M    M  9.5 17 240   M    M   1        23 230
 2  56  36  46   9  19   0 0.02    M    M 15.4 40 240   M    M   6        48 210
 3  55  38  47  10  18   0    T    M    M 16.0 29 240   M    M   8        35 250
 4  56  29  43   6  22   0 0.00    M    M 11.3 24 260   M    M   3        29 250
 5  63  24  44   7  21   0 0.00    M    M  3.3 16 210   M    M   0        22 240
 6  65  27  46   8  19   0 0.00    M    M 14.0 38 240   M    M   2        47 240
 7  63  44  54  16  11   0 0.00    M    M 17.3 39 260   M    M   0        49 240
 8  57  30  44   6  21   0 0.02    M    M 19.1 40 270   M    M   5 1      56 260
 9  49  21  35  -3  30   0 0.00    M    M  7.6 24 250   M    M   0        32 250
10  58  19  39   1  26   0 0.03    M    M  8.1 23 270   M    M   1 1      29 270
11  51  33  42   4  23   0 0.43    M    M  7.8 21  40   M    M   6 13     27 170
12  49  33  41   2  24   0 0.48    M    M 11.6 30 230   M    M   8 1      38 230
13  39  28  34  -5  31   0 0.05    M    M 22.5 38 260   M    M   9 128    46 260
14  39  27  33  -6  32   0 0.00    M    M  7.3 17 250   M    M   9        21 250
15  49  24  37  -2  28   0 0.00    M    M 10.0 20  80   M    M   2        25  70
16  55  24  40   1  25   0 0.00    M    M  7.5 18  10   M    M   0        24  20
17  60  25  43   4  22   0 0.00    M    M  5.7 16  30   M    M   0        23  40
================================================================================
SM  919  498       391   0  1.03    M    194.0          M       60
================================================================================
AV 54.1 29.3                              11.4 FASTST   M    M   4    MAX(MPH)
                                 MISC ---->  # 40 270               # 56  260
================================================================================
NOTES:
# LAST OF SEVERAL OCCURRENCES

COLUMN 17 PEAK WIND IN M.P.H.

PRELIMINARY LOCAL CLIMATOLOGICAL DATA (WS FORM: F-6) , PAGE 2

                                          STATION:  GALLUP NM
                                          MONTH:    MARCH
                                          YEAR:     2019
                                          LATITUDE:   35 30 N
                                          LONGITUDE: 108 48 W

[TEMPERATURE DATA]      [PRECIPITATION DATA]       SYMBOLS USED IN COLUMN 16

AVERAGE MONTHLY: 41.7   TOTAL FOR MONTH:   1.03    1 = FOG OR MIST
DPTR FM NORMAL:   3.7   DPTR FM NORMAL:    0.59    2 = FOG REDUCING VISIBILITY
HIGHEST:    65 ON  6    GRTST 24HR  0.48 ON 12-12      TO 1/4 MILE OR LESS
LOWEST:     19 ON 10                               3 = THUNDER
                        SNOW, ICE PELLETS, HAIL    4 = ICE PELLETS
                        TOTAL MONTH:    M          5 = HAIL
                        GRTST 24HR    M  ON   M    6 = FREEZING RAIN OR DRIZZLE
                        GRTST DEPTH:  M  ON   M    7 = DUSTSTORM OR SANDSTORM:
                                                       VSBY 1/2 MILE OR LESS
                                                   8 = SMOKE OR HAZE
[NO. OF DAYS WITH]      [WEATHER - DAYS WITH]      9 = BLOWING SNOW
                                                   X = TORNADO
MAX 32 OR BELOW:   0    0.01 INCH OR MORE:   6
MAX 90 OR ABOVE:   0    0.10 INCH OR MORE:   2
MIN 32 OR BELOW:  11    0.50 INCH OR MORE:   0
MIN  0 OR BELOW:   0    1.00 INCH OR MORE:   0

[HDD (BASE 65) ]
TOTAL THIS MO.   391    CLEAR  (SCALE 0-3)   9
DPTR FM NORMAL   -67    PTCLDY (SCALE 4-7)   5
TOTAL FM JUL 1  2901    CLOUDY (SCALE 8-10)  3
DPTR FM NORMAL -2159

[CDD (BASE 65) ]
TOTAL THIS MO.     0
DPTR FM NORMAL     0    [PRESSURE DATA]
TOTAL FM JAN 1     0    HIGHEST SLP M ON M
DPTR FM NORMAL     0    LOWEST  SLP 29.36 ON 13

[REMARKS]
