000
CXUS55 KABQ 261000
CF6GUP
PRELIMINARY LOCAL CLIMATOLOGICAL DATA (WS FORM: F-6)

                                          STATION:   GALLUP NM
                                          MONTH:     MAY
                                          YEAR:      2019
                                          LATITUDE:   35 30 N
                                          LONGITUDE: 108 48 W

  TEMPERATURE IN F:       :PCPN:    SNOW:  WIND      :SUNSHINE: SKY     :PK WND
================================================================================
1   2   3   4   5  6A  6B    7    8   9   10  11  12  13   14  15   16   17  18
                                     12Z  AVG MX 2MIN
DY MAX MIN AVG DEP HDD CDD  WTR  SNW DPTH SPD SPD DIR MIN PSBL S-S WX    SPD DR
================================================================================

 1  67  35  51   0  14   0 0.00    M    M 10.2 25 260   M    M   3        40 280
 2  70  30  50  -1  15   0 0.00  0.0    0  7.7 26 260   M    M   0        32 260
 3  71  27  49  -3  16   0 0.00    M    M  4.4 17 290   M    M   0        23 240
 4  75  28  52   0  13   0 0.00    M    M  7.0 24 260   M    M   1        37 240
 5  76  39  58   6   7   0 0.00    M    M  7.0 23 240   M    M   0        28 240
 6  72  37  55   2  10   0    T    M    M  7.4 20 250   M    M   0        26 210
 7  66  32  49  -4  16   0    T    M    M  9.0 31 270   M    M   2 3      42 200
 8  57  37  47  -6  18   0 0.36    M    M  8.9 25 300   M    M   7 13     30 250
 9  62  32  47  -7  18   0 0.18    M    M  6.4 31 250   M    M   7 1      41 250
10  51  41  46  -8  19   0 0.59    M    M  4.0 16 110   M    M  10 1      19 120
11  58  41  50  -4  15   0 0.11    M    M  3.6 17 260   M    M   5 1      23 270
12  68  36  52  -2  13   0 0.00    M    M  3.7 21 220   M    M   0 1      26 360
13  74  38  56   1   9   0 0.00    M    M  3.1 15  20   M    M   1        17  20
14  77  41  59   4   6   0 0.00    M    M  4.6 20 160   M    M   0        25 140
15  80  40  60   5   5   0 0.00    M    M  5.4 20 240   M    M   1        26 250
16  77  46  62   6   3   0 0.00    M    M 12.0 32 240   M    M   0        42 250
17  64  41  53  -3  12   0 0.07    M    M 17.1 35 240   M    M   3 1      44 270
18  63  32  48  -8  17   0 0.00    M    M  8.3 24 270   M    M   2        30 270
19  63  39  51  -6  14   0 0.00    M    M 11.9 30 230   M    M   4        37 220
20  49  33  41 -16  24   0 0.22    M    M 12.0 30 260   M    M   6 1      37 280
21  55  34  45 -12  20   0    T    M    M 15.3 30 230   M    M   9        39 220
22  61  34  48  -9  17   0 0.00    M    M  9.4 23 250   M    M   5        32 240
23  56  31  44 -14  21   0 0.07    M    M 13.0 33 240   M    M   5        42 240
24  68  26  47 -11  18   0 0.00    M    M  6.3 22 250   M    M   0        27 240
25  76  28  52  -6  13   0 0.00    M    M  8.1 26 240   M    M   0        36 250
================================================================================
SM 1656  878       353   0  1.60     0.0 205.8          M       71
================================================================================
AV 66.2 35.1                               8.2 FASTST   M    M   3    MAX(MPH)
                                 MISC ---->  # 35 240               # 44  270
================================================================================
NOTES:
# LAST OF SEVERAL OCCURRENCES

COLUMN 17 PEAK WIND IN M.P.H.

PRELIMINARY LOCAL CLIMATOLOGICAL DATA (WS FORM: F-6) , PAGE 2

                                          STATION:  GALLUP NM
                                          MONTH:    MAY
                                          YEAR:     2019
                                          LATITUDE:   35 30 N
                                          LONGITUDE: 108 48 W

[TEMPERATURE DATA]      [PRECIPITATION DATA]       SYMBOLS USED IN COLUMN 16

AVERAGE MONTHLY: 50.7   TOTAL FOR MONTH:   1.60    1 = FOG OR MIST
DPTR FM NORMAL:  -4.0   DPTR FM NORMAL:    1.15    2 = FOG REDUCING VISIBILITY
HIGHEST:    80 ON 15    GRTST 24HR  0.59 ON 10-10      TO 1/4 MILE OR LESS
LOWEST:     26 ON 24                               3 = THUNDER
                        SNOW, ICE PELLETS, HAIL    4 = ICE PELLETS
                        TOTAL MONTH:   0.0 INCH    5 = HAIL
                        GRTST 24HR     0.0         6 = FREEZING RAIN OR DRIZZLE
                        GRTST DEPTH:   0           7 = DUSTSTORM OR SANDSTORM:
                                                       VSBY 1/2 MILE OR LESS
                                                   8 = SMOKE OR HAZE
[NO. OF DAYS WITH]      [WEATHER - DAYS WITH]      9 = BLOWING SNOW
                                                   X = TORNADO
MAX 32 OR BELOW:   0    0.01 INCH OR MORE:   7
MAX 90 OR ABOVE:   0    0.10 INCH OR MORE:   5
MIN 32 OR BELOW:   9    0.50 INCH OR MORE:   1
MIN  0 OR BELOW:   0    1.00 INCH OR MORE:   0

[HDD (BASE 65) ]
TOTAL THIS MO.   353    CLEAR  (SCALE 0-3)  16
DPTR FM NORMAL    94    PTCLDY (SCALE 4-7)   7
TOTAL FM JUL 1  4029    CLOUDY (SCALE 8-10)  2
DPTR FM NORMAL -2199

[CDD (BASE 65) ]
TOTAL THIS MO.     0
DPTR FM NORMAL     0    [PRESSURE DATA]
TOTAL FM JAN 1     0    HIGHEST SLP M ON M
DPTR FM NORMAL     0    LOWEST  SLP 29.44 ON 20

[REMARKS]
