000
CXUS54 KAMA 221015
CF6GUY
PRELIMINARY LOCAL CLIMATOLOGICAL DATA (WS FORM: F-6)

                                          STATION:   GUYMON
                                          MONTH:     MARCH
                                          YEAR:      2019
                                          LATITUDE:   36 41 N
                                          LONGITUDE: 101 30 W

  TEMPERATURE IN F:       :PCPN:    SNOW:  WIND      :SUNSHINE: SKY     :PK WND
================================================================================
1   2   3   4   5  6A  6B    7    8   9   10  11  12  13   14  15   16   17  18
                                     12Z  AVG MX 2MIN
DY MAX MIN AVG DEP HDD CDD  WTR  SNW DPTH SPD SPD DIR MIN PSBL S-S WX    SPD DR
================================================================================

 1  66  22  44   2  21   0 0.00    M    M  9.9 29  20   M    M   0        37  20
 2  32  21  27 -15  38   0 0.04    M    M  9.6 20  20   M    M   9 18     23  20
 3  21  10  16 -26  49   0 0.03    M    M 14.3 23  30   M    M  10 189    28  30
 4  22  10  16 -27  49   0 0.04    M    M  4.4 12  20   M    M   8        14 300
 5  39   9  24 -19  41   0 0.00    M    M  6.6 15  10   M    M   0        19  20
 6  71  22  47   4  18   0 0.00    M    M 17.8 33 210   M    M   0        40 210
 7  57  28  43  -1  22   0 0.00    M    M 10.1 18 340   M    M   0        23 340
 8  63  23  43  -1  22   0 0.00    M    M 12.8 32 200   M    M   0        40 200
 9  64  36  50   6  15   0    T    M    M 16.2 40 250   M    M   2        54 240
10  54  27  41  -3  24   0 0.00    M    M  7.3 17 140   M    M   0        22 140
11  55  32  44  -1  21   0 0.07    M    M 11.1 20 160   M    M   8 1      24 160
12  60  45  53   8  12   0 0.39    M    M 12.6 22 150   M    M  10 13     29 150
13  63  38  51   6  14   0 0.18    M    M 32.1 56 210   M    M   6 13     69 220
14  49  28  39  -7  26   0 0.00    M    M 25.7 43 340   M    M   1        55 330
15  53  26  40  -6  25   0 0.00    M    M  6.8 16 320   M    M   0        20 190
16  65  25  45  -1  20   0 0.00    M    M  9.4 23 230   M    M   0        29 220
17  67  27  47   0  18   0 0.00    M    M  7.2 16 190   M    M   0        21 220
18  67  32  50   3  15   0 0.00    M    M 10.2 21 200   M    M   0        27 190
19  60  40  50   3  15   0 0.01    M    M 12.8 21 340   M    M   5        26 200
20  65  32  49   1  16   0 0.00    M    M  8.6 20 320   M    M   1        26 320
21  68  31  50   2  15   0    T    M    M  6.3 20 190   M    M   0        24 180
================================================================================
SM 1161  564       496   0  0.76    M    251.8          M       60
================================================================================
AV 55.3 26.9                              12.0 FASTST   M    M   3    MAX(MPH)
                                 MISC ---->  # 56 210               # 69  220
================================================================================
NOTES:
# LAST OF SEVERAL OCCURRENCES

COLUMN 17 PEAK WIND IN M.P.H.

PRELIMINARY LOCAL CLIMATOLOGICAL DATA (WS FORM: F-6) , PAGE 2

                                          STATION:  GUYMON
                                          MONTH:    MARCH
                                          YEAR:     2019
                                          LATITUDE:   36 41 N
                                          LONGITUDE: 101 30 W

[TEMPERATURE DATA]      [PRECIPITATION DATA]       SYMBOLS USED IN COLUMN 16

AVERAGE MONTHLY: 41.1   TOTAL FOR MONTH:   0.76    1 = FOG OR MIST
DPTR FM NORMAL:  -3.7   DPTR FM NORMAL:   -0.18    2 = FOG REDUCING VISIBILITY
HIGHEST:    71 ON  6    GRTST 24HR  0.39 ON 12-12      TO 1/4 MILE OR LESS
LOWEST:      9 ON  5                               3 = THUNDER
                        SNOW, ICE PELLETS, HAIL    4 = ICE PELLETS
                        TOTAL MONTH:    M          5 = HAIL
                        GRTST 24HR    M  ON   M    6 = FREEZING RAIN OR DRIZZLE
                        GRTST DEPTH:  M  ON   M    7 = DUSTSTORM OR SANDSTORM:
                                                       VSBY 1/2 MILE OR LESS
                                                   8 = SMOKE OR HAZE
[NO. OF DAYS WITH]      [WEATHER - DAYS WITH]      9 = BLOWING SNOW
                                                   X = TORNADO
MAX 32 OR BELOW:   3    0.01 INCH OR MORE:   7
MAX 90 OR ABOVE:   0    0.10 INCH OR MORE:   2
MIN 32 OR BELOW:  17    0.50 INCH OR MORE:   0
MIN  0 OR BELOW:   0    1.00 INCH OR MORE:   0

[HDD (BASE 65) ]
TOTAL THIS MO.   496    CLEAR  (SCALE 0-3)  14
DPTR FM NORMAL    72    PTCLDY (SCALE 4-7)   4
TOTAL FM JUL 1  4077    CLOUDY (SCALE 8-10)  3
DPTR FM NORMAL   186

[CDD (BASE 65) ]
TOTAL THIS MO.     0
DPTR FM NORMAL     0    [PRESSURE DATA]
TOTAL FM JAN 1     0    HIGHEST SLP  0.00 ON M
DPTR FM NORMAL     0    LOWEST  SLP 28.99 ON 13

[REMARKS]
