000
CXUS52 KFFC 231110
CF6GVL
PRELIMINARY LOCAL CLIMATOLOGICAL DATA (WS FORM: F-6)

                                          STATION:   GAINESVILLE
                                          MONTH:     MARCH
                                          YEAR:      2019
                                          LATITUDE:   34 16 N
                                          LONGITUDE:  83 50 W

  TEMPERATURE IN F:       :PCPN:    SNOW:  WIND      :SUNSHINE: SKY     :PK WND
================================================================================
1   2   3   4   5  6A  6B    7    8   9   10  11  12  13   14  15   16   17  18
                                     12Z  AVG MX 2MIN
DY MAX MIN AVG DEP HDD CDD  WTR  SNW DPTH SPD SPD DIR MIN PSBL S-S WX    SPD DR
================================================================================

 1  65  56  61  12   4   0 0.02  0.0    0  7.8 17 280   M    M  10 1      24 280
 2  66  48  57   8   8   0 0.00  0.0    0  8.5 15 290   M    M   4        21 290
 3  59  43  51   2  14   0 1.21    M    0  5.3 17 280   M    M   8 13     23 280
 4  44  32  38 -12  27   0 0.00  0.0    0 14.3 23 320   M    M   6        31 320
 5  44  27  36 -14  29   0 0.00  0.0    0 13.6 23 280   M    M   1        33 250
 6  44  25  35 -15  30   0 0.00  0.0    0 10.4 21 320   M    M   0        27 310
 7  57  29  43  -7  22   0 0.00  0.0    0  3.7 12 240   M    M   3        16 250
 8  52  43  48  -3  17   0 0.38    M    0  4.6 12  80   M    M  10 13     14  80
 9  50  44  47  -4  18   0 0.03    M    0  8.6 18  90   M    M  10 12     23 110
10  65  46  56   5   9   0 0.01    M    0  6.4 12 240   M    M   8 12     15 250
11  69  47  58   7   7   0 0.13    M    0  3.9 17 360   M    M   4 1      22 360
12  70  44  57   5   8   0 0.00  0.0    0  2.5 10 330   M    M   0        13 270
13  65  47  56   4   9   0 0.00  0.0    0  7.7 16  90   M    M   1        22  90
14  73  53  63  11   2   0 0.28  0.0    0  7.3 16 170   M    M  10 13     21 150
15  67  47  57   5   8   0 0.40    M    0 10.4 22 300   M    M   6 13     32 300
16  55  39  47  -6  18   0 0.00  0.0    0  8.0 18 320   M    M   0        24 320
17  63  38  51  -2  14   0 0.00  0.0    0  5.4 13 290   M    M   0        17 280
18  59  40  50  -3  15   0 0.00  0.0    0  9.2 21 310   M    M   0        29 330
19  56  37  47  -6  18   0 0.00  0.0    0  6.9 18  70   M    M   0        25  90
20  61  35  48  -6  17   0 0.00  0.0    0  4.1  9 110   M    M   0         M  M
21  63  42  53  -1  12   0 0.00  0.0    0  8.8 25 280   M    M   4 18     33 250
22  63  36  50  -4  15   0 0.00  0.0    0 11.7 23 280   M    M   0        31 280
================================================================================
SM 1310  898       321   0  2.46     0.0 169.1          M       85
================================================================================
AV 59.6 40.8                               7.7 FASTST   M    M   4    MAX(MPH)
                                 MISC ---->  # 25 280               # 33  250
================================================================================
NOTES:
# LAST OF SEVERAL OCCURRENCES

COLUMN 17 PEAK WIND IN M.P.H.

PRELIMINARY LOCAL CLIMATOLOGICAL DATA (WS FORM: F-6) , PAGE 2

                                          STATION:  GAINESVILLE
                                          MONTH:    MARCH
                                          YEAR:     2019
                                          LATITUDE:   34 16 N
                                          LONGITUDE:  83 50 W

[TEMPERATURE DATA]      [PRECIPITATION DATA]       SYMBOLS USED IN COLUMN 16

AVERAGE MONTHLY: 50.2   TOTAL FOR MONTH:   2.46    1 = FOG OR MIST
DPTR FM NORMAL:  -1.3   DPTR FM NORMAL:   -1.57    2 = FOG REDUCING VISIBILITY
HIGHEST:    73 ON 14    GRTST 24HR  1.21 ON  3- 3      TO 1/4 MILE OR LESS
LOWEST:     25 ON  6                               3 = THUNDER
                        SNOW, ICE PELLETS, HAIL    4 = ICE PELLETS
                        TOTAL MONTH:   0.0 INCH    5 = HAIL
                        GRTST 24HR     0.0         6 = FREEZING RAIN OR DRIZZLE
                        GRTST DEPTH:   0           7 = DUSTSTORM OR SANDSTORM:
                                                       VSBY 1/2 MILE OR LESS
                                                   8 = SMOKE OR HAZE
[NO. OF DAYS WITH]      [WEATHER - DAYS WITH]      9 = BLOWING SNOW
                                                   X = TORNADO
MAX 32 OR BELOW:   0    0.01 INCH OR MORE:   8
MAX 90 OR ABOVE:   0    0.10 INCH OR MORE:   5
MIN 32 OR BELOW:   4    0.50 INCH OR MORE:   1
MIN  0 OR BELOW:   0    1.00 INCH OR MORE:   1

[HDD (BASE 65) ]
TOTAL THIS MO.   321    CLEAR  (SCALE 0-3)  11
DPTR FM NORMAL    21    PTCLDY (SCALE 4-7)   6
TOTAL FM JUL 1  2655    CLOUDY (SCALE 8-10)  5
DPTR FM NORMAL  -109

[CDD (BASE 65) ]
TOTAL THIS MO.     0
DPTR FM NORMAL     0    [PRESSURE DATA]
TOTAL FM JAN 1     6    HIGHEST SLP M ON M
DPTR FM NORMAL     6    LOWEST  SLP 29.66 ON  3

[REMARKS]
