000
CXUS54 KJAN 271414
CF6GWO
PRELIMINARY LOCAL CLIMATOLOGICAL DATA (WS FORM: F-6)

                                          STATION:   GREENWOOD
                                          MONTH:     MAY
                                          YEAR:      2019
                                          LATITUDE:   33 30 N
                                          LONGITUDE:  90  5 W

  TEMPERATURE IN F:       :PCPN:    SNOW:  WIND      :SUNSHINE: SKY     :PK WND
================================================================================
1   2   3   4   5  6A  6B    7    8   9   10  11  12  13   14  15   16   17  18
                                     12Z  AVG MX 2MIN
DY MAX MIN AVG DEP HDD CDD  WTR  SNW DPTH SPD SPD DIR MIN PSBL S-S WX    SPD DR
================================================================================

 1  86  67  77   9   0  12 0.01  0.0    0  9.8 21 200   M    M   1 1      32 340
 2  85  66  76   8   0  11 0.00  0.0    0  8.3 22 200   M    M   2 18     27 210
 3  79  61  70   2   0   5 0.01  0.0    0  2.8  8  40   M    M   5 1      10 190
 4  72  62  67  -2   0   2 1.78  0.0    0  6.4 14  10   M    M   9 1      19 350
 5  76  57  67  -2   0   2 0.00  0.0    0  4.2 10  20   M    M   5        17 310
 6  83  54  69   0   0   4 0.00  0.0    0  2.2  9 220   M    M   0        12 210
 7  87  59  73   4   0   8 0.00  0.0    0  4.4 10 140   M    M   0        15 140
 8  87  65  76   6   0  11 1.03  0.0    0 11.0 28 200   M    M   3 13     36 200
 9  71  65  68  -2   0   3 1.75  0.0    0  5.9 31 350   M    M   9 13     36 360
10  69  65  67  -3   0   2 1.27  0.0    0  5.6 20  50   M    M  10 1      23  50
11  75  65  70  -1   0   5 0.14  0.0    0  3.5 10 130   M    M  10 1      14 290
12  73  57  65  -6   0   0 0.01  0.0    0  3.1 14 350   M    M   8 13     19 350
13  78  54  66  -5   0   1 0.00  0.0    0  3.8 13 340   M    M   2 12     19 360
14  80  54  67  -4   0   2 0.00  0.0    0  3.2  8  60   M    M   2        12 120
15  87  59  73   1   0   8 0.00  0.0    0  4.1 12 220   M    M   1        14 210
16  88  65  77   5   0  12 0.00  0.0    0  3.9 13 210   M    M   0        18 220
17  89  64  77   5   0  12 0.00  0.0    0  5.2 18 190   M    M   0 1      22 210
18  88  65  77   5   0  12 1.11  0.0    0 10.6 29 210   M    M   3 13     40 300
19  82  66  74   1   0   9 0.31  0.0    0  9.0 18 200   M    M   5 18     25 210
20  89  68  79   6   0  14 0.00  0.0    0  6.2 13 150   M    M   3        16 150
21  90  73  82   9   0  17 0.00  0.0    0 13.3 21 170   M    M   1        29 170
22  91  73  82   9   0  17 0.00  0.0    0 11.2 21 190   M    M   2        27 190
23  91  71  81   7   0  16 0.00  0.0    0  2.9 10 170   M    M   0 1      13 160
24  92  71  82   8   0  17 0.00  0.0    0  5.1 14 170   M    M   2        18 170
25  92  68  80   6   0  15 0.00  0.0    0  4.3 17 170   M    M   0        21 170
26  92  67  80   5   0  15 0.00  0.0    0  4.0 15 190   M    M   0        20 180
================================================================================
SM 2172 1661         0 232  7.42     0.0 154.0          M       83
================================================================================
AV 83.5 63.9                               5.9 FASTST   M    M   3    MAX(MPH)
                                 MISC ---->  # 31 350               # 40  300
================================================================================
NOTES:
# LAST OF SEVERAL OCCURRENCES

COLUMN 17 PEAK WIND IN M.P.H.

PRELIMINARY LOCAL CLIMATOLOGICAL DATA (WS FORM: F-6) , PAGE 2

                                          STATION:  GREENWOOD
                                          MONTH:    MAY
                                          YEAR:     2019
                                          LATITUDE:   33 30 N
                                          LONGITUDE:  90  5 W

[TEMPERATURE DATA]      [PRECIPITATION DATA]       SYMBOLS USED IN COLUMN 16

AVERAGE MONTHLY: 73.7   TOTAL FOR MONTH:   7.42    1 = FOG OR MIST
DPTR FM NORMAL:   2.5   DPTR FM NORMAL:    3.19    2 = FOG REDUCING VISIBILITY
HIGHEST:    92 ON 26,25 GRTST 24HR  1.78 ON  4- 4      TO 1/4 MILE OR LESS
LOWEST:     54 ON 14,13                            3 = THUNDER
                        SNOW, ICE PELLETS, HAIL    4 = ICE PELLETS
                        TOTAL MONTH:   0.0 INCH    5 = HAIL
                        GRTST 24HR     0.0         6 = FREEZING RAIN OR DRIZZLE
                        GRTST DEPTH:   0           7 = DUSTSTORM OR SANDSTORM:
                                                       VSBY 1/2 MILE OR LESS
                                                   8 = SMOKE OR HAZE
[NO. OF DAYS WITH]      [WEATHER - DAYS WITH]      9 = BLOWING SNOW
                                                   X = TORNADO
MAX 32 OR BELOW:   0    0.01 INCH OR MORE:  10
MAX 90 OR ABOVE:   6    0.10 INCH OR MORE:   7
MIN 32 OR BELOW:   0    0.50 INCH OR MORE:   5
MIN  0 OR BELOW:   0    1.00 INCH OR MORE:   5

[HDD (BASE 65) ]
TOTAL THIS MO.     0    CLEAR  (SCALE 0-3)  16
DPTR FM NORMAL   -15    PTCLDY (SCALE 4-7)   6
TOTAL FM JUL 1  2452    CLOUDY (SCALE 8-10)  4
DPTR FM NORMAL  -234

[CDD (BASE 65) ]
TOTAL THIS MO.   232
DPTR FM NORMAL    56    [PRESSURE DATA]
TOTAL FM JAN 1   329    HIGHEST SLP M ON M
DPTR FM NORMAL    51    LOWEST  SLP 29.70 ON  4

[REMARKS]
