000
CXUS54 KJAN 221414
CF6GWO
PRELIMINARY LOCAL CLIMATOLOGICAL DATA (WS FORM: F-6)

                                          STATION:   GREENWOOD
                                          MONTH:     MARCH
                                          YEAR:      2019
                                          LATITUDE:   33 30 N
                                          LONGITUDE:  90  5 W

  TEMPERATURE IN F:       :PCPN:    SNOW:  WIND      :SUNSHINE: SKY     :PK WND
================================================================================
1   2   3   4   5  6A  6B    7    8   9   10  11  12  13   14  15   16   17  18
                                     12Z  AVG MX 2MIN
DY MAX MIN AVG DEP HDD CDD  WTR  SNW DPTH SPD SPD DIR MIN PSBL S-S WX    SPD DR
================================================================================

 1  50  42  46  -6  19   0 0.02  0.0    0  4.8 12  20   M    M   9 1      14 330
 2  54  45  50  -2  15   0    T  0.0    0  6.6 13  40   M    M  10 1      16  20
 3  50  33  42 -10  23   0 0.95  0.0    0 11.7 20 360   M    M  10 13     28 360
 4  33  28  31 -21  34   0 0.00  0.0    0 10.3 20  30   M    M   9        25  20
 5  41  26  34 -19  31   0 0.00  0.0    0  5.7 15 350   M    M   3        21 350
 6  48  23  36 -17  29   0 0.00  0.0    0  3.2  9 340   M    M   0        13 260
 7  57  29  43 -10  22   0 0.00  0.0    0  8.1 20 180   M    M   8        24 170
 8  71  52  62   9   3   0 0.01  0.0    0 10.4 20 200   M    M  10        25 220
 9  76  59  68  14   0   3 0.29  0.0    0 12.5 30 170   M    M   9 123    39 150
10  72  50  61   7   4   0 0.00  0.0    0  5.0 14  60   M    M   6 12     17  60
11  66  49  58   4   7   0 0.47  0.0    0  7.8 22  90   M    M   6 1      29  90
12  73  49  61   6   4   0 0.00  0.0    0  6.4 16 120   M    M   0        22 140
13  76  60  68  13   0   3 0.00  0.0    0 18.3 36 170   M    M   4        51 150
14  77  59  68  13   0   3 0.07  0.0    0 14.0 30 180   M    M   7 1      37 180
15  60  41  51  -4  14   0 0.00  0.0    0  6.5 15 360   M    M   0        22 350
16  60  40  50  -6  15   0 0.00  0.0    0  7.3 18  40   M    M   0        24  40
17  67  32  50  -6  15   0 0.00  0.0    0  3.0 13 360   M    M   0        17 300
18  65  36  51  -5  14   0 0.00  0.0    0  7.5 16  30   M    M   0        23  80
19  65  35  50  -6  15   0 0.00  0.0    0  6.3 20  40   M    M   0        25  40
20  69  35  52  -5  13   0 0.16    M    0  5.0 21 340   M    M   2 1      31 340
21  67  38  53  -4  12   0 0.00  0.0    0  4.9 16 330   M    M   1 12     24 350
================================================================================
SM 1297  861       289   9  1.97     0.0 165.3          M       94
================================================================================
AV 61.8 41.0                               7.9 FASTST   M    M   4    MAX(MPH)
                                 MISC ---->  # 36 170               # 51  150
================================================================================
NOTES:
# LAST OF SEVERAL OCCURRENCES

COLUMN 17 PEAK WIND IN M.P.H.

PRELIMINARY LOCAL CLIMATOLOGICAL DATA (WS FORM: F-6) , PAGE 2

                                          STATION:  GREENWOOD
                                          MONTH:    MARCH
                                          YEAR:     2019
                                          LATITUDE:   33 30 N
                                          LONGITUDE:  90  5 W

[TEMPERATURE DATA]      [PRECIPITATION DATA]       SYMBOLS USED IN COLUMN 16

AVERAGE MONTHLY: 51.4   TOTAL FOR MONTH:   1.97    1 = FOG OR MIST
DPTR FM NORMAL:  -2.9   DPTR FM NORMAL:   -0.85    2 = FOG REDUCING VISIBILITY
HIGHEST:    77 ON 14    GRTST 24HR  0.95 ON  3- 3      TO 1/4 MILE OR LESS
LOWEST:     23 ON  6                               3 = THUNDER
                        SNOW, ICE PELLETS, HAIL    4 = ICE PELLETS
                        TOTAL MONTH:   0.0 INCH    5 = HAIL
                        GRTST 24HR     0.0         6 = FREEZING RAIN OR DRIZZLE
                        GRTST DEPTH:   0           7 = DUSTSTORM OR SANDSTORM:
                                                       VSBY 1/2 MILE OR LESS
                                                   8 = SMOKE OR HAZE
[NO. OF DAYS WITH]      [WEATHER - DAYS WITH]      9 = BLOWING SNOW
                                                   X = TORNADO
MAX 32 OR BELOW:   0    0.01 INCH OR MORE:   7
MAX 90 OR ABOVE:   0    0.10 INCH OR MORE:   4
MIN 32 OR BELOW:   5    0.50 INCH OR MORE:   1
MIN  0 OR BELOW:   0    1.00 INCH OR MORE:   0

[HDD (BASE 65) ]
TOTAL THIS MO.   289    CLEAR  (SCALE 0-3)  10
DPTR FM NORMAL    50    PTCLDY (SCALE 4-7)   5
TOTAL FM JUL 1  2282    CLOUDY (SCALE 8-10)  6
DPTR FM NORMAL  -188

[CDD (BASE 65) ]
TOTAL THIS MO.     9
DPTR FM NORMAL    -6    [PRESSURE DATA]
TOTAL FM JAN 1    24    HIGHEST SLP M ON M
DPTR FM NORMAL     4    LOWEST  SLP 29.77 ON M

[REMARKS]
