000
CXUS54 KEWX 230910
CF6GYB
PRELIMINARY LOCAL CLIMATOLOGICAL DATA (WS FORM: F-6)

                                          STATION:   Giddings-Lee County Airport
                                          MONTH:     MARCH
                                          YEAR:      2019
                                          LATITUDE:   30 10 N
                                          LONGITUDE:  96 59 W

  TEMPERATURE IN F:       :PCPN:    SNOW:  WIND      :SUNSHINE: SKY     :PK WND
================================================================================
1   2   3   4   5  6A  6B    7    8   9   10  11  12  13   14  15   16   17  18
                                     12Z  AVG MX 2MIN
DY MAX MIN AVG DEP HDD CDD  WTR  SNW DPTH SPD SPD DIR MIN PSBL S-S WX    SPD DR
================================================================================

 1  57  43  50   M  15   0 0.00    M    M  2.8  8 360   M    M  10 18      M  M
 2  54  47  51   M  14   0 0.00    M    M  5.1  8  20   M    M  10 12      M  M
 3  47  37  42   M  23   0 0.00    M    M 10.9 17  10   M    M  10 1      28 360
 4  38  32  35   M  30   0 0.00    M    M 11.1 15 360   M    M  10        23 360
 5  47  29  38   M  27   0 0.00    M    M  7.3 14 360   M    M   0        24 360
 6  61  31  46   M  19   0 0.00    M    M  6.0 13 160   M    M   4        20 160
 7  72  50  61   M   4   0 0.00    M    M  6.4 15 210   M    M   8 1      21 210
 8  83  67  75   M   0  10 0.00    M    M 11.2 16 210   M    M   9 1      24 210
 9  87  63  75   M   0  10 0.01    M    M  7.9 14 210   M    M   5        21 190
10  82  63  73   M   0   8 0.00    M    M  2.4  8 130   M    M   8 1       M  M
11  72  59  66   M   0   1 0.00    M    M  4.7  7  40   M    M  10 1       M  M
12  78  61  70   M   0   5 0.00    M    M  9.3 17 160   M    M   9 12     29 150
13  75  57  66   M   0   1 0.31    M    M  8.1 16 150   M    M   7 1      28 170
14  74  58  66   M   0   1 0.12    M    M  7.7 16 180   M    M   4 1      24 190
15  62  51  57   M   8   0 0.00    M    M  9.3 15  20   M    M   2        24  20
16  65  48  57   M   8   0 0.00    M    M  4.0 10  60   M    M   4         M  M
17  69  49  59   M   6   0 0.00    M    M  2.7  9 100   M    M   1         M  M
18  73  45  59   M   6   0 0.00    M    M  2.7  9  90   M    M   0 8      16  80
19  75  48  62   M   3   0 0.00    M    M  3.4  9 140   M    M   5 8      16 140
20  77  49  63   M   2   0 0.00    M    M  2.3  9  10   M    M   6        17  10
21  79  50  65   M   0   0 0.00    M    M  1.9  7  60   M    M   1         M  M
22  82  50  66   M   0   1 0.00    M    M  4.2  8 160   M    M   0 1       M  M
================================================================================
SM 1509 1087       165  37  0.44    M    131.4          M      123
================================================================================
AV 68.6 49.4                               6.0 FASTST   M    M   6    MAX(MPH)
                                 MISC ---->  # 17  10               # 29  150
================================================================================
NOTES:
# LAST OF SEVERAL OCCURRENCES

COLUMN 17 PEAK WIND IN M.P.H.

PRELIMINARY LOCAL CLIMATOLOGICAL DATA (WS FORM: F-6) , PAGE 2

                                          STATION:  Giddings-Lee County Airport
                                          MONTH:    MARCH
                                          YEAR:     2019
                                          LATITUDE:   30 10 N
                                          LONGITUDE:  96 59 W

[TEMPERATURE DATA]      [PRECIPITATION DATA]       SYMBOLS USED IN COLUMN 16

AVERAGE MONTHLY: 59.0   TOTAL FOR MONTH:   0.44    1 = FOG OR MIST
DPTR FM NORMAL:     M   DPTR FM NORMAL:       M    2 = FOG REDUCING VISIBILITY
HIGHEST:    87 ON  9    GRTST 24HR  0.31 ON 13-13      TO 1/4 MILE OR LESS
LOWEST:     29 ON  5                               3 = THUNDER
                        SNOW, ICE PELLETS, HAIL    4 = ICE PELLETS
                        TOTAL MONTH:    M          5 = HAIL
                        GRTST 24HR    M  ON   M    6 = FREEZING RAIN OR DRIZZLE
                        GRTST DEPTH:  M  ON   M    7 = DUSTSTORM OR SANDSTORM:
                                                       VSBY 1/2 MILE OR LESS
                                                   8 = SMOKE OR HAZE
[NO. OF DAYS WITH]      [WEATHER - DAYS WITH]      9 = BLOWING SNOW
                                                   X = TORNADO
MAX 32 OR BELOW:   0    0.01 INCH OR MORE:   3
MAX 90 OR ABOVE:   0    0.10 INCH OR MORE:   2
MIN 32 OR BELOW:   3    0.50 INCH OR MORE:   0
MIN  0 OR BELOW:   0    1.00 INCH OR MORE:   0

[HDD (BASE 65) ]
TOTAL THIS MO.   165    CLEAR  (SCALE 0-3)   6
DPTR FM NORMAL     M    PTCLDY (SCALE 4-7)   9
TOTAL FM JUL 1  1769    CLOUDY (SCALE 8-10)  7
DPTR FM NORMAL     M

[CDD (BASE 65) ]
TOTAL THIS MO.    37
DPTR FM NORMAL     M    [PRESSURE DATA]
TOTAL FM JAN 1    63    HIGHEST SLP M ON M
DPTR FM NORMAL     M    LOWEST  SLP M ON M

[REMARKS]
