000
CXUS51 KILN 181103
CF6HAO
PRELIMINARY LOCAL CLIMATOLOGICAL DATA (WS FORM: F-6)

                                          STATION:   HAMILTON
                                          MONTH:     MARCH
                                          YEAR:      2019
                                          LATITUDE:   39 21 N
                                          LONGITUDE:  84 31 W

  TEMPERATURE IN F:       :PCPN:    SNOW:  WIND      :SUNSHINE: SKY     :PK WND
================================================================================
1   2   3   4   5  6A  6B    7    8   9   10  11  12  13   14  15   16   17  18
                                     12Z  AVG MX 2MIN
DY MAX MIN AVG DEP HDD CDD  WTR  SNW DPTH SPD SPD DIR MIN PSBL S-S WX    SPD DR
================================================================================

 1  42  30  36  -1  29   0 0.00    M    M  5.6 12  80   M    M  10        15  80
 2  43  35  39   2  26   0    T    M    M  4.6 14 290   M    M  10 18     18 300
 3  35  26  31  -7  34   0 0.09    M    M  8.1 16 320   M    M  10 18     21 320
 4  26  11  19 -19  46   0    T    M    M 10.7 18 290   M    M   5        25 270
 5  23  10  17 -21  48   0    T    M    M 10.9 20 300   M    M   5 8      26 280
 6  29  15  22 -17  43   0    T    M    M  8.4 16 260   M    M   4 8      24 260
 7  37  20  29 -10  36   0 0.00    M    M  3.5  7  50   M    M   3        11 270
 8  39  30  35  -4  30   0 0.01    M    M  5.3 10  70   M    M  10 1      13  80
 9  59  34  47   7  18   0 1.17    M    M  8.3 20 100   M    M   9 13     27 100
10  60  41  51  11  14   0 0.00    M    M 13.6 28 240   M    M   5        50 250
11  51  29  40  -1  25   0 0.00    M    M  6.0 18 310   M    M   2        27 310
12  51  23  37  -4  28   0 0.00    M    M  1.2  6 120   M    M   0 1       9 300
13  72  38  55  14  10   0 0.01    M    M  4.5 14 210   M    M   3        21 210
14  74  53  64  22   1   0 0.45    M    M  9.2 21 180   M    M   5 13     34 200
15  53  35  44   2  21   0    T    M    M 12.7 24 260   M    M   7        34 250
16  46  28  37  -5  28   0 0.00    M    M  6.8 17 310   M    M   2        26 320
17  50  23  37  -6  28   0    T    M    M  3.3 20 330   M    M   5        25 320
================================================================================
SM  790  481       465   0  1.73    M    122.7          M       95
================================================================================
AV 46.5 28.3                               7.2 FASTST   M    M   6    MAX(MPH)
                                 MISC ---->  # 28 240               # 50  250
================================================================================
NOTES:
# LAST OF SEVERAL OCCURRENCES

COLUMN 17 PEAK WIND IN M.P.H.

PRELIMINARY LOCAL CLIMATOLOGICAL DATA (WS FORM: F-6) , PAGE 2

                                          STATION:  HAMILTON
                                          MONTH:    MARCH
                                          YEAR:     2019
                                          LATITUDE:   39 21 N
                                          LONGITUDE:  84 31 W

[TEMPERATURE DATA]      [PRECIPITATION DATA]       SYMBOLS USED IN COLUMN 16

AVERAGE MONTHLY: 37.4   TOTAL FOR MONTH:   1.73    1 = FOG OR MIST
DPTR FM NORMAL:  -2.4   DPTR FM NORMAL:   -0.07    2 = FOG REDUCING VISIBILITY
HIGHEST:    74 ON 14    GRTST 24HR  1.17 ON  9- 9      TO 1/4 MILE OR LESS
LOWEST:     10 ON  5                               3 = THUNDER
                        SNOW, ICE PELLETS, HAIL    4 = ICE PELLETS
                        TOTAL MONTH:    M          5 = HAIL
                        GRTST 24HR    M  ON   M    6 = FREEZING RAIN OR DRIZZLE
                        GRTST DEPTH:  M  ON   M    7 = DUSTSTORM OR SANDSTORM:
                                                       VSBY 1/2 MILE OR LESS
                                                   8 = SMOKE OR HAZE
[NO. OF DAYS WITH]      [WEATHER - DAYS WITH]      9 = BLOWING SNOW
                                                   X = TORNADO
MAX 32 OR BELOW:   3    0.01 INCH OR MORE:   5
MAX 90 OR ABOVE:   0    0.10 INCH OR MORE:   2
MIN 32 OR BELOW:  11    0.50 INCH OR MORE:   1
MIN  0 OR BELOW:   0    1.00 INCH OR MORE:   1

[HDD (BASE 65) ]
TOTAL THIS MO.   465    CLEAR  (SCALE 0-3)   4
DPTR FM NORMAL    37    PTCLDY (SCALE 4-7)   8
TOTAL FM JUL 1  4372    CLOUDY (SCALE 8-10)  5
DPTR FM NORMAL   -21

[CDD (BASE 65) ]
TOTAL THIS MO.     0
DPTR FM NORMAL     0    [PRESSURE DATA]
TOTAL FM JAN 1     0    HIGHEST SLP M ON M
DPTR FM NORMAL     0    LOWEST  SLP 29.57 ON 14

[REMARKS]
