000
CXUS51 KILN 261215
CF6HAO
PRELIMINARY LOCAL CLIMATOLOGICAL DATA (WS FORM: F-6)

                                          STATION:   HAMILTON
                                          MONTH:     MAY
                                          YEAR:      2019
                                          LATITUDE:   39 21 N
                                          LONGITUDE:  84 31 W

  TEMPERATURE IN F:       :PCPN:    SNOW:  WIND      :SUNSHINE: SKY     :PK WND
================================================================================
1   2   3   4   5  6A  6B    7    8   9   10  11  12  13   14  15   16   17  18
                                     12Z  AVG MX 2MIN
DY MAX MIN AVG DEP HDD CDD  WTR  SNW DPTH SPD SPD DIR MIN PSBL S-S WX    SPD DR
================================================================================

 1  83  57  70  12   0   5 0.62    M    M  7.6 21 220   M    M   4 13     38 200
 2  77  58  68   9   0   3    M    M    M  2.4 21 300   M    M   6 123    31 300
 3  73  60  67   8   0   2    M    M    M  3.3 16 300   M    M   8 13     20 300
 4  60  54  57  -2   8   0 0.14    M    M  6.1 12 350   M    M  10 1      15 360
 5  70  50  60   1   5   0    T    M    M  5.9 14 350   M    M   5        19 340
 6  78  45  62   2   3   0 0.00    M    M  1.6  8 210   M    M   0        12 220
 7  81  49  65   5   0   0    T    M    M  2.6 13  20   M    M   3 1      16  20
 8  83  52  68   8   0   3 0.00    M    M  5.0 12  80   M    M   0        18  90
 9  78  63  71  10   0   6    T    M    M  6.2 18 210   M    M   5        31 220
10  66  47  57  -4   8   0 0.05    M    M  7.5 16 320   M    M   7 1      20 300
11  67  43  55  -6  10   0 0.13    M    M  6.9 16  80   M    M   4 1      20  10
12  54  47  51 -10  14   0 0.06    M    M  5.3 12  60   M    M  10 1      16  60
13  55  49  52 -10  13   0    T    M    M  7.3 15 290   M    M  10        21 300
14  68  41  55  -7  10   0 0.00    M    M  1.5 10 300   M    M   3 12     14 290
15  73  44  59  -3   6   0 0.00    M    M  2.8 12 240   M    M   4 1      16 240
16  78  47  63   1   2   0 0.21    M    M  3.4 20 300   M    M   1 1      26 300
17  84  62  73  10   0   8    T    M    M  4.1 20 300   M    M   2        25 310
18  88  60  74  11   0   9 0.00    M    M  4.2 14 230   M    M   1 1      22 230
19  79  62  71   8   0   6 0.34    M    M  6.9 21 260   M    M   4 1      33 220
20  70  51  61  -3   4   0 0.00    M    M  7.5 16 320   M    M   3 1      22 290
21  68  48  58  -6   7   0 0.00    M    M  9.0 17  90   M    M   1        22  80
22  79  55  67   3   0   2    T    M    M  2.9 13 310   M    M   4 1      16 310
23  85  63  74  10   0   9 0.70    M    M  3.9 23 310   M    M   4 123    29 310
24  88  62  75  10   0  10 0.00    M    M  2.9 14 250   M    M   4 1      20 220
25  87  63  75  10   0  10 0.02    M    M  3.5 26 280   M    M   3 1      45 280
================================================================================
SM 1872 1332        90  73  2.27    M    120.3          M      106
================================================================================
AV 74.9 53.3                               4.8 FASTST   M    M   4    MAX(MPH)
                                 MISC ---->  # 26 280               # 45  280
================================================================================
NOTES:
# LAST OF SEVERAL OCCURRENCES

COLUMN 17 PEAK WIND IN M.P.H.

PRELIMINARY LOCAL CLIMATOLOGICAL DATA (WS FORM: F-6) , PAGE 2

                                          STATION:  HAMILTON
                                          MONTH:    MAY
                                          YEAR:     2019
                                          LATITUDE:   39 21 N
                                          LONGITUDE:  84 31 W

[TEMPERATURE DATA]      [PRECIPITATION DATA]       SYMBOLS USED IN COLUMN 16

AVERAGE MONTHLY: 64.1   TOTAL FOR MONTH:   2.27    1 = FOG OR MIST
DPTR FM NORMAL:   2.4   DPTR FM NORMAL:   -1.99    2 = FOG REDUCING VISIBILITY
HIGHEST:    88 ON 24,18 GRTST 24HR  0.70 ON 23-23      TO 1/4 MILE OR LESS
LOWEST:     41 ON 14                               3 = THUNDER
                        SNOW, ICE PELLETS, HAIL    4 = ICE PELLETS
                        TOTAL MONTH:    M          5 = HAIL
                        GRTST 24HR    M  ON   M    6 = FREEZING RAIN OR DRIZZLE
                        GRTST DEPTH:  M  ON   M    7 = DUSTSTORM OR SANDSTORM:
                                                       VSBY 1/2 MILE OR LESS
                                                   8 = SMOKE OR HAZE
[NO. OF DAYS WITH]      [WEATHER - DAYS WITH]      9 = BLOWING SNOW
                                                   X = TORNADO
MAX 32 OR BELOW:   0    0.01 INCH OR MORE:   9
MAX 90 OR ABOVE:   0    0.10 INCH OR MORE:   6
MIN 32 OR BELOW:   0    0.50 INCH OR MORE:   2
MIN  0 OR BELOW:   0    1.00 INCH OR MORE:   0

[HDD (BASE 65) ]
TOTAL THIS MO.    90    CLEAR  (SCALE 0-3)   9
DPTR FM NORMAL     6    PTCLDY (SCALE 4-7)  12
TOTAL FM JUL 1  5052    CLOUDY (SCALE 8-10)  4
DPTR FM NORMAL   -36

[CDD (BASE 65) ]
TOTAL THIS MO.    73
DPTR FM NORMAL    73    [PRESSURE DATA]
TOTAL FM JAN 1    76    HIGHEST SLP M ON M
DPTR FM NORMAL    76    LOWEST  SLP 29.71 ON M

[REMARKS]
