000
CXUS54 KJAN 231414
CF6HBG
PRELIMINARY LOCAL CLIMATOLOGICAL DATA (WS FORM: F-6)

                                          STATION:   HATTIESBURG
                                          MONTH:     MAY
                                          YEAR:      2019
                                          LATITUDE:   31 16 N
                                          LONGITUDE:  89 15 W

  TEMPERATURE IN F:       :PCPN:    SNOW:  WIND      :SUNSHINE: SKY     :PK WND
================================================================================
1   2   3   4   5  6A  6B    7    8   9   10  11  12  13   14  15   16   17  18
                                     12Z  AVG MX 2MIN
DY MAX MIN AVG DEP HDD CDD  WTR  SNW DPTH SPD SPD DIR MIN PSBL S-S WX    SPD DR
================================================================================

 1  86  67  77   7   0  12    T  0.0    0  6.9 17 160   M    M   5 138    25 200
 2  88  65  77   7   0  12 0.00  0.0    0  6.3 15 130   M    M   4 1      21 140
 3  86  65  76   6   0  11 0.00  0.0    0  3.1 12 180   M    M   4 12     15 140
 4  76  68  72   1   0   7 0.69  0.0    0  7.0 24 160   M    M   5 13     36 170
 5  80  60  70  -1   0   5 0.00  0.0    0  5.2 14 340   M    M   6        17 340
 6  85  56  71   0   0   6 0.00  0.0    0  1.9  8 100   M    M   0        10 100
 7  88  57  73   1   0   8 0.00  0.0    0  2.6 12 110   M    M   0 1      15 110
 8  86  62  74   2   0   9    T  0.0    0  6.5 20 140   M    M   2 123    23 150
 9  85  66  76   4   0  11 0.92  0.0    0  8.1 31 280   M    M   8 13     38 270
10  76  65  71  -1   0   6 0.03  0.0    0  4.0 10 100   M    M   7 13     12  90
11  78  68  73   0   0   8 3.43  0.0    0  5.3 18 130   M    M   9 123    28 140
12  84  68  76   3   0  11 0.13  0.0    0  5.7 14 290   M    M   5 13     17 280
13  81  58  70  -3   0   5 0.00  0.0    0  4.6 13 360   M    M   2        18  40
14  81  54  68  -5   0   3 0.00  0.0    0  2.6 12  20   M    M   0        18  10
15  86  57  72  -2   0   7 0.00  0.0    0  1.9  9 330   M    M   0        14 340
16  89  63  76   2   0  11 0.00  0.0    0  2.9 12 200   M    M   0        15 200
17  90  62  76   2   0  11 0.00  0.0    0  4.6 18 140   M    M   0        22 130
18  89  63  76   2   0  11 0.00  0.0    0  8.0 22 150   M    M   4 12     28 170
19  79  66  73  -2   0   8 0.45  0.0    0  3.7 16 290   M    M   3 13     22 280
20  90  65  78   3   0  13 0.00  0.0    0  3.5 18 170   M    M   3 12     23 170
21  89  70  80   5   0  15 0.00  0.0    0  8.8 20 150   M    M   4 12     28 150
22  91  70  81   6   0  16 0.00  0.0    0  6.6 17 150   M    M   3 12     23 140
================================================================================
SM 1863 1395         0 206  5.65     0.0 109.8          M       74
================================================================================
AV 84.7 63.4                               5.0 FASTST   M    M   3    MAX(MPH)
                                 MISC ---->  # 31 280               # 38  270
================================================================================
NOTES:
# LAST OF SEVERAL OCCURRENCES

COLUMN 17 PEAK WIND IN M.P.H.

PRELIMINARY LOCAL CLIMATOLOGICAL DATA (WS FORM: F-6) , PAGE 2

                                          STATION:  HATTIESBURG
                                          MONTH:    MAY
                                          YEAR:     2019
                                          LATITUDE:   31 16 N
                                          LONGITUDE:  89 15 W

[TEMPERATURE DATA]      [PRECIPITATION DATA]       SYMBOLS USED IN COLUMN 16

AVERAGE MONTHLY: 74.1   TOTAL FOR MONTH:   5.65    1 = FOG OR MIST
DPTR FM NORMAL:   1.4   DPTR FM NORMAL:    2.15    2 = FOG REDUCING VISIBILITY
HIGHEST:    91 ON 22    GRTST 24HR  3.43 ON 11-11      TO 1/4 MILE OR LESS
LOWEST:     54 ON 14                               3 = THUNDER
                        SNOW, ICE PELLETS, HAIL    4 = ICE PELLETS
                        TOTAL MONTH:   0.0 INCH    5 = HAIL
                        GRTST 24HR     0.0         6 = FREEZING RAIN OR DRIZZLE
                        GRTST DEPTH:   0           7 = DUSTSTORM OR SANDSTORM:
                                                       VSBY 1/2 MILE OR LESS
                                                   8 = SMOKE OR HAZE
[NO. OF DAYS WITH]      [WEATHER - DAYS WITH]      9 = BLOWING SNOW
                                                   X = TORNADO
MAX 32 OR BELOW:   0    0.01 INCH OR MORE:   6
MAX 90 OR ABOVE:   3    0.10 INCH OR MORE:   5
MIN 32 OR BELOW:   0    0.50 INCH OR MORE:   3
MIN  0 OR BELOW:   0    1.00 INCH OR MORE:   1

[HDD (BASE 65) ]
TOTAL THIS MO.     0    CLEAR  (SCALE 0-3)   9
DPTR FM NORMAL    -5    PTCLDY (SCALE 4-7)  12
TOTAL FM JUL 1  1734    CLOUDY (SCALE 8-10)  1
DPTR FM NORMAL  -249

[CDD (BASE 65) ]
TOTAL THIS MO.   206
DPTR FM NORMAL    32    [PRESSURE DATA]
TOTAL FM JAN 1   380    HIGHEST SLP M ON M
DPTR FM NORMAL    66    LOWEST  SLP 29.70 ON  4

[REMARKS]
