000
CXUS54 KOUN 220700
CF6HBR
PRELIMINARY LOCAL CLIMATOLOGICAL DATA (WS FORM: F-6)

                                          STATION:   HOBART
                                          MONTH:     MAY
                                          YEAR:      2019
                                          LATITUDE:   35  0 N
                                          LONGITUDE:  99  3 W

  TEMPERATURE IN F:       :PCPN:    SNOW:  WIND      :SUNSHINE: SKY     :PK WND
================================================================================
1   2   3   4   5  6A  6B    7    8   9   10  11  12  13   14  15   16   17  18
                                     12Z  AVG MX 2MIN
DY MAX MIN AVG DEP HDD CDD  WTR  SNW DPTH SPD SPD DIR MIN PSBL S-S WX    SPD DR
================================================================================

 1  74  56  65   1   0   0 0.21  0.0    0  9.1 16 120   M    M   7 138    20  70
 2  63  54  59  -5   6   0 0.07  0.0    0 12.5 31 100   M    M   9 13     38 100
 3  69  56  63  -2   2   0 0.66  0.0    0 10.0 24  90   M    M  10 13     30  90
 4   M   M   M   M   M   M 0.00  0.0    0  7.4 13  40   M    M  10 1      16  10
 5  79  57  68   2   0   3 0.03  0.0    0 10.2 22 200   M    M   4 13     27 220
 6  83  62  73   7   0   8    T  0.0    0  8.3 14 190   M    M   0 1       M  M
 7  80  63  72   6   0   7 0.01  0.0    0 15.1 32 160   M    M   5 138    43 160
 8  73  58  66   0   0   1    M  0.0    0 13.6 45 270   M    M   9 13     57 280
 9  61  45  53 -14  12   0 0.18  0.0    0 16.3 33  50   M    M   9 1      43  50
10  62  41  52 -15  13   0 0.84  0.0    0  9.5 21  70   M    M   5 1      25  70
11  59  50  55 -13  10   0 0.02  0.0    0  6.1 12  40   M    M   8 1      14  40
12  77  45  61  -7   4   0 0.00  0.0    0  6.1 12 350   M    M   0 18     17  40
13  83  55  69   1   0   4    T  0.0    0 11.9 28 320   M    M   0        38 320
14  83  57  70   2   0   5 0.00  0.0    0 10.4 18 210   M    M   0        26 220
15  87  60  74   5   0   9 0.00  0.0    0 11.3 16 180   M    M   0        21 210
16  87  63  75   6   0  10 0.00  0.0    0 13.8 23 200   M    M   0        30 220
17  84  66  75   5   0  10 0.00  0.0    0 20.4 32 200   M    M   4        40 180
18  81  54  68  -2   0   3 0.25  0.0    0 15.3 38 190   M    M   3 13     51 160
19  78  49  64  -6   1   0 0.00  0.0    0  7.5 16 110   M    M   0        20 360
20  83  60  72   2   0   7 0.30  0.0    0 15.6 35 180   M    M   5 138    42 120
21  79  58  69  -2   0   4 0.62  0.0    0 18.4 37 240   M    M   4 138    50 240
================================================================================
SM 1525 1109        48  71  3.19     0.0 248.8          M       92
================================================================================
AV 76.3 55.5                              11.8 FASTST   M    M   4    MAX(MPH)
                                 MISC ---->  # 45 270               # 57  280
================================================================================
NOTES:
# LAST OF SEVERAL OCCURRENCES

COLUMN 17 PEAK WIND IN M.P.H.

PRELIMINARY LOCAL CLIMATOLOGICAL DATA (WS FORM: F-6) , PAGE 2

                                          STATION:  HOBART
                                          MONTH:    MAY
                                          YEAR:     2019
                                          LATITUDE:   35  0 N
                                          LONGITUDE:  99  3 W

[TEMPERATURE DATA]      [PRECIPITATION DATA]       SYMBOLS USED IN COLUMN 16

AVERAGE MONTHLY: 65.9   TOTAL FOR MONTH:   3.19    1 = FOG OR MIST
DPTR FM NORMAL:  -1.6   DPTR FM NORMAL:    0.87    2 = FOG REDUCING VISIBILITY
HIGHEST:    87 ON 16,15 GRTST 24HR  0.84 ON 10-10      TO 1/4 MILE OR LESS
LOWEST:     41 ON 10                               3 = THUNDER
                        SNOW, ICE PELLETS, HAIL    4 = ICE PELLETS
                        TOTAL MONTH:   0.0 INCH    5 = HAIL
                        GRTST 24HR     0.0         6 = FREEZING RAIN OR DRIZZLE
                        GRTST DEPTH:   0           7 = DUSTSTORM OR SANDSTORM:
                                                       VSBY 1/2 MILE OR LESS
                                                   8 = SMOKE OR HAZE
[NO. OF DAYS WITH]      [WEATHER - DAYS WITH]      9 = BLOWING SNOW
                                                   X = TORNADO
MAX 32 OR BELOW:   0    0.01 INCH OR MORE:  11
MAX 90 OR ABOVE:   0    0.10 INCH OR MORE:   7
MIN 32 OR BELOW:   0    0.50 INCH OR MORE:   3
MIN  0 OR BELOW:   0    1.00 INCH OR MORE:   0

[HDD (BASE 65) ]
TOTAL THIS MO.    48    CLEAR  (SCALE 0-3)   8
DPTR FM NORMAL    10    PTCLDY (SCALE 4-7)   8
TOTAL FM JUL 1  3595    CLOUDY (SCALE 8-10)  5
DPTR FM NORMAL   -62

[CDD (BASE 65) ]
TOTAL THIS MO.    71
DPTR FM NORMAL   -20    [PRESSURE DATA]
TOTAL FM JAN 1   106    HIGHEST SLP M ON M
DPTR FM NORMAL   -29    LOWEST  SLP 29.43 ON 21

[REMARKS]
