000
CXUS53 KGID 250730
CF6HDE
PRELIMINARY LOCAL CLIMATOLOGICAL DATA (WS FORM: F-6)

                                          STATION:   HOLDREGE
                                          MONTH:     MARCH
                                          YEAR:      2019
                                          LATITUDE:   40 27 N
                                          LONGITUDE:  99 20 W

  TEMPERATURE IN F:       :PCPN:    SNOW:  WIND      :SUNSHINE: SKY     :PK WND
================================================================================
1   2   3   4   5  6A  6B    7    8   9   10  11  12  13   14  15   16   17  18
                                     12Z  AVG MX 2MIN
DY MAX MIN AVG DEP HDD CDD  WTR  SNW DPTH SPD SPD DIR MIN PSBL S-S WX    SPD DR
================================================================================

 1  33  11  22 -11  43   0 0.00    M    M  9.5 20 350   M    M   5        25 350
 2  19   6  13 -21  52   0    M    M    M 13.9 23  20   M    M  10 1      27  20
 3   6  -9  -1 -35  66   0    M    M    M 13.0 21  10   M    M   5        27  10
 4  14 -10   2 -32  63   0 0.00    M    M 10.2 15 260   M    M   0         M  M
 5  23  -2  11 -24  54   0 0.00    M    M  8.8 15 310   M    M   0        20 310
 6  28   8  18 -17  47   0 0.00    M    M  8.0 13  80   M    M   6         M  M
 7  31  25  28  -8  37   0 0.00    M    M 12.6 22  90   M    M   9 1      28  90
 8  32  22  27  -9  38   0    M    M    M  8.5 18 140   M    M  10 12     21 140
 9  36  24  30  -6  35   0 0.01    M    M 17.7 33 320   M    M   7 1      48 320
10  37  21  29  -7  36   0 0.00    M    M  6.9 10 280   M    M   3         M  M
11  44  20  32  -5  33   0 0.00    M    M  5.7 10 160   M    M   4         M  M
12  50  36  43   6  22   0 0.02    M    M  8.9 14 160   M    M  10 123    16 160
13  57  31  44   6  21   0 2.32    M    M 17.4 33 350   M    M  10 23     48 340
14  37  30  34  -4  31   0    M    M    M 29.7 43 340   M    M   6 18     58 340
15  43  26  35  -3  30   0 0.00    M    M  8.3 15 300   M    M   0        21 300
16  51  30  41   2  24   0 0.00    M    M  6.9 10 320   M    M   0         M  M
17  53  27  40   1  25   0 0.00    M    M  7.0 16  20   M    M   1        17 280
18  45  26  36  -3  29   0 0.00    M    M  6.5 12  20   M    M   4         M  M
19  38  33  36  -4  29   0 0.12    M    M  7.9 13  70   M    M  10 1       M  M
20  60  30  45   5  20   0 0.00    M    M  9.1 17 360   M    M   0        22 360
21  60  27  44   4  21   0 0.00    M    M  5.8  9 340   M    M   0         M  M
22  60  34  47   6  18   0 0.00    M    M  8.6 18 130   M    M   4         M  M
23  51  42  47   6  18   0 0.49    M    M 11.7 21  60   M    M  10 13     27  60
24  52  39  46   5  19   0 0.07    M    M 10.2 15 320   M    M  10 1      21 330
================================================================================
SM  960  527       811   0  3.03    M    252.8          M      124
================================================================================
AV 40.0 22.0                              10.5 FASTST   M    M   5    MAX(MPH)
                                 MISC ---->  # 43 340               # 58  340
================================================================================
NOTES:
# LAST OF SEVERAL OCCURRENCES

COLUMN 17 PEAK WIND IN M.P.H.

PRELIMINARY LOCAL CLIMATOLOGICAL DATA (WS FORM: F-6) , PAGE 2

                                          STATION:  HOLDREGE
                                          MONTH:    MARCH
                                          YEAR:     2019
                                          LATITUDE:   40 27 N
                                          LONGITUDE:  99 20 W

[TEMPERATURE DATA]      [PRECIPITATION DATA]       SYMBOLS USED IN COLUMN 16

AVERAGE MONTHLY: 31.0   TOTAL FOR MONTH:   3.03    1 = FOG OR MIST
DPTR FM NORMAL:  -6.4   DPTR FM NORMAL:    1.62    2 = FOG REDUCING VISIBILITY
HIGHEST:    60 ON 22,21 GRTST 24HR  2.32 ON 13-13      TO 1/4 MILE OR LESS
LOWEST:    -10 ON  4                               3 = THUNDER
                        SNOW, ICE PELLETS, HAIL    4 = ICE PELLETS
                        TOTAL MONTH:    M          5 = HAIL
                        GRTST 24HR    M  ON   M    6 = FREEZING RAIN OR DRIZZLE
                        GRTST DEPTH:  M  ON   M    7 = DUSTSTORM OR SANDSTORM:
                                                       VSBY 1/2 MILE OR LESS
                                                   8 = SMOKE OR HAZE
[NO. OF DAYS WITH]      [WEATHER - DAYS WITH]      9 = BLOWING SNOW
                                                   X = TORNADO
MAX 32 OR BELOW:   7    0.01 INCH OR MORE:   6
MAX 90 OR ABOVE:   0    0.10 INCH OR MORE:   3
MIN 32 OR BELOW:  19    0.50 INCH OR MORE:   1
MIN  0 OR BELOW:   3    1.00 INCH OR MORE:   1

[HDD (BASE 65) ]
TOTAL THIS MO.   811    CLEAR  (SCALE 0-3)   8
DPTR FM NORMAL   148    PTCLDY (SCALE 4-7)   8
TOTAL FM JUL 1  5877    CLOUDY (SCALE 8-10)  8
DPTR FM NORMAL   473

[CDD (BASE 65) ]
TOTAL THIS MO.     0
DPTR FM NORMAL     0    [PRESSURE DATA]
TOTAL FM JAN 1     0    HIGHEST SLP M ON M
DPTR FM NORMAL     0    LOWEST  SLP M ON M

[REMARKS]
