000
CXUS53 KGID 240730
CF6HDE
PRELIMINARY LOCAL CLIMATOLOGICAL DATA (WS FORM: F-6)

                                          STATION:   HOLDREGE
                                          MONTH:     MAY
                                          YEAR:      2019
                                          LATITUDE:   40 27 N
                                          LONGITUDE:  99 20 W

  TEMPERATURE IN F:       :PCPN:    SNOW:  WIND      :SUNSHINE: SKY     :PK WND
================================================================================
1   2   3   4   5  6A  6B    7    8   9   10  11  12  13   14  15   16   17  18
                                     12Z  AVG MX 2MIN
DY MAX MIN AVG DEP HDD CDD  WTR  SNW DPTH SPD SPD DIR MIN PSBL S-S WX    SPD DR
================================================================================

 1  47  40  44 -11  21   0    T    M    M  6.9 14  30   M    M  10 12     17  30
 2  63  32  48  -7  17   0 0.00    M    M  6.2 12 150   M    M   4 1       M  M
 3  66  43  55  -1  10   0 0.07    M    M  8.4 24 150   M    M   5        31 150
 4  74  45  60   4   5   0    T    M    M 12.0 25 190   M    M   1 3      32 190
 5  78  50  64   8   1   0 0.00    M    M  9.1 14  40   M    M   2        18 180
 6  55  45  50  -7  15   0 0.04    M    M 14.7 21  40   M    M  10 13     24  10
 7  51  42  47 -10  18   0 0.04    M    M 15.0 20  60   M    M  10 123    24  60
 8  51  40  46 -11  19   0 0.63    M    M 13.1 25 360   M    M  10 1      33 360
 9  51  34  43 -15  22   0 0.00    M    M 12.6 21  20   M    M   7        30 360
10  58  32  45 -13  20   0 0.00    M    M  3.3  8 180   M    M   3         M  M
11  63  39  51  -7  14   0 0.14    M    M  7.9 15  10   M    M   3        20 220
12  66  39  53  -6  12   0 0.00    M    M  8.7 15 320   M    M   3        22 320
13  78  40  59   0   6   0 0.04    M    M  9.0 16 190   M    M   1        24 200
14  84  54  69  10   0   4 0.00    M    M  8.3 14 360   M    M   0        17 190
15  85  59  72  12   0   7 0.47    M    M  7.6 15 180   M    M   2 3      18 170
16  90  60  75  15   0  10 0.14    M    M  9.0 16 200   M    M   0 3      22 190
17  82  57  70  10   0   5    T    M    M 16.9 31 170   M    M   2 3      43 160
18  71  51  61   1   4   0 0.00    M    M 11.7 20 360   M    M   4        31  20
19  59  44  52  -9  13   0 0.00    M    M 15.1 22 310   M    M   4        30 310
20  46  42  44 -17  21   0 0.16    M    M 18.1 29  80   M    M  10 1      35  80
21  51  43  47 -15  18   0 0.76    M    M 17.2 24  60   M    M   9 1      30  60
22  62  38  50 -12  15   0 0.00    M    M 15.1 24 270   M    M   3 1      27 250
23  58  44  51 -11  14   0 1.03    M    M 10.3 17  80   M    M   9 13     23  50
================================================================================
SM 1489 1013       265  26  3.52    M    256.2          M      112
================================================================================
AV 64.7 44.0                              11.1 FASTST   M    M   5    MAX(MPH)
                                 MISC ---->  # 31 170               # 43  160
================================================================================
NOTES:
# LAST OF SEVERAL OCCURRENCES

COLUMN 17 PEAK WIND IN M.P.H.

PRELIMINARY LOCAL CLIMATOLOGICAL DATA (WS FORM: F-6) , PAGE 2

                                          STATION:  HOLDREGE
                                          MONTH:    MAY
                                          YEAR:     2019
                                          LATITUDE:   40 27 N
                                          LONGITUDE:  99 20 W

[TEMPERATURE DATA]      [PRECIPITATION DATA]       SYMBOLS USED IN COLUMN 16

AVERAGE MONTHLY: 54.4   TOTAL FOR MONTH:   3.52    1 = FOG OR MIST
DPTR FM NORMAL:  -4.2   DPTR FM NORMAL:    0.25    2 = FOG REDUCING VISIBILITY
HIGHEST:    90 ON 16    GRTST 24HR  1.03 ON 23-23      TO 1/4 MILE OR LESS
LOWEST:     32 ON 10, 2                            3 = THUNDER
                        SNOW, ICE PELLETS, HAIL    4 = ICE PELLETS
                        TOTAL MONTH:    M          5 = HAIL
                        GRTST 24HR    M  ON   M    6 = FREEZING RAIN OR DRIZZLE
                        GRTST DEPTH:  M  ON   M    7 = DUSTSTORM OR SANDSTORM:
                                                       VSBY 1/2 MILE OR LESS
                                                   8 = SMOKE OR HAZE
[NO. OF DAYS WITH]      [WEATHER - DAYS WITH]      9 = BLOWING SNOW
                                                   X = TORNADO
MAX 32 OR BELOW:   0    0.01 INCH OR MORE:  11
MAX 90 OR ABOVE:   1    0.10 INCH OR MORE:   7
MIN 32 OR BELOW:   2    0.50 INCH OR MORE:   3
MIN  0 OR BELOW:   0    1.00 INCH OR MORE:   1

[HDD (BASE 65) ]
TOTAL THIS MO.   265    CLEAR  (SCALE 0-3)  10
DPTR FM NORMAL    93    PTCLDY (SCALE 4-7)   6
TOTAL FM JUL 1  6690    CLOUDY (SCALE 8-10)  7
DPTR FM NORMAL   482

[CDD (BASE 65) ]
TOTAL THIS MO.    26
DPTR FM NORMAL     0    [PRESSURE DATA]
TOTAL FM JAN 1    32    HIGHEST SLP M ON M
DPTR FM NORMAL    -1    LOWEST  SLP M ON M

[REMARKS]
