000
CXUS54 KEWX 220910
CF6HDO
PRELIMINARY LOCAL CLIMATOLOGICAL DATA (WS FORM: F-6)

                                          STATION:   HONDO
                                          MONTH:     MAY
                                          YEAR:      2019
                                          LATITUDE:   29 21 N
                                          LONGITUDE:  99 10 W

  TEMPERATURE IN F:       :PCPN:    SNOW:  WIND      :SUNSHINE: SKY     :PK WND
================================================================================
1   2   3   4   5  6A  6B    7    8   9   10  11  12  13   14  15   16   17  18
                                     12Z  AVG MX 2MIN
DY MAX MIN AVG DEP HDD CDD  WTR  SNW DPTH SPD SPD DIR MIN PSBL S-S WX    SPD DR
================================================================================

 1  81  74  78   5   0  13 0.03    M    M 10.8 20 130   M    M  10 18     23 130
 2  84  66  75   2   0  10 0.01    M    M 12.8 25  70   M    M  10 18     31  60
 3  82  63  73   0   0   8 1.03    M    M 10.0 25  10   M    M   9 13     32  20
 4  85  60  73  -1   0   8 0.00    M    M  5.3 12 160   M    M   4 3      14 160
 5  86  60  73  -1   0   8 0.00    M    M  8.3 17 130   M    M   2        24 140
 6  78  65  72  -2   0   7 0.20    M    M  9.2 28 280   M    M   4 13     33 280
 7  86  68  77   3   0  12    T    M    M 12.0 25 140   M    M   9 1      31 130
 8  89  69  79   4   0  14 0.39    M    M  9.3 26 140   M    M   5 138    34 130
 9  87  63  75   0   0  10 0.02    M    M  9.4 24  40   M    M   8 138    30  40
10  66  59  63 -12   2   0    T    M    M 11.7 22  10   M    M  10 1      30  20
11  73  55  64 -11   1   0    T    M    M  7.1 15 360   M    M   9 1      18  30
12  82  57  70  -6   0   5 0.00    M    M  5.0 15 110   M    M   3        17 120
13  79  58  69  -7   0   4 0.00    M    M  5.7 12 100   M    M   5        16 100
14  85  63  74  -2   0   9 0.00    M    M  5.8 14  70   M    M   5 1      16 110
15  86  70  78   2   0  13 0.00    M    M  7.0 14 160   M    M   6 18     18 140
16  86  70  78   1   0  13 0.00    M    M  9.1 16 140   M    M   7 18     20 140
17  90  72  81   4   0  16 0.01    M    M 14.3 28 140   M    M   9 1      33 140
18  88  75  82   5   0  17 0.06    M    M 11.3 20 160   M    M   7 138    26 160
19  90  74  82   5   0  17 0.00    M    M  8.9 17 130   M    M   8 128    22 120
20  91  77  84   6   0  19    T    M    M 17.4 29 130   M    M   9 18     36 130
21  91  68  80   2   0  15 0.01    M    M  9.9 23 150   M    M   5 18     33 150
================================================================================
SM 1765 1386         3 218  1.76    M    200.3          M      144
================================================================================
AV 84.1 66.0                               9.5 FASTST   M    M   7    MAX(MPH)
                                 MISC ---->  # 29 130               # 36  130
================================================================================
NOTES:
# LAST OF SEVERAL OCCURRENCES

COLUMN 17 PEAK WIND IN M.P.H.

PRELIMINARY LOCAL CLIMATOLOGICAL DATA (WS FORM: F-6) , PAGE 2

                                          STATION:  HONDO
                                          MONTH:    MAY
                                          YEAR:     2019
                                          LATITUDE:   29 21 N
                                          LONGITUDE:  99 10 W

[TEMPERATURE DATA]      [PRECIPITATION DATA]       SYMBOLS USED IN COLUMN 16

AVERAGE MONTHLY: 75.0   TOTAL FOR MONTH:   1.76    1 = FOG OR MIST
DPTR FM NORMAL:  -0.4   DPTR FM NORMAL:   -0.42    2 = FOG REDUCING VISIBILITY
HIGHEST:    91 ON 21,20 GRTST 24HR  1.03 ON  3- 3      TO 1/4 MILE OR LESS
LOWEST:     55 ON 11                               3 = THUNDER
                        SNOW, ICE PELLETS, HAIL    4 = ICE PELLETS
                        TOTAL MONTH:    M          5 = HAIL
                        GRTST 24HR    M  ON   M    6 = FREEZING RAIN OR DRIZZLE
                        GRTST DEPTH:  M  ON   M    7 = DUSTSTORM OR SANDSTORM:
                                                       VSBY 1/2 MILE OR LESS
                                                   8 = SMOKE OR HAZE
[NO. OF DAYS WITH]      [WEATHER - DAYS WITH]      9 = BLOWING SNOW
                                                   X = TORNADO
MAX 32 OR BELOW:   0    0.01 INCH OR MORE:   9
MAX 90 OR ABOVE:   4    0.10 INCH OR MORE:   3
MIN 32 OR BELOW:   0    0.50 INCH OR MORE:   1
MIN  0 OR BELOW:   0    1.00 INCH OR MORE:   1

[HDD (BASE 65) ]
TOTAL THIS MO.     3    CLEAR  (SCALE 0-3)   2
DPTR FM NORMAL     3    PTCLDY (SCALE 4-7)  11
TOTAL FM JUL 1  1312    CLOUDY (SCALE 8-10)  8
DPTR FM NORMAL  -273

[CDD (BASE 65) ]
TOTAL THIS MO.   218
DPTR FM NORMAL     0    [PRESSURE DATA]
TOTAL FM JAN 1   514    HIGHEST SLP M ON M
DPTR FM NORMAL    61    LOWEST  SLP 29.50 ON 21

[REMARKS]
