000
CXUS53 KBIS 250803
CF6HEI
PRELIMINARY LOCAL CLIMATOLOGICAL DATA (WS FORM: F-6)

                                          STATION:   HETTINGER ND
                                          MONTH:     MARCH
                                          YEAR:      2019
                                          LATITUDE:   46  0 N
                                          LONGITUDE: 102 39 W

  TEMPERATURE IN F:       :PCPN:    SNOW:  WIND      :SUNSHINE: SKY     :PK WND
================================================================================
1   2   3   4   5  6A  6B    7    8   9   10  11  12  13   14  15   16   17  18
                                     12Z  AVG MX 2MIN
DY MAX MIN AVG DEP HDD CDD  WTR  SNW DPTH SPD SPD DIR MIN PSBL S-S WX    SPD DR
================================================================================

 1  16 -11   3 -21  62   0 0.01    M    M  8.5 21  20   M    M   6 18     26  20
 2   4 -21  -8 -33  73   0    M    M    M 15.2 22 280   M    M   5 18     29 350
 3  -5 -23 -14 -39  79   0 0.00    M    M 25.0 37 290   M    M   4 8      46 300
 4   5 -10  -2 -27  67   0    T    M    M 30.6 39 290   M    M   2 8      50 290
 5  17  -2   8 -18  57   0 0.00    M    M 18.4 30 300   M    M   2 8      37 290
 6  13  -6   4 -22  61   0 0.00    M    M  7.3 14  80   M    M   2        17  30
 7  13   2   8 -18  57   0    T    M    M 13.4 22 130   M    M   9 18     28 150
 8  26   3  15 -12  50   0 0.05    M    M  5.6 12  30   M    M   7 128    15  40
 9  26   6  16 -11  49   0    M    M    M 14.9 29 320   M    M   7 1      34 330
10  25 -10   8 -19  57   0 0.00    M    M  5.4 15 310   M    M   1 128    17 290
11  31 -12  10 -18  55   0 0.00    M    M  3.2 16 150   M    M   3 128    19 150
12  35   2  19  -9  46   0 0.00    M    M  5.9 16 290   M    M   1 128    19 290
13  31   5  18 -10  47   0    T    M    M 20.0 35 330   M    M   7 1      45 330
14  30  17  24  -5  41   0    M    M    M 24.5 37 330   M    M   3 189    46 340
15  32   8  20  -9  45   0 0.00    M    M  7.7 18 300   M    M   2 18     22 290
16  33   9  21  -9  44   0    T    M    M 10.0 21 300   M    M   4 1      26 300
17  33   3  18 -12  47   0 0.00    M    M  5.2 15 360   M    M   1 18     19 360
18  35  -1  17 -13  48   0    T    M    M  5.9 16 270   M    M   3 18     20 270
19  34  26  30  -1  35   0 0.00    M    M 13.8 20 290   M    M   4 1      23 290
20  38  20  29  -2  36   0 0.00    M    M  7.8 18 280   M    M   0 1      22 280
21  47  18  33   1  32   0 0.00    M    M  3.5 10  60   M    M   1 12     12  60
22  39  24  32   0  33   0 0.00    M    M 10.9 20 130   M    M   3 12     27 130
23  48  27  38   6  27   0 0.00    M    M  8.3 17 160   M    M   2 1      23 170
24  36  29  33   0  32   0 0.00    M    M  8.4 17  40   M    M   9 12     22  30
================================================================================
SM  642  103      1180   0  0.06    M    279.4          M       88
================================================================================
AV 26.8  4.3                              11.6 FASTST   M    M   4    MAX(MPH)
                                 MISC ---->  # 39 290               # 50  290
================================================================================
NOTES:
# LAST OF SEVERAL OCCURRENCES

COLUMN 17 PEAK WIND IN M.P.H.

PRELIMINARY LOCAL CLIMATOLOGICAL DATA (WS FORM: F-6) , PAGE 2

                                          STATION:  HETTINGER ND
                                          MONTH:    MARCH
                                          YEAR:     2019
                                          LATITUDE:   46  0 N
                                          LONGITUDE: 102 39 W

[TEMPERATURE DATA]      [PRECIPITATION DATA]       SYMBOLS USED IN COLUMN 16

AVERAGE MONTHLY: 15.5   TOTAL FOR MONTH:   0.06    1 = FOG OR MIST
DPTR FM NORMAL: -12.9   DPTR FM NORMAL:   -0.46    2 = FOG REDUCING VISIBILITY
HIGHEST:    48 ON 23    GRTST 24HR  0.05 ON  8- 8      TO 1/4 MILE OR LESS
LOWEST:    -23 ON  3                               3 = THUNDER
                        SNOW, ICE PELLETS, HAIL    4 = ICE PELLETS
                        TOTAL MONTH:    M          5 = HAIL
                        GRTST 24HR    M  ON   M    6 = FREEZING RAIN OR DRIZZLE
                        GRTST DEPTH:  M  ON   M    7 = DUSTSTORM OR SANDSTORM:
                                                       VSBY 1/2 MILE OR LESS
                                                   8 = SMOKE OR HAZE
[NO. OF DAYS WITH]      [WEATHER - DAYS WITH]      9 = BLOWING SNOW
                                                   X = TORNADO
MAX 32 OR BELOW:  14    0.01 INCH OR MORE:   2
MAX 90 OR ABOVE:   0    0.10 INCH OR MORE:   0
MIN 32 OR BELOW:  24    0.50 INCH OR MORE:   0
MIN  0 OR BELOW:   9    1.00 INCH OR MORE:   0

[HDD (BASE 65) ]
TOTAL THIS MO.  1180    CLEAR  (SCALE 0-3)  12
DPTR FM NORMAL   301    PTCLDY (SCALE 4-7)  10
TOTAL FM JUL 1  8045    CLOUDY (SCALE 8-10)  2
DPTR FM NORMAL   850

[CDD (BASE 65) ]
TOTAL THIS MO.     0
DPTR FM NORMAL     0    [PRESSURE DATA]
TOTAL FM JAN 1     0    HIGHEST SLP M ON M
DPTR FM NORMAL     0    LOWEST  SLP 29.65 ON 12

[REMARKS]
