000
CXUS53 KBIS 220803
CF6HEI
PRELIMINARY LOCAL CLIMATOLOGICAL DATA (WS FORM: F-6)

                                          STATION:   HETTINGER ND
                                          MONTH:     MAY
                                          YEAR:      2019
                                          LATITUDE:   46  0 N
                                          LONGITUDE: 102 39 W

  TEMPERATURE IN F:       :PCPN:    SNOW:  WIND      :SUNSHINE: SKY     :PK WND
================================================================================
1   2   3   4   5  6A  6B    7    8   9   10  11  12  13   14  15   16   17  18
                                     12Z  AVG MX 2MIN
DY MAX MIN AVG DEP HDD CDD  WTR  SNW DPTH SPD SPD DIR MIN PSBL S-S WX    SPD DR
================================================================================

 1  42  25  34 -14  31   0 0.01    M    M  4.0 12 360   M    M   8 12     15 360
 2  61  26  44  -4  21   0 0.01    M    M  7.8 21 200   M    M   1 1      30 190
 3  62  29  46  -2  19   0 0.00    M    M  8.2 18 240   M    M   1        25 240
 4  58  31  45  -4  20   0 0.00    M    M  9.5 20  40   M    M   2        27  50
 5  45  34  40  -9  25   0    T    M    M  7.3 23  30   M    M  10 1      29  40
 6  47  23  35 -14  30   0 0.00    M    M  4.8 13 140   M    M   8 12     17 140
 7  40  20  30 -20  35   0    T    M    M 11.5 22 130   M    M  10 12     29 130
 8  50  28  39 -11  26   0 0.01    M    M 10.6 20  30   M    M   9 1      26  30
 9  53  28  41  -9  24   0 0.00    M    M  8.1 17  10   M    M   0        26  20
10  63  29  46  -4  19   0    T    M    M 10.6 22 200   M    M   2        32 240
11  52  33  43  -8  22   0 0.07    M    M 18.1 32 310   M    M   7 1      42 310
12  65  29  47  -4  18   0 0.00    M    M  6.2 12 150   M    M   1        16 220
13  80  44  62  10   3   0    T    M    M  7.7 20 300   M    M   2 3      26 280
14  77  39  58   6   7   0 0.00    M    M  7.6 16  90   M    M   0        23 100
15  84  47  66  14   0   1 0.00    M    M 12.8 28 290   M    M   0        36 300
16  57  45  51  -1  14   0 0.01    M    M 13.9 21  70   M    M   7 1      29  30
17  46  38  42 -11  23   0 0.46    M    M 19.4 28  60   M    M   9 13     38  40
18  38  32  35 -18  30   0 0.41    M    M 19.8 30  30   M    M  10 1      43  40
19  51  32  42 -11  23   0    T    M    M  8.3 15  30   M    M  10 1      25  10
20  49  28  39 -15  26   0    T    M    M  8.9 21 100   M    M   8 12     28 100
21  52  39  46  -8  19   0    T    M    M 15.5 36  60   M    M  10        54  60
================================================================================
SM 1172  679       435   1  0.98    M    220.6          M      115
================================================================================
AV 55.8 32.3                              10.5 FASTST   M    M   5    MAX(MPH)
                                 MISC ---->  # 36  60               # 54   60
================================================================================
NOTES:
# LAST OF SEVERAL OCCURRENCES

COLUMN 17 PEAK WIND IN M.P.H.

PRELIMINARY LOCAL CLIMATOLOGICAL DATA (WS FORM: F-6) , PAGE 2

                                          STATION:  HETTINGER ND
                                          MONTH:    MAY
                                          YEAR:     2019
                                          LATITUDE:   46  0 N
                                          LONGITUDE: 102 39 W

[TEMPERATURE DATA]      [PRECIPITATION DATA]       SYMBOLS USED IN COLUMN 16

AVERAGE MONTHLY: 44.1   TOTAL FOR MONTH:   0.98    1 = FOG OR MIST
DPTR FM NORMAL:  -6.8   DPTR FM NORMAL:   -0.61    2 = FOG REDUCING VISIBILITY
HIGHEST:    84 ON 15    GRTST 24HR  0.46 ON 17-17      TO 1/4 MILE OR LESS
LOWEST:     20 ON  7                               3 = THUNDER
                        SNOW, ICE PELLETS, HAIL    4 = ICE PELLETS
                        TOTAL MONTH:    M          5 = HAIL
                        GRTST 24HR    M  ON   M    6 = FREEZING RAIN OR DRIZZLE
                        GRTST DEPTH:  M  ON   M    7 = DUSTSTORM OR SANDSTORM:
                                                       VSBY 1/2 MILE OR LESS
                                                   8 = SMOKE OR HAZE
[NO. OF DAYS WITH]      [WEATHER - DAYS WITH]      9 = BLOWING SNOW
                                                   X = TORNADO
MAX 32 OR BELOW:   0    0.01 INCH OR MORE:   7
MAX 90 OR ABOVE:   0    0.10 INCH OR MORE:   2
MIN 32 OR BELOW:  13    0.50 INCH OR MORE:   0
MIN  0 OR BELOW:   0    1.00 INCH OR MORE:   0

[HDD (BASE 65) ]
TOTAL THIS MO.   435    CLEAR  (SCALE 0-3)   9
DPTR FM NORMAL   136    PTCLDY (SCALE 4-7)   5
TOTAL FM JUL 1  9384    CLOUDY (SCALE 8-10)  7
DPTR FM NORMAL   981

[CDD (BASE 65) ]
TOTAL THIS MO.     1
DPTR FM NORMAL     1    [PRESSURE DATA]
TOTAL FM JAN 1     1    HIGHEST SLP M ON M
DPTR FM NORMAL     1    LOWEST  SLP 29.58 ON 15

[REMARKS]
