000
CXUS54 KJAN 191414
CF6HEZ
PRELIMINARY LOCAL CLIMATOLOGICAL DATA (WS FORM: F-6)

                                          STATION:   NATCHEZ
                                          MONTH:     MARCH
                                          YEAR:      2019
                                          LATITUDE:   31 37 N
                                          LONGITUDE:  91 15 W

  TEMPERATURE IN F:       :PCPN:    SNOW:  WIND      :SUNSHINE: SKY     :PK WND
================================================================================
1   2   3   4   5  6A  6B    7    8   9   10  11  12  13   14  15   16   17  18
                                     12Z  AVG MX 2MIN
DY MAX MIN AVG DEP HDD CDD  WTR  SNW DPTH SPD SPD DIR MIN PSBL S-S WX    SPD DR
================================================================================

 1  61  49  55   M  10   0 0.41    M    0  4.8 10 360   M    M  10 12      M  M
 2  61  49  55   M  10   0    T    M    0  6.0 10  10   M    M  10 1       M  M
 3  64  39  52   M  13   0 0.38  0.0    0 10.0 22  10   M    M   9 13     29  10
 4  39  31  35   M  30   0    T  0.0    0 12.9 18  20   M    M  10        25 360
 5  45  26  36   M  29   0 0.00  0.0    0  6.6 15 350   M    M   0        20 360
 6  53  22  38   M  27   0 0.00  0.0    0  2.2  8 320   M    M   0         M  M
 7  62  33  48   M  17   0 0.00  0.0    0  8.1 16 170   M    M   9         M  M
 8  73  56  65   M   0   0    T  0.0    0 11.7 18 170   M    M  10        24 180
 9  80  67  74   M   0   9 0.00  0.0    0 13.1 22 170   M    M   8        35 170
10  75  65  70   M   0   5 0.01  0.0    0  5.7 10  80   M    M   9 1       M  M
11  67  52  60   M   5   0 0.01  0.0    0  7.3 13  10   M    M  10 1      20  10
12  74  55  65   M   0   0 0.00  0.0    0  7.0 13 140   M    M   2         M  M
13  82  60  71   M   0   6    T  0.0    0 17.8 23 170   M    M   8        38 170
14  77  62  70   M   0   5 0.03  0.0    0  9.9 21 180   M    M   9        32 180
15  64  50  57   M   8   0 0.00  0.0    0  9.6 14 340   M    M   1        21 340
16  59  45  52   M  13   0 0.00  0.0    0  7.6 16 330   M    M   0         M  M
17  62  36  49   M  16   0 0.00  0.0    0  4.3 13 320   M    M   0         M  M
18  68  36  52   M  13   0 0.00  0.0    0  5.5 13 350   M    M   0        17  70
================================================================================
SM 1166  833       191  25  0.84     0.0 150.1          M      105
================================================================================
AV 64.8 46.3                               8.3 FASTST   M    M   6    MAX(MPH)
                                 MISC ---->  # 23 170               # 38  170
================================================================================
NOTES:
# LAST OF SEVERAL OCCURRENCES

COLUMN 17 PEAK WIND IN M.P.H.

PRELIMINARY LOCAL CLIMATOLOGICAL DATA (WS FORM: F-6) , PAGE 2

                                          STATION:  NATCHEZ
                                          MONTH:    MARCH
                                          YEAR:     2019
                                          LATITUDE:   31 37 N
                                          LONGITUDE:  91 15 W

[TEMPERATURE DATA]      [PRECIPITATION DATA]       SYMBOLS USED IN COLUMN 16

AVERAGE MONTHLY: 55.5   TOTAL FOR MONTH:   0.84    1 = FOG OR MIST
DPTR FM NORMAL:     M   DPTR FM NORMAL:       M    2 = FOG REDUCING VISIBILITY
HIGHEST:    82 ON 13    GRTST 24HR  0.41 ON  1- 1      TO 1/4 MILE OR LESS
LOWEST:     22 ON  6                               3 = THUNDER
                        SNOW, ICE PELLETS, HAIL    4 = ICE PELLETS
                        TOTAL MONTH:   0.0 INCH    5 = HAIL
                        GRTST 24HR     0.0         6 = FREEZING RAIN OR DRIZZLE
                        GRTST DEPTH:   0           7 = DUSTSTORM OR SANDSTORM:
                                                       VSBY 1/2 MILE OR LESS
                                                   8 = SMOKE OR HAZE
[NO. OF DAYS WITH]      [WEATHER - DAYS WITH]      9 = BLOWING SNOW
                                                   X = TORNADO
MAX 32 OR BELOW:   0    0.01 INCH OR MORE:   5
MAX 90 OR ABOVE:   0    0.10 INCH OR MORE:   2
MIN 32 OR BELOW:   3    0.50 INCH OR MORE:   0
MIN  0 OR BELOW:   0    1.00 INCH OR MORE:   0

[HDD (BASE 65) ]
TOTAL THIS MO.   191    CLEAR  (SCALE 0-3)   7
DPTR FM NORMAL     M    PTCLDY (SCALE 4-7)   2
TOTAL FM JUL 1  1719    CLOUDY (SCALE 8-10)  9
DPTR FM NORMAL     M

[CDD (BASE 65) ]
TOTAL THIS MO.    25
DPTR FM NORMAL     M    [PRESSURE DATA]
TOTAL FM JAN 1    51    HIGHEST SLP M ON M
DPTR FM NORMAL     M    LOWEST  SLP M ON M

[REMARKS]
