000
CXUS51 KLWX 170620
CF6HGR
PRELIMINARY LOCAL CLIMATOLOGICAL DATA (WS FORM: F-6)

                                          STATION:   HAGERSTOWN MD
                                          MONTH:     JUNE
                                          YEAR:      2019
                                          LATITUDE:   39 42 N
                                          LONGITUDE:  77 43 W

  TEMPERATURE IN F:       :PCPN:    SNOW:  WIND      :SUNSHINE: SKY     :PK WND
================================================================================
1   2   3   4   5  6A  6B    7    8   9   10  11  12  13   14  15   16   17  18
                                     12Z  AVG MX 2MIN
DY MAX MIN AVG DEP HDD CDD  WTR  SNW DPTH SPD SPD DIR MIN PSBL S-S WX    SPD DR
================================================================================

 1  83  60  72   5   0   7 0.00    M    M  5.3 22 360   M    M   1 38     30 320
 2  81  61  71   4   0   6 0.27    M    M  6.1 23 300   M    M   3 38     28 300
 3  71  53  62  -6   3   0 0.00    M    M  8.6 23 320   M    M   0        30 320
 4  77  50  64  -4   1   0 0.00    M    M  6.3 15 190   M    M   0        20 220
 5  80  62  71   3   0   6    T    M    M  7.9 17 220   M    M   3        23 230
 6  86  69  78   9   0  13 0.00    M    M  7.6 15 310   M    M   3        22 310
 7  81  67  74   5   0   9 0.00    M    M  6.8 14 350   M    M   4        16 350
 8  85  61  73   4   0   8 0.00    M    M  7.5 15 120   M    M   1        22 100
 9  80  66  73   3   0   8 0.01    M    M 10.0 20 130   M    M   9        27 120
10  71  60  66  -4   0   1 0.31    M    M  6.0 15  80   M    M  10 18     20  70
11  79  59  69  -1   0   4    T    M    M 11.2 26 320   M    M   2        35 300
12  78  55  67  -4   0   2 0.00    M    M  8.4 18 170   M    M   1        23 160
13  73  54  64  -7   1   0 0.54    M    M  5.9 17 240   M    M   9 138    25 260
14  76  59  68  -3   0   3    T    M    M 12.7 26 290   M    M   4        32 280
15  79  57  68  -4   0   3 0.00    M    M  7.2 14 170   M    M   3        18 200
16  85  70  78   6   0  13    T    M    M  8.1 20 270   M    M   4        25 250
================================================================================
SM 1265  963         5  83  1.13    M    125.6          M       57
================================================================================
AV 79.1 60.2                               7.8 FASTST   M    M   4    MAX(MPH)
                                 MISC ---->  # 26 320               # 35  300
================================================================================
NOTES:
# LAST OF SEVERAL OCCURRENCES

COLUMN 17 PEAK WIND IN M.P.H.

PRELIMINARY LOCAL CLIMATOLOGICAL DATA (WS FORM: F-6) , PAGE 2

                                          STATION:  HAGERSTOWN MD
                                          MONTH:    JUNE
                                          YEAR:     2019
                                          LATITUDE:   39 42 N
                                          LONGITUDE:  77 43 W

[TEMPERATURE DATA]      [PRECIPITATION DATA]       SYMBOLS USED IN COLUMN 16

AVERAGE MONTHLY: 69.6   TOTAL FOR MONTH:   1.13    1 = FOG OR MIST
DPTR FM NORMAL:   0.1   DPTR FM NORMAL:   -1.36    2 = FOG REDUCING VISIBILITY
HIGHEST:    86 ON  6    GRTST 24HR  0.54 ON 13-13      TO 1/4 MILE OR LESS
LOWEST:     50 ON  4                               3 = THUNDER
                        SNOW, ICE PELLETS, HAIL    4 = ICE PELLETS
                        TOTAL MONTH:    M          5 = HAIL
                        GRTST 24HR    M  ON   M    6 = FREEZING RAIN OR DRIZZLE
                        GRTST DEPTH:  M  ON   M    7 = DUSTSTORM OR SANDSTORM:
                                                       VSBY 1/2 MILE OR LESS
                                                   8 = SMOKE OR HAZE
[NO. OF DAYS WITH]      [WEATHER - DAYS WITH]      9 = BLOWING SNOW
                                                   X = TORNADO
MAX 32 OR BELOW:   0    0.01 INCH OR MORE:   4
MAX 90 OR ABOVE:   0    0.10 INCH OR MORE:   3
MIN 32 OR BELOW:   0    0.50 INCH OR MORE:   1
MIN  0 OR BELOW:   0    1.00 INCH OR MORE:   0

[HDD (BASE 65) ]
TOTAL THIS MO.     5    CLEAR  (SCALE 0-3)   7
DPTR FM NORMAL   -12    PTCLDY (SCALE 4-7)   6
TOTAL FM JUL 1  4562    CLOUDY (SCALE 8-10)  3
DPTR FM NORMAL  -622

[CDD (BASE 65) ]
TOTAL THIS MO.    83
DPTR FM NORMAL    -4    [PRESSURE DATA]
TOTAL FM JAN 1   265    HIGHEST SLP M ON M
DPTR FM NORMAL   102    LOWEST  SLP 29.69 ON  2

[REMARKS]
