000
CXUS51 KLWX 260620
CF6HGR
PRELIMINARY LOCAL CLIMATOLOGICAL DATA (WS FORM: F-6)

                                          STATION:   HAGERSTOWN MD
                                          MONTH:     MARCH
                                          YEAR:      2019
                                          LATITUDE:   39 42 N
                                          LONGITUDE:  77 43 W

  TEMPERATURE IN F:       :PCPN:    SNOW:  WIND      :SUNSHINE: SKY     :PK WND
================================================================================
1   2   3   4   5  6A  6B    7    8   9   10  11  12  13   14  15   16   17  18
                                     12Z  AVG MX 2MIN
DY MAX MIN AVG DEP HDD CDD  WTR  SNW DPTH SPD SPD DIR MIN PSBL S-S WX    SPD DR
================================================================================

 1  35  29  32  -4  33   0 0.25    M    M  5.7 10  70   M    M  10 1268   12 110
 2  43  31  37   0  28   0 0.10    M    M  4.1 13 290   M    M  10 18     16 280
 3  39  32  36  -1  29   0 0.44    M    M  6.2 14 290   M    M  10 128    15 290
 4  34  21  28  -9  37   0 0.00    M    M 12.1 23 290   M    M   5 18     28 290
 5  34  18  26 -12  39   0 0.00    M    M 11.0 22 290   M    M   2        28 300
 6  26  15  21 -17  44   0 0.00    M    M 12.2 25 300   M    M   6        31 260
 7  36  20  28 -10  37   0 0.00    M    M  6.4 20 320   M    M   5        23 310
 8  34  23  29 -10  36   0 0.02    M    M  3.1 14 160   M    M   7 18     16 160
 9  43  28  36  -3  29   0 0.15    M    M  4.8 17 180   M    M   8 128    20 180
10  57  36  47   8  18   0 0.47    M    M  6.9 23 290   M    M   6 18     28 290
11  59  40  50  10  15   0 0.00    M    M 13.1 29 280   M    M   1        39 290
12  49  33  41   1  24   0 0.00    M    M  9.1 24 320   M    M   0        28 310
13  58  29  44   4  21   0 0.00    M    M  7.0 18 160   M    M   3        22 140
14  74  37  56  15   9   0 0.00    M    M  9.1 24 180   M    M   0        30 150
15  78  47  63  22   2   0 0.00    M    M 15.2 33 300   M    M   5        45 320
16  50  38  44   3  21   0 0.00    M    M 17.6 32 290   M    M   7        38 300
17  48  35  42   0  23   0 0.00    M    M  7.7 18 280   M    M   5        23 300
18  48  34  41  -1  24   0 0.00    M    M  6.1 17 300   M    M   7        21 310
19  50  26  38  -4  27   0 0.00    M    M  2.4  9 240   M    M   0        13 190
20  51  32  42  -1  23   0 0.00    M    M  7.7 20 170   M    M   1        25 160
21  44  39  42  -1  23   0 2.13    M    M  8.7 20 330   M    M  10 18     25 320
22  50  34  42  -2  23   0 0.04    M    M 20.6 38 300   M    M   8        50 310
23  51  32  42  -2  23   0 0.00    M    M 16.5 30 310   M    M   2        35 310
24  63  36  50   6  15   0 0.00    M    M  4.8 14 190   M    M   1        21 220
25  56  38  47   2  18   0 0.26    M    M  8.0 15  10   M    M   9 1      19  20
================================================================================
SM 1210  783       621   0  3.86    M    226.1          M      128
================================================================================
AV 48.4 31.3                               9.0 FASTST   M    M   5    MAX(MPH)
                                 MISC ---->  # 38 300               # 50  310
================================================================================
NOTES:
# LAST OF SEVERAL OCCURRENCES

COLUMN 17 PEAK WIND IN M.P.H.

PRELIMINARY LOCAL CLIMATOLOGICAL DATA (WS FORM: F-6) , PAGE 2

                                          STATION:  HAGERSTOWN MD
                                          MONTH:    MARCH
                                          YEAR:     2019
                                          LATITUDE:   39 42 N
                                          LONGITUDE:  77 43 W

[TEMPERATURE DATA]      [PRECIPITATION DATA]       SYMBOLS USED IN COLUMN 16

AVERAGE MONTHLY: 39.9   TOTAL FOR MONTH:   3.86    1 = FOG OR MIST
DPTR FM NORMAL:  -0.5   DPTR FM NORMAL:    1.31    2 = FOG REDUCING VISIBILITY
HIGHEST:    78 ON 15    GRTST 24HR  2.13 ON 21-21      TO 1/4 MILE OR LESS
LOWEST:     15 ON  6                               3 = THUNDER
                        SNOW, ICE PELLETS, HAIL    4 = ICE PELLETS
                        TOTAL MONTH:    M          5 = HAIL
                        GRTST 24HR    M  ON   M    6 = FREEZING RAIN OR DRIZZLE
                        GRTST DEPTH:  M  ON   M    7 = DUSTSTORM OR SANDSTORM:
                                                       VSBY 1/2 MILE OR LESS
                                                   8 = SMOKE OR HAZE
[NO. OF DAYS WITH]      [WEATHER - DAYS WITH]      9 = BLOWING SNOW
                                                   X = TORNADO
MAX 32 OR BELOW:   1    0.01 INCH OR MORE:   9
MAX 90 OR ABOVE:   0    0.10 INCH OR MORE:   7
MIN 32 OR BELOW:  13    0.50 INCH OR MORE:   1
MIN  0 OR BELOW:   0    1.00 INCH OR MORE:   1

[HDD (BASE 65) ]
TOTAL THIS MO.   621    CLEAR  (SCALE 0-3)   9
DPTR FM NORMAL     7    PTCLDY (SCALE 4-7)  11
TOTAL FM JUL 1  4184    CLOUDY (SCALE 8-10)  5
DPTR FM NORMAL  -333

[CDD (BASE 65) ]
TOTAL THIS MO.     0
DPTR FM NORMAL     0    [PRESSURE DATA]
TOTAL FM JAN 1     0    HIGHEST SLP M ON M
DPTR FM NORMAL     0    LOWEST  SLP 29.53 ON M

[REMARKS]
