000
CXUS53 KDLH 270635
CF6HIB
PRELIMINARY LOCAL CLIMATOLOGICAL DATA (WS FORM: F-6)

                                          STATION:   HIBBING
                                          MONTH:     MAY
                                          YEAR:      2019
                                          LATITUDE:   47 22 N
                                          LONGITUDE:  92 50 W

  TEMPERATURE IN F:       :PCPN:    SNOW:  WIND      :SUNSHINE: SKY     :PK WND
================================================================================
1   2   3   4   5  6A  6B    7    8   9   10  11  12  13   14  15   16   17  18
                                     12Z  AVG MX 2MIN
DY MAX MIN AVG DEP HDD CDD  WTR  SNW DPTH SPD SPD DIR MIN PSBL S-S WX    SPD DR
================================================================================

 1  40  31  36 -10  29   0 0.06    M    M  7.3 17  90   M    M  10 1      23  80
 2  47  25  36 -10  29   0 0.02    M    M  3.4 16 310   M    M   8 1      22 320
 3  55  22  39  -8  26   0 0.21    M    M  4.3 14 160   M    M   6 12     20 160
 4  64  38  51   4  14   0    T    M    M  8.4 23 340   M    M   9 12     29 340
 5  54  27  41  -6  24   0 0.00    M    M  9.7 22 330   M    M   2        31 330
 6  44  23  34 -14  31   0 0.00    M    M  6.1 16 330   M    M   5        22 300
 7  56  20  38 -10  27   0 0.00    M    M  3.5 14 140   M    M   0        18 140
 8  47  32  40  -8  25   0    M    M    M  7.7 21 130   M    M   9 1      27 140
 9  50  32  41  -8  24   0 0.20    M    M 11.6 25 340   M    M  10 1      36 320
10  56  27  42  -7  23   0 0.00    M    M  3.7 14 230   M    M   6        18 240
11  65  33  49   0  16   0 0.00    M    M  7.1 21 140   M    M   5        27 140
12  62  29  46  -4  19   0 0.00    M    M  3.0 14 200   M    M   7        20 210
13  68  28  48  -2  17   0 0.00    M    M  4.7 15 190   M    M   5 1      23 230
14  70  33  52   2  13   0 0.09    M    M  4.1 24 320   M    M   4 12     29 320
15  70  33  52   1  13   0 0.05    M    M  6.2 16 140   M    M   1 3      23 160
16  62  36  49  -2  16   0 0.06    M    M 10.5 29 330   M    M   3 123    32 330
17  61  27  44  -7  21   0 0.00    M    M  6.2 14  70   M    M   2        19  30
18  45  38  42  -9  23   0 0.20    M    M  9.5 22  80   M    M  10 1      29  80
19  47  30  39 -13  26   0    T    M    M  8.9 24  60   M    M   7        32  70
20  64  26  45  -7  20   0 0.00    M    M  3.0 15 330   M    M   0        20 340
21  65  28  47  -5  18   0    T    M    M 10.8 24 130   M    M   0        33  80
22  50  43  47  -6  18   0 0.50    M    M 12.7 22 100   M    M  10 1      33 120
23  57  46  52  -1  13   0    T    M    M  7.4 18 340   M    M   9 12     25 330
24  52  45  49  -4  16   0 0.13    M    M 10.8 24 120   M    M  10 13     32 120
25  63  37  50  -3  15   0 0.01    M    M  8.0 22 320   M    M   8 13     26 310
26  70  33  52  -2  13   0 0.13    M    M  5.6 16 340   M    M   5 1      19 330
================================================================================
SM 1484  822       529   0  1.66    M    184.2          M      151
================================================================================
AV 57.1 31.6                               7.1 FASTST   M    M   6    MAX(MPH)
                                 MISC ---->  # 29 330               # 36  320
================================================================================
NOTES:
# LAST OF SEVERAL OCCURRENCES

COLUMN 17 PEAK WIND IN M.P.H.

PRELIMINARY LOCAL CLIMATOLOGICAL DATA (WS FORM: F-6) , PAGE 2

                                          STATION:  HIBBING
                                          MONTH:    MAY
                                          YEAR:     2019
                                          LATITUDE:   47 22 N
                                          LONGITUDE:  92 50 W

[TEMPERATURE DATA]      [PRECIPITATION DATA]       SYMBOLS USED IN COLUMN 16

AVERAGE MONTHLY: 44.4   TOTAL FOR MONTH:   1.66    1 = FOG OR MIST
DPTR FM NORMAL:  -5.6   DPTR FM NORMAL:   -0.44    2 = FOG REDUCING VISIBILITY
HIGHEST:    70 ON 26,15 GRTST 24HR  0.50 ON 22-22      TO 1/4 MILE OR LESS
LOWEST:     20 ON  7                               3 = THUNDER
                        SNOW, ICE PELLETS, HAIL    4 = ICE PELLETS
                        TOTAL MONTH:    M          5 = HAIL
                        GRTST 24HR    M  ON   M    6 = FREEZING RAIN OR DRIZZLE
                        GRTST DEPTH:  M  ON   M    7 = DUSTSTORM OR SANDSTORM:
                                                       VSBY 1/2 MILE OR LESS
                                                   8 = SMOKE OR HAZE
[NO. OF DAYS WITH]      [WEATHER - DAYS WITH]      9 = BLOWING SNOW
                                                   X = TORNADO
MAX 32 OR BELOW:   0    0.01 INCH OR MORE:  12
MAX 90 OR ABOVE:   0    0.10 INCH OR MORE:   6
MIN 32 OR BELOW:  15    0.50 INCH OR MORE:   1
MIN  0 OR BELOW:   0    1.00 INCH OR MORE:   0

[HDD (BASE 65) ]
TOTAL THIS MO.   529    CLEAR  (SCALE 0-3)   6
DPTR FM NORMAL   133    PTCLDY (SCALE 4-7)  12
TOTAL FM JUL 1 10680    CLOUDY (SCALE 8-10)  8
DPTR FM NORMAL   778

[CDD (BASE 65) ]
TOTAL THIS MO.     0
DPTR FM NORMAL     0    [PRESSURE DATA]
TOTAL FM JAN 1     0    HIGHEST SLP M ON M
DPTR FM NORMAL     0    LOWEST  SLP 29.54 ON 22

[REMARKS]
