000
CXUS53 KDLH 220633
CF6HIB
PRELIMINARY LOCAL CLIMATOLOGICAL DATA (WS FORM: F-6)

                                          STATION:   HIBBING
                                          MONTH:     MARCH
                                          YEAR:      2019
                                          LATITUDE:   47 22 N
                                          LONGITUDE:  92 50 W

  TEMPERATURE IN F:       :PCPN:    SNOW:  WIND      :SUNSHINE: SKY     :PK WND
================================================================================
1   2   3   4   5  6A  6B    7    8   9   10  11  12  13   14  15   16   17  18
                                     12Z  AVG MX 2MIN
DY MAX MIN AVG DEP HDD CDD  WTR  SNW DPTH SPD SPD DIR MIN PSBL S-S WX    SPD DR
================================================================================

 1  15 -13   1 -17  64   0    M    M    M  2.7 10 340   M    M   6 18     13 340
 2   8 -17  -4 -22  69   0    M    M    M  8.3 20 320   M    M   3 8      25 310
 3  -3 -20 -11 -30  76   0    M    M    M  7.4 16 300   M    M   5 18     20 310
 4   7 -28 -10 -29  75   0    M    M    M  6.1 15 240   M    M   6 189    22 240
 5  10 -12  -1 -20  66   0    M    M    M 11.1 28 330   M    M   7 189    33 310
 6  15 -15   0 -20  65   0    M    M    M  7.5 23 320   M    M   6 189    28 310
 7  20 -22  -1 -21  66   0    M    M    M  2.3  9 170   M    M   0 1      12 250
 8  30  -3  14  -7  51   0    M    M    M  3.2  9 150   M    M   8 8      15 190
 9  35  13  24   3  41   0    M    M    M  8.9 21 130   M    M   8 18     27 130
10  28  12  20  -2  45   0    M    M    M 12.7 24 310   M    M  10 18     31 320
11  30   1  16  -6  49   0    M    M    M  5.5 13 300   M    M   1 18     17 240
12  39   5  22  -1  43   0    M    M    M  6.7 17 190   M    M   6 18     24 180
13  39  32  36  13  29   0    M    M    M  6.4 15  80   M    M  10 1      20  80
14  37  28  33  10  32   0    M    M    M 13.7 32 340   M    M  10 12     44 330
15  28  21  25   1  40   0    M    M    M 19.5 31 340   M    M  10 18     40 320
16  31  12  22  -2  43   0    M    M    M  6.1 17 310   M    M   3        21 310
17  36   7  22  -3  43   0    M    M    M  2.3  8 330   M    M   4 18     12 250
18  39  15  27   2  38   0    M    M    M  3.9 13 280   M    M   5 1      18 300
19  45  13  29   3  36   0    M    M    M  5.0 13 270   M    M   2 1      20 290
20  38  32  35   9  30   0    M    M    M  9.1 17 360   M    M  10 1      25 360
21  48  25  37  10  28   0    M    M    M 10.3 24 330   M    M   1        29 330
================================================================================
SM  575   86      1029   0    M     M    158.7          M      121
================================================================================
AV 27.4  4.1                               7.6 FASTST   M    M   6    MAX(MPH)
                                 MISC ---->  # 32 340               # 44  330
================================================================================
NOTES:
# LAST OF SEVERAL OCCURRENCES

COLUMN 17 PEAK WIND IN M.P.H.

PRELIMINARY LOCAL CLIMATOLOGICAL DATA (WS FORM: F-6) , PAGE 2

                                          STATION:  HIBBING
                                          MONTH:    MARCH
                                          YEAR:     2019
                                          LATITUDE:   47 22 N
                                          LONGITUDE:  92 50 W

[TEMPERATURE DATA]      [PRECIPITATION DATA]       SYMBOLS USED IN COLUMN 16

AVERAGE MONTHLY: 15.7   TOTAL FOR MONTH:      M    1 = FOG OR MIST
DPTR FM NORMAL:  -6.4   DPTR FM NORMAL:       M    2 = FOG REDUCING VISIBILITY
HIGHEST:    48 ON 21    GRTST 24HR    M  ON   M        TO 1/4 MILE OR LESS
LOWEST:    -28 ON  4                               3 = THUNDER
                        SNOW, ICE PELLETS, HAIL    4 = ICE PELLETS
                        TOTAL MONTH:    M          5 = HAIL
                        GRTST 24HR    M  ON   M    6 = FREEZING RAIN OR DRIZZLE
                        GRTST DEPTH:  M  ON   M    7 = DUSTSTORM OR SANDSTORM:
                                                       VSBY 1/2 MILE OR LESS
                                                   8 = SMOKE OR HAZE
[NO. OF DAYS WITH]      [WEATHER - DAYS WITH]      9 = BLOWING SNOW
                                                   X = TORNADO
MAX 32 OR BELOW:  12    0.01 INCH OR MORE:   0
MAX 90 OR ABOVE:   0    0.10 INCH OR MORE:   0
MIN 32 OR BELOW:  21    0.50 INCH OR MORE:   0
MIN  0 OR BELOW:   8    1.00 INCH OR MORE:   0

[HDD (BASE 65) ]
TOTAL THIS MO.  1029    CLEAR  (SCALE 0-3)   6
DPTR FM NORMAL   128    PTCLDY (SCALE 4-7)   8
TOTAL FM JUL 1  8962    CLOUDY (SCALE 8-10)  7
DPTR FM NORMAL   600

[CDD (BASE 65) ]
TOTAL THIS MO.     0
DPTR FM NORMAL     0    [PRESSURE DATA]
TOTAL FM JAN 1     0    HIGHEST SLP M ON M
DPTR FM NORMAL     0    LOWEST  SLP 29.28 ON 14

[REMARKS]
