000
CXUS56 KPQR 261200
CF6HIO
PRELIMINARY LOCAL CLIMATOLOGICAL DATA (WS FORM: F-6)

                                          STATION:   HILLSBORO OR
                                          MONTH:     MAY
                                          YEAR:      2019
                                          LATITUDE:   45 32 N
                                          LONGITUDE: 122 57 W

  TEMPERATURE IN F:       :PCPN:    SNOW:  WIND      :SUNSHINE: SKY     :PK WND
================================================================================
1   2   3   4   5  6A  6B    7    8   9   10  11  12  13   14  15   16   17  18
                                     12Z  AVG MX 2MIN
DY MAX MIN AVG DEP HDD CDD  WTR  SNW DPTH SPD SPD DIR MIN PSBL S-S WX    SPD DR
================================================================================

 1  69  33  51  -2  14   0 0.00    M    M  3.6 15 310   M    M   0        19 340
 2  65  36  51  -2  14   0 0.00    M    M  2.6 13 330   M    M   3        17 320
 3  69  36  53   0  12   0 0.00    M    M  4.2 10 300   M    M   1        14 320
 4  74  42  58   4   7   0 0.00    M    M  4.9 15 310   M    M   0        18 310
 5  76  44  60   6   5   0 0.00    M    M  5.2 15 320   M    M   0        18 330
 6  82  45  64  10   1   0 0.00    M    M  5.0 15 310   M    M   0        19 300
 7  79  45  62   8   3   0 0.00    M    M  6.7 20 300   M    M   0        24 300
 8  78  44  61   7   4   0 0.00    M    M  3.5 12 280   M    M   1        13 280
 9  84  49  67  12   0   2 0.00    M    M  5.4 20 100   M    M   0        28  80
10  87  46  67  12   0   2 0.00    M    M  2.2  9 200   M    M   0        13 240
11  85  47  66  11   0   1 0.00    M    M  3.8 17 320   M    M   0        22 320
12  74  44  59   4   6   0 0.00    M    M  3.5 12  30   M    M   2 1      14  40
13  71  43  57   1   8   0 0.00    M    M  3.2 14 170   M    M   3        16 170
14  61  47  54  -2  11   0 0.12    M    M  7.4 17 160   M    M   8        21 160
15  65  43  54  -2  11   0 0.11    M    M  4.4 16  90   M    M   7 1      20  80
16  60  51  56   0   9   0 0.07    M    M  4.5 14 240   M    M   9 1      18 240
17  63  52  58   2   7   0    T    M    M  7.3 16 210   M    M  10        22 170
18  70  50  60   4   5   0 0.31    M    M  6.3 30 190   M    M   7 1      39 200
19  62  50  56  -1   9   0 0.34    M    M  3.8 13 310   M    M  10 1      15 310
20  63  50  57   0   8   0 0.15    M    M  6.1 16 290   M    M   9 1      21 290
21  67  48  58   1   7   0 0.03    M    M  4.6 14  10   M    M   8 1      18  10
22  74  46  60   3   5   0 0.00    M    M  5.0 15 330   M    M   6        18 320
23  80  49  65   8   0   0    T  0.0    M  5.2 18 300   M    M   3        22 290
24  64  50  57  -1   8   0    T    M    M  6.3 22 310   M    M   8        27 320
25  56  48  52  -6  13   0 0.30    M    M  6.7 12 180   M    M  10 1      16 180
================================================================================
SM 1778 1138       167   5  1.43     0.0 121.4          M      105
================================================================================
AV 71.1 45.5                               4.9 FASTST   M    M   4    MAX(MPH)
                                 MISC ---->  # 30 190               # 39  200
================================================================================
NOTES:
# LAST OF SEVERAL OCCURRENCES

COLUMN 17 PEAK WIND IN M.P.H.

PRELIMINARY LOCAL CLIMATOLOGICAL DATA (WS FORM: F-6) , PAGE 2

                                          STATION:  HILLSBORO OR
                                          MONTH:    MAY
                                          YEAR:     2019
                                          LATITUDE:   45 32 N
                                          LONGITUDE: 122 57 W

[TEMPERATURE DATA]      [PRECIPITATION DATA]       SYMBOLS USED IN COLUMN 16

AVERAGE MONTHLY: 58.3   TOTAL FOR MONTH:   1.43    1 = FOG OR MIST
DPTR FM NORMAL:   2.9   DPTR FM NORMAL:   -0.48    2 = FOG REDUCING VISIBILITY
HIGHEST:    87 ON 10    GRTST 24HR  0.34 ON 19-19      TO 1/4 MILE OR LESS
LOWEST:     33 ON  1                               3 = THUNDER
                        SNOW, ICE PELLETS, HAIL    4 = ICE PELLETS
                        TOTAL MONTH:   0.0 INCH    5 = HAIL
                        GRTST 24HR     0.0         6 = FREEZING RAIN OR DRIZZLE
                        GRTST DEPTH:  M  ON   M    7 = DUSTSTORM OR SANDSTORM:
                                                       VSBY 1/2 MILE OR LESS
                                                   8 = SMOKE OR HAZE
[NO. OF DAYS WITH]      [WEATHER - DAYS WITH]      9 = BLOWING SNOW
                                                   X = TORNADO
MAX 32 OR BELOW:   0    0.01 INCH OR MORE:   8
MAX 90 OR ABOVE:   0    0.10 INCH OR MORE:   6
MIN 32 OR BELOW:   0    0.50 INCH OR MORE:   0
MIN  0 OR BELOW:   0    1.00 INCH OR MORE:   0

[HDD (BASE 65) ]
TOTAL THIS MO.   167    CLEAR  (SCALE 0-3)  12
DPTR FM NORMAL   -77    PTCLDY (SCALE 4-7)   8
TOTAL FM JUL 1  4545    CLOUDY (SCALE 8-10)  5
DPTR FM NORMAL  -261

[CDD (BASE 65) ]
TOTAL THIS MO.     5
DPTR FM NORMAL     5    [PRESSURE DATA]
TOTAL FM JAN 1     5    HIGHEST SLP M ON M
DPTR FM NORMAL     5    LOWEST  SLP 29.49 ON 16

[REMARKS]
