689
CXUS53 KGID 200730
CF6HJH
PRELIMINARY LOCAL CLIMATOLOGICAL DATA (WS FORM: F-6)

                                          STATION:   HEBRON
                                          MONTH:     MAY
                                          YEAR:      2019
                                          LATITUDE:   40  9 N
                                          LONGITUDE:  97 35 W

  TEMPERATURE IN F:       :PCPN:    SNOW:  WIND      :SUNSHINE: SKY     :PK WND
================================================================================
1   2   3   4   5  6A  6B    7    8   9   10  11  12  13   14  15   16   17  18
                                     12Z  AVG MX 2MIN
DY MAX MIN AVG DEP HDD CDD  WTR  SNW DPTH SPD SPD DIR MIN PSBL S-S WX    SPD DR
================================================================================

 1  53  46  50  -7  15   0 0.01    M    M  7.2 10 360   M    M  10 1      16  10
 2  65  38  52  -5  13   0 0.00    M    M  4.8 10  40   M    M   5         9  30
 3  69  49  59   2   6   0 0.12    M    M  3.7 10 130   M    M   6         M  M
 4  76  44  60   2   5   0 0.00    M    M  6.1 16 170   M    M   4 12     28 220
 5  82  54  68  10   0   3 0.51    M    M 12.0 20 200   M    M   2 3      35  60
 6  57  53  55  -3  10   0 1.03    M    M  9.1 18  60   M    M   8 13     28  50
 7  57  48  53  -6  12   0 0.27    M    M 11.0 16  70   M    M  10 1      20  70
 8  59  41  50  -9  15   0 0.21    M    M 10.3 21 350   M    M  10        30 360
 9  54  40  47 -12  18   0 0.02    M    M 12.7 18 350   M    M   9        25 360
10  59  37  48 -12  17   0 0.00    M    M  0.9  6 180   M    M   3         M  M
11  65  45  55  -5  10   0 0.27    M    M  5.5 14 200   M    M   7 1      18 200
12  64  43  54  -6  11   0 0.00    M    M  4.5 13 330   M    M   6 12     20 330
13  76  40  58  -3   7   0 0.00    M    M  5.4 13 200   M    M   1 1      20 180
14  87  54  71  10   0   6 0.00    M    M  4.4 10 210   M    M   0         M  M
15  87  58  73  12   0   8 0.07    M    M  6.7 14 160   M    M   2 3      23 170
16  93  64  79  17   0  14 0.00    M    M 13.1 24 200   M    M   0        35 200
17  86  65  76  14   0  11 0.05    M    M 14.5 37 200   M    M   4 3      50 200
18  66  56  61  -1   4   0 0.26    M    M  7.2 22 170   M    M   7 3      29 170
19  63  49  56  -7   9   0 0.00    M    M 11.9 20 330   M    M   5        28 330
================================================================================
SM 1318  924       152  42  2.82    M    151.0          M       99
================================================================================
AV 69.4 48.6                               7.9 FASTST   M    M   5    MAX(MPH)
                                 MISC ---->  # 37 200               # 50  200
================================================================================
NOTES:
# LAST OF SEVERAL OCCURRENCES

COLUMN 17 PEAK WIND IN M.P.H.

PRELIMINARY LOCAL CLIMATOLOGICAL DATA (WS FORM: F-6) , PAGE 2

                                          STATION:  HEBRON
                                          MONTH:    MAY
                                          YEAR:     2019
                                          LATITUDE:   40  9 N
                                          LONGITUDE:  97 35 W

[TEMPERATURE DATA]      [PRECIPITATION DATA]       SYMBOLS USED IN COLUMN 16

AVERAGE MONTHLY: 59.0   TOTAL FOR MONTH:   2.82    1 = FOG OR MIST
DPTR FM NORMAL:  -0.7   DPTR FM NORMAL:   -0.13    2 = FOG REDUCING VISIBILITY
HIGHEST:    93 ON 16    GRTST 24HR  1.03 ON  6- 6      TO 1/4 MILE OR LESS
LOWEST:     37 ON 10                               3 = THUNDER
                        SNOW, ICE PELLETS, HAIL    4 = ICE PELLETS
                        TOTAL MONTH:    M          5 = HAIL
                        GRTST 24HR    M  ON   M    6 = FREEZING RAIN OR DRIZZLE
                        GRTST DEPTH:  M  ON   M    7 = DUSTSTORM OR SANDSTORM:
                                                       VSBY 1/2 MILE OR LESS
                                                   8 = SMOKE OR HAZE
[NO. OF DAYS WITH]      [WEATHER - DAYS WITH]      9 = BLOWING SNOW
                                                   X = TORNADO
MAX 32 OR BELOW:   0    0.01 INCH OR MORE:  11
MAX 90 OR ABOVE:   1    0.10 INCH OR MORE:   7
MIN 32 OR BELOW:   0    0.50 INCH OR MORE:   2
MIN  0 OR BELOW:   0    1.00 INCH OR MORE:   1

[HDD (BASE 65) ]
TOTAL THIS MO.   152    CLEAR  (SCALE 0-3)   5
DPTR FM NORMAL    26    PTCLDY (SCALE 4-7)   9
TOTAL FM JUL 1  6058    CLOUDY (SCALE 8-10)  5
DPTR FM NORMAL   118

[CDD (BASE 65) ]
TOTAL THIS MO.    42
DPTR FM NORMAL    18    [PRESSURE DATA]
TOTAL FM JAN 1    50    HIGHEST SLP M ON M
DPTR FM NORMAL    13    LOWEST  SLP M ON M

[REMARKS]
