000
CXUS53 KGID 190730
CF6HJH
PRELIMINARY LOCAL CLIMATOLOGICAL DATA (WS FORM: F-6)

                                          STATION:   HEBRON
                                          MONTH:     MARCH
                                          YEAR:      2019
                                          LATITUDE:   40  9 N
                                          LONGITUDE:  97 35 W

  TEMPERATURE IN F:       :PCPN:    SNOW:  WIND      :SUNSHINE: SKY     :PK WND
================================================================================
1   2   3   4   5  6A  6B    7    8   9   10  11  12  13   14  15   16   17  18
                                     12Z  AVG MX 2MIN
DY MAX MIN AVG DEP HDD CDD  WTR  SNW DPTH SPD SPD DIR MIN PSBL S-S WX    SPD DR
================================================================================

 1  33  15  24 -10  41   0 0.00    M    M  7.0 17 350   M    M   6        22 350
 2  19  10  15 -20  50   0    M    M    M 11.8 17  20   M    M  10        25  20
 3  10  -6   2 -33  63   0    M    M    M 11.7 21  10   M    M   4        27  20
 4  14  -8   3 -33  62   0 0.00    M    M  7.1 10 280   M    M   0         M  M
 5  21   1  11 -25  54   0 0.00    M    M  7.0 17 320   M    M   0        23 320
 6  33   0  17 -19  48   0 0.00    M    M  4.2 14 150   M    M   4         M  M
 7  35  28  32  -5  33   0 0.00    M    M 12.0 21  90   M    M   3        28  90
 8  35  20  28  -9  37   0 0.00    M    M  3.9 12 100   M    M   9 12     20 100
 9  38  30  34  -4  31   0 0.19    M    M 15.7 31 320   M    M   8 12     39 320
10  38  24  31  -7  34   0 0.00    M    M  4.6  9 300   M    M   2        16 300
11  46  21  34  -4  31   0 0.00    M    M  2.9  8 130   M    M   2         M  M
12  52  37  45   6  20   0    T    M    M  9.3 13 180   M    M  10 123    18 160
13  64  50  57  18   8   0 0.66    M    M 19.1 28 180   M    M   9 13     37 170
14  50  33  42   3  23   0    M    M    M 21.5 28 330   M    M   8 1      43 320
15  47  28  38  -2  27   0 0.00    M    M 10.2 17 330   M    M   0        25 310
16  55  29  42   2  23   0 0.00    M    M  6.6 14 310   M    M   0        18 310
17  53  27  40  -1  25   0 0.00    M    M  2.5  8  80   M    M   3         M  M
18  50  29  40  -1  25   0 0.00    M    M  3.7  9  10   M    M   4 8       M  M
================================================================================
SM  693  368       635   0  0.85    M    160.8          M       82
================================================================================
AV 38.5 20.4                               8.9 FASTST   M    M   5    MAX(MPH)
                                 MISC ---->  # 31 320               # 43  320
================================================================================
NOTES:
# LAST OF SEVERAL OCCURRENCES

COLUMN 17 PEAK WIND IN M.P.H.

PRELIMINARY LOCAL CLIMATOLOGICAL DATA (WS FORM: F-6) , PAGE 2

                                          STATION:  HEBRON
                                          MONTH:    MARCH
                                          YEAR:     2019
                                          LATITUDE:   40  9 N
                                          LONGITUDE:  97 35 W

[TEMPERATURE DATA]      [PRECIPITATION DATA]       SYMBOLS USED IN COLUMN 16

AVERAGE MONTHLY: 29.5   TOTAL FOR MONTH:   0.85    1 = FOG OR MIST
DPTR FM NORMAL:  -8.2   DPTR FM NORMAL:   -0.21    2 = FOG REDUCING VISIBILITY
HIGHEST:    64 ON 13    GRTST 24HR  0.66 ON 13-13      TO 1/4 MILE OR LESS
LOWEST:     -8 ON  4                               3 = THUNDER
                        SNOW, ICE PELLETS, HAIL    4 = ICE PELLETS
                        TOTAL MONTH:    M          5 = HAIL
                        GRTST 24HR    M  ON   M    6 = FREEZING RAIN OR DRIZZLE
                        GRTST DEPTH:  M  ON   M    7 = DUSTSTORM OR SANDSTORM:
                                                       VSBY 1/2 MILE OR LESS
                                                   8 = SMOKE OR HAZE
[NO. OF DAYS WITH]      [WEATHER - DAYS WITH]      9 = BLOWING SNOW
                                                   X = TORNADO
MAX 32 OR BELOW:   4    0.01 INCH OR MORE:   2
MAX 90 OR ABOVE:   0    0.10 INCH OR MORE:   2
MIN 32 OR BELOW:  15    0.50 INCH OR MORE:   1
MIN  0 OR BELOW:   3    1.00 INCH OR MORE:   0

[HDD (BASE 65) ]
TOTAL THIS MO.   635    CLEAR  (SCALE 0-3)   7
DPTR FM NORMAL   144    PTCLDY (SCALE 4-7)   6
TOTAL FM JUL 1  5368    CLOUDY (SCALE 8-10)  5
DPTR FM NORMAL   266

[CDD (BASE 65) ]
TOTAL THIS MO.     0
DPTR FM NORMAL     0    [PRESSURE DATA]
TOTAL FM JAN 1     0    HIGHEST SLP M ON M
DPTR FM NORMAL     0    LOWEST  SLP M ON M

[REMARKS]
