000
CXUS54 KJAN 231414
CF6HKS
PRELIMINARY LOCAL CLIMATOLOGICAL DATA (WS FORM: F-6)

                                          STATION:   JACKSON HAWKINS
                                          MONTH:     MAY
                                          YEAR:      2019
                                          LATITUDE:   32 20 N
                                          LONGITUDE:  90 14 W

  TEMPERATURE IN F:       :PCPN:    SNOW:  WIND      :SUNSHINE: SKY     :PK WND
================================================================================
1   2   3   4   5  6A  6B    7    8   9   10  11  12  13   14  15   16   17  18
                                     12Z  AVG MX 2MIN
DY MAX MIN AVG DEP HDD CDD  WTR  SNW DPTH SPD SPD DIR MIN PSBL S-S WX    SPD DR
================================================================================

 1  86  70  78   9   0  13    T  0.0    0  9.4 17 170   M    M   4 1      22 170
 2  86  67  77   8   0  12 0.00  0.0    0  8.2 23 160   M    M   2        30 170
 3  83  65  74   4   0   9 0.24  0.0    0  3.0 16 100   M    M   3 138    22 100
 4  73  64  69  -1   0   4 0.67  0.0    0  4.9 13 290   M    M   9 13     20 340
 5  75  58  67  -3   0   2 0.00  0.0    0  3.9 12 310   M    M   5        15 310
 6  84  55  70   0   0   5 0.00  0.0    0  2.4  9 140   M    M   0 1      13 180
 7  87  61  74   3   0   9 0.00  0.0    0  4.1 13 150   M    M   0        16 150
 8  85  65  75   4   0  10 0.76  0.0    0  9.6 29 280   M    M   3 13     37 280
 9  75  65  70  -1   0   5 2.42  0.0    0  6.2 25 310   M    M   8 123    37 310
10  73  63  68  -3   0   3 0.34  0.0    0  3.6 14  70   M    M   9 12     18  60
11  84  68  76   4   0  11 0.37  0.0    0  7.8 21 260   M    M   8 13     27 220
12  78  59  69  -3   0   4 0.02  0.0    0  4.6 14 270   M    M   6 1      18 310
13  79  57  68  -4   0   3 0.00  0.0    0  3.5 13  30   M    M   0 12     21  50
14  82  55  69  -3   0   4 0.00  0.0    0  1.8 13 300   M    M   1        16 310
15  86  61  74   1   0   9 0.00  0.0    0  2.4 10 290   M    M   1 1      15 290
16  88  62  75   2   0  10 0.00  0.0    0  2.5 12 260   M    M   1 1      15 260
17  89  65  77   4   0  12 0.00  0.0    0  6.4 17 150   M    M   0        23 150
18  89  65  77   4   0  12 0.12  0.0    0  9.7 26 210   M    M   4 1      32 200
19  80  66  73  -1   0   8 1.09  0.0    0  7.7 26 240   M    M   6 13     33 240
20  90  69  80   6   0  15 0.00  0.0    0  7.5 17 160   M    M   3        22 160
21  89  74  82   8   0  17 0.00  0.0    0 13.6 23 170   M    M   5        32 160
22  91  74  83   9   0  18 0.00  0.0    0 11.0 17 140   M    M   5        23 190
================================================================================
SM 1832 1408         0 195  6.03     0.0 133.8          M       83
================================================================================
AV 83.3 64.0                               6.1 FASTST   M    M   4    MAX(MPH)
                                 MISC ---->  # 29 280               # 37  280
================================================================================
NOTES:
# LAST OF SEVERAL OCCURRENCES

COLUMN 17 PEAK WIND IN M.P.H.

PRELIMINARY LOCAL CLIMATOLOGICAL DATA (WS FORM: F-6) , PAGE 2

                                          STATION:  JACKSON HAWKINS
                                          MONTH:    MAY
                                          YEAR:     2019
                                          LATITUDE:   32 20 N
                                          LONGITUDE:  90 14 W

[TEMPERATURE DATA]      [PRECIPITATION DATA]       SYMBOLS USED IN COLUMN 16

AVERAGE MONTHLY: 73.6   TOTAL FOR MONTH:   6.03    1 = FOG OR MIST
DPTR FM NORMAL:   1.9   DPTR FM NORMAL:    2.57    2 = FOG REDUCING VISIBILITY
HIGHEST:    91 ON 22    GRTST 24HR  2.42 ON  9- 9      TO 1/4 MILE OR LESS
LOWEST:     55 ON 14, 6                            3 = THUNDER
                        SNOW, ICE PELLETS, HAIL    4 = ICE PELLETS
                        TOTAL MONTH:   0.0 INCH    5 = HAIL
                        GRTST 24HR     0.0         6 = FREEZING RAIN OR DRIZZLE
                        GRTST DEPTH:   0           7 = DUSTSTORM OR SANDSTORM:
                                                       VSBY 1/2 MILE OR LESS
                                                   8 = SMOKE OR HAZE
[NO. OF DAYS WITH]      [WEATHER - DAYS WITH]      9 = BLOWING SNOW
                                                   X = TORNADO
MAX 32 OR BELOW:   0    0.01 INCH OR MORE:   9
MAX 90 OR ABOVE:   2    0.10 INCH OR MORE:   8
MIN 32 OR BELOW:   0    0.50 INCH OR MORE:   4
MIN  0 OR BELOW:   0    1.00 INCH OR MORE:   2

[HDD (BASE 65) ]
TOTAL THIS MO.     0    CLEAR  (SCALE 0-3)  10
DPTR FM NORMAL    -8    PTCLDY (SCALE 4-7)   9
TOTAL FM JUL 1  2055    CLOUDY (SCALE 8-10)  3
DPTR FM NORMAL  -162

[CDD (BASE 65) ]
TOTAL THIS MO.   195
DPTR FM NORMAL    38    [PRESSURE DATA]
TOTAL FM JAN 1   318    HIGHEST SLP M ON M
DPTR FM NORMAL    36    LOWEST  SLP 29.70 ON  4

[REMARKS]
