000
CXUS52 KGSP 250817
CF6HKY
PRELIMINARY LOCAL CLIMATOLOGICAL DATA (WS FORM: F-6)

                                          STATION:   HICKORY NC
                                          MONTH:     MAY
                                          YEAR:      2019
                                          LATITUDE:   35 45 N
                                          LONGITUDE:  81 23 W

  TEMPERATURE IN F:       :PCPN:    SNOW:  WIND      :SUNSHINE: SKY     :PK WND
================================================================================
1   2   3   4   5  6A  6B    7    8   9   10  11  12  13   14  15   16   17  18
                                     12Z  AVG MX 2MIN
DY MAX MIN AVG DEP HDD CDD  WTR  SNW DPTH SPD SPD DIR MIN PSBL S-S WX    SPD DR
================================================================================

 1  79  62  71   9   0   6 0.00    M    M  6.8 16 190   M    M   1 8      22 190
 2  82  61  72   9   0   7 0.00    M    M  5.2 14 190   M    M   0 8      19 190
 3  80  56  68   5   0   3 0.00    M    M  4.6 14 190   M    M   2 1      19 190
 4  82  62  72   9   0   7 0.46    M    M  2.5 16 280   M    M   7 123    22 270
 5  78  60  69   6   0   4 0.20    M    M  6.3 15 200   M    M   7 1      22 190
 6  77  55  66   2   0   1 0.00    M    M  2.7 10 190   M    M   5        16 210
 7  77  60  69   5   0   4 0.00    M    M  3.2 13 200   M    M   5        19 200
 8  80  60  70   6   0   5 0.00    M    M  3.0 13 210   M    M   5 12     16 220
 9  78  61  70   6   0   5    T    M    M  4.0 15 200   M    M   4 1      21 210
10  76  63  70   5   0   5    T    M    M  4.7 13 200   M    M   8 1      17 200
11  70  66  68   3   0   3 1.21    M    M  2.7  8 190   M    M   9 1      14 150
12  74  62  68   3   0   3 0.04    M    M  8.1 18 200   M    M   7 1      25 180
13  72  53  63  -2   2   0    T    M    M  7.8 21 270   M    M   3 12     28 320
14  69  47  58  -8   7   0 0.00    M    M  5.9 16 360   M    M   1        23  20
15  69  45  57  -9   8   0 0.00    M    M  4.5 14 240   M    M   3        21 200
16  78  50  64  -2   1   0 0.00    M    M  3.2 12 200   M    M   0        16 210
17  86  56  71   5   0   6 0.00    M    M  3.9 13 220   M    M   2        17 280
18  86  60  73   6   0   8 0.00    M    M  2.9 10 200   M    M   0        15 200
19  85  65  75   8   0  10 0.00    M    M  5.8 17 200   M    M   1 1      22 200
20  84  65  75   8   0  10 0.00    M    M  7.7 17 210   M    M   2        23 200
21  84  58  71   3   0   6 0.00    M    M  2.2 13 200   M    M   0        16 210
22  74  63  69   1   0   4 0.00    M    M  5.6 12  50   M    M   8 1      16  60
23  84  66  75   7   0  10 0.02    M    M  5.2 15 210   M    M   5 1      20 220
24  91  64  78  10   0  13 0.00    M    M  4.3 13 340   M    M   1 128    20 280
================================================================================
SM 1895 1420        18 120  1.93    M    112.8          M       86
================================================================================
AV 79.0 59.2                               4.7 FASTST   M    M   4    MAX(MPH)
                                 MISC ---->  # 21 270               # 28  320
================================================================================
NOTES:
# LAST OF SEVERAL OCCURRENCES

COLUMN 17 PEAK WIND IN M.P.H.

PRELIMINARY LOCAL CLIMATOLOGICAL DATA (WS FORM: F-6) , PAGE 2

                                          STATION:  HICKORY NC
                                          MONTH:    MAY
                                          YEAR:     2019
                                          LATITUDE:   35 45 N
                                          LONGITUDE:  81 23 W

[TEMPERATURE DATA]      [PRECIPITATION DATA]       SYMBOLS USED IN COLUMN 16

AVERAGE MONTHLY: 69.1   TOTAL FOR MONTH:   1.93    1 = FOG OR MIST
DPTR FM NORMAL:   3.8   DPTR FM NORMAL:   -0.81    2 = FOG REDUCING VISIBILITY
HIGHEST:    91 ON 24    GRTST 24HR  1.21 ON 11-11      TO 1/4 MILE OR LESS
LOWEST:     45 ON 15                               3 = THUNDER
                        SNOW, ICE PELLETS, HAIL    4 = ICE PELLETS
                        TOTAL MONTH:    M          5 = HAIL
                        GRTST 24HR    M  ON   M    6 = FREEZING RAIN OR DRIZZLE
                        GRTST DEPTH:  M  ON   M    7 = DUSTSTORM OR SANDSTORM:
                                                       VSBY 1/2 MILE OR LESS
                                                   8 = SMOKE OR HAZE
[NO. OF DAYS WITH]      [WEATHER - DAYS WITH]      9 = BLOWING SNOW
                                                   X = TORNADO
MAX 32 OR BELOW:   0    0.01 INCH OR MORE:   5
MAX 90 OR ABOVE:   1    0.10 INCH OR MORE:   3
MIN 32 OR BELOW:   0    0.50 INCH OR MORE:   1
MIN  0 OR BELOW:   0    1.00 INCH OR MORE:   1

[HDD (BASE 65) ]
TOTAL THIS MO.    18    CLEAR  (SCALE 0-3)  11
DPTR FM NORMAL   -41    PTCLDY (SCALE 4-7)  10
TOTAL FM JUL 1  3420    CLOUDY (SCALE 8-10)  3
DPTR FM NORMAL  -188

[CDD (BASE 65) ]
TOTAL THIS MO.   120
DPTR FM NORMAL    52    [PRESSURE DATA]
TOTAL FM JAN 1   150    HIGHEST SLP M ON M
DPTR FM NORMAL    53    LOWEST  SLP 29.69 ON M

[REMARKS]
