000
CXUS52 KGSP 220817
CF6HKY
PRELIMINARY LOCAL CLIMATOLOGICAL DATA (WS FORM: F-6)

                                          STATION:   HICKORY NC
                                          MONTH:     MARCH
                                          YEAR:      2019
                                          LATITUDE:   35 45 N
                                          LONGITUDE:  81 23 W

  TEMPERATURE IN F:       :PCPN:    SNOW:  WIND      :SUNSHINE: SKY     :PK WND
================================================================================
1   2   3   4   5  6A  6B    7    8   9   10  11  12  13   14  15   16   17  18
                                     12Z  AVG MX 2MIN
DY MAX MIN AVG DEP HDD CDD  WTR  SNW DPTH SPD SPD DIR MIN PSBL S-S WX    SPD DR
================================================================================

 1  56  39  48   2  17   0 0.38    M    M  5.2 14  50   M    M  10 12     18  70
 2  57  38  48   2  17   0 0.00    M    M  1.5 10 200   M    M   6 12     14 200
 3  51  42  47   1  18   0 0.34    M    M  5.2 10  70   M    M  10 1      14  50
 4  47  32  40  -6  25   0 0.00    M    M  6.9 15 320   M    M   6 1      25 330
 5  47  30  39  -8  26   0 0.00    M    M  6.3 18 300   M    M   5        25 310
 6  44  23  34 -13  31   0 0.00    M    M  5.5 14 330   M    M   0        18 330
 7  50  26  38  -9  27   0 0.00    M    M  2.6  8  20   M    M   5 8      12  10
 8  42  37  40  -8  25   0 0.06    M    M  2.9 10  60   M    M  10 1      12  60
 9  43  38  41  -7  24   0 0.30    M    M  4.7  9  60   M    M   9 1      12  80
10  66  40  53   5  12   0 0.20    M    M  4.3 14 220   M    M   3 1      17 210
11  64  41  53   5  12   0 0.05    M    M  5.6  9 330   0    0   0         M  M
12  62  33  48  -1  17   0 0.00    M    M  2.9  9  80   M    M   0        14 330
13  61  36  49   0  16   0 0.00    M    M  2.9 13 220   M    M   0        18 200
14  65  49  57   8   8   0 0.00    M    M  5.4 17 200   M    M  10        23 190
15  66  51  59   9   6   0 0.30    M    M  9.8 18 200   M    M   7 13     28 180
16  56  39  48  -2  17   0 0.00    M    M  6.7 18 320   M    M   0        28 300
17  58  33  46  -4  19   0 0.00    M    M  2.3 14 280   M    M   0        17 290
18  55  36  46  -4  19   0 0.00    M    M  7.2 18  20   M    M   0        26 290
19  54  27  41 -10  24   0 0.00    M    M  2.5 10  50   M    M   0        18  20
20  59  27  43  -8  22   0 0.00    M    M  2.5 10  10   M    M   2        15  10
21  57  40  49  -2  16   0    T    M    M  6.0 18 260   M    M   8        23 270
================================================================================
SM 1160  757       398   0  1.63    M     98.9            0     91
================================================================================
AV 55.2 36.1                               4.7 FASTST    0   0   4    MAX(MPH)
                                 MISC ---->  # 18 300               # 28  180
================================================================================
NOTES:
# LAST OF SEVERAL OCCURRENCES

COLUMN 17 PEAK WIND IN M.P.H.

PRELIMINARY LOCAL CLIMATOLOGICAL DATA (WS FORM: F-6) , PAGE 2

                                          STATION:  HICKORY NC
                                          MONTH:    MARCH
                                          YEAR:     2019
                                          LATITUDE:   35 45 N
                                          LONGITUDE:  81 23 W

[TEMPERATURE DATA]      [PRECIPITATION DATA]       SYMBOLS USED IN COLUMN 16

AVERAGE MONTHLY: 45.6   TOTAL FOR MONTH:   1.63    1 = FOG OR MIST
DPTR FM NORMAL:  -2.8   DPTR FM NORMAL:   -1.17    2 = FOG REDUCING VISIBILITY
HIGHEST:    66 ON 15,10 GRTST 24HR  0.38 ON  1- 1      TO 1/4 MILE OR LESS
LOWEST:     23 ON  6                               3 = THUNDER
                        SNOW, ICE PELLETS, HAIL    4 = ICE PELLETS
                        TOTAL MONTH:    M          5 = HAIL
                        GRTST 24HR    M  ON   M    6 = FREEZING RAIN OR DRIZZLE
                        GRTST DEPTH:  M  ON   M    7 = DUSTSTORM OR SANDSTORM:
                                                       VSBY 1/2 MILE OR LESS
                                                   8 = SMOKE OR HAZE
[NO. OF DAYS WITH]      [WEATHER - DAYS WITH]      9 = BLOWING SNOW
                                                   X = TORNADO
MAX 32 OR BELOW:   0    0.01 INCH OR MORE:   7
MAX 90 OR ABOVE:   0    0.10 INCH OR MORE:   5
MIN 32 OR BELOW:   6    0.50 INCH OR MORE:   0
MIN  0 OR BELOW:   0    1.00 INCH OR MORE:   0

[HDD (BASE 65) ]
TOTAL THIS MO.   398    CLEAR  (SCALE 0-3)   9
DPTR FM NORMAL    49    PTCLDY (SCALE 4-7)   7
TOTAL FM JUL 1  3110    CLOUDY (SCALE 8-10)  5
DPTR FM NORMAL   -94

[CDD (BASE 65) ]
TOTAL THIS MO.     0
DPTR FM NORMAL     0    [PRESSURE DATA]
TOTAL FM JAN 1     3    HIGHEST SLP  0.00 ON 11
DPTR FM NORMAL     3    LOWEST  SLP 29.67 ON  3

[REMARKS]
