971
CXUS53 KGLD 230800
CF6HLC
PRELIMINARY LOCAL CLIMATOLOGICAL DATA (WS FORM: F-6)

                                          STATION:   HILL CITY KS
                                          MONTH:     MAY
                                          YEAR:      2019
                                          LATITUDE:   39 22 N
                                          LONGITUDE:  99 50 W

  TEMPERATURE IN F:       :PCPN:    SNOW:  WIND      :SUNSHINE: SKY     :PK WND
================================================================================
1   2   3   4   5  6A  6B    7    8   9   10  11  12  13   14  15   16   17  18
                                     12Z  AVG MX 2MIN
DY MAX MIN AVG DEP HDD CDD  WTR  SNW DPTH SPD SPD DIR MIN PSBL S-S WX    SPD DR
================================================================================

 1  52  44  48  -9  17   0 0.16    M    M  8.3 16  10   M    M  10 1      20  10
 2  62  34  48 -10  17   0 0.02    M    M  5.6 14 140   M    M   7 12     18 130
 3  69  47  58   0   7   0 0.26    M    M  6.2 14  40   M    M   6 1      16 110
 4  76  41  59   1   6   0    T    M    M  8.3 23 180   M    M   4 12     33 170
 5  80  48  64   5   1   0 0.01    M    M  7.0 39 360   M    M   1 13     48 360
 6  57  51  54  -5  11   0 0.45    M    M 12.7 22  50   M    M   9 13     29  40
 7  53  47  50  -9  15   0 0.90    M    M 12.8 37  50   M    M  10 123    47  50
 8  55  44  50 -10  15   0 0.43    M    M 14.0 25  10   M    M  10 12     34  10
 9  56  34  45 -15  20   0 0.00    M    M 12.5 24  20   M    M   8        32  10
10  58  30  44 -16  21   0 0.00    M    M  3.4 10 170   M    M   3 1      16 150
11  70  44  57  -4   8   0    T  0.0    0  8.6 18 350   M    M   5 8      27 330
12  71  36  54  -7  11   0 0.00  0.0    0  7.3 20 310   M    M   1        29 310
13  81  39  60  -2   5   0 0.00  0.0    0  6.9 15 260   M    M   0        22 250
14  92  49  71   9   0   6 0.00    M    M  4.8 20 180   M    M   0 3      27 190
15  91  52  72  10   0   7    T    M    M  8.7 25 280   M    M   0 8      39 280
16  94  63  79  16   0  14 0.00    M    M 12.5 23 190   M    M   0        35 210
17  85  59  72   9   0   7    T    M    M 18.1 32 170   M    M   1 3      50 180
18  79  47  63   0   2   0 1.45    M    M  8.5 30 360   M    M   2 1      42  10
19  66  44  55  -9  10   0 0.00    M    M 11.7 24 340   M    M   0        31 360
20  56  44  50 -14  15   0 0.94    M    M 17.5 30  90   M    M   8 13     41  90
21  59  43  51 -13  14   0 1.27    M    M 15.0 28  40   M    M   8 13     35  40
22  67  40  54 -11  11   0 0.00    M    M 11.0 20 290   M    M   1        32 270
================================================================================
SM 1529  980       206  34  5.89     0.0 221.4          M       94
================================================================================
AV 69.5 44.6                              10.1 FASTST   M    M   4    MAX(MPH)
                                 MISC ---->  # 39 360               # 50  180
================================================================================
NOTES:
# LAST OF SEVERAL OCCURRENCES

COLUMN 17 PEAK WIND IN M.P.H.

PRELIMINARY LOCAL CLIMATOLOGICAL DATA (WS FORM: F-6) , PAGE 2

                                          STATION:  HILL CITY KS
                                          MONTH:    MAY
                                          YEAR:     2019
                                          LATITUDE:   39 22 N
                                          LONGITUDE:  99 50 W

[TEMPERATURE DATA]      [PRECIPITATION DATA]       SYMBOLS USED IN COLUMN 16

AVERAGE MONTHLY: 57.0   TOTAL FOR MONTH:   5.89    1 = FOG OR MIST
DPTR FM NORMAL:  -4.0   DPTR FM NORMAL:    3.23    2 = FOG REDUCING VISIBILITY
HIGHEST:    94 ON 16    GRTST 24HR  1.45 ON 18-18      TO 1/4 MILE OR LESS
LOWEST:     30 ON 10                               3 = THUNDER
                        SNOW, ICE PELLETS, HAIL    4 = ICE PELLETS
                        TOTAL MONTH:   0.0 INCH    5 = HAIL
                        GRTST 24HR     0.0         6 = FREEZING RAIN OR DRIZZLE
                        GRTST DEPTH:   0           7 = DUSTSTORM OR SANDSTORM:
                                                       VSBY 1/2 MILE OR LESS
                                                   8 = SMOKE OR HAZE
[NO. OF DAYS WITH]      [WEATHER - DAYS WITH]      9 = BLOWING SNOW
                                                   X = TORNADO
MAX 32 OR BELOW:   0    0.01 INCH OR MORE:  10
MAX 90 OR ABOVE:   3    0.10 INCH OR MORE:   8
MIN 32 OR BELOW:   1    0.50 INCH OR MORE:   4
MIN  0 OR BELOW:   0    1.00 INCH OR MORE:   2

[HDD (BASE 65) ]
TOTAL THIS MO.   206    CLEAR  (SCALE 0-3)  11
DPTR FM NORMAL    79    PTCLDY (SCALE 4-7)   6
TOTAL FM JUL 1  5899    CLOUDY (SCALE 8-10)  5
DPTR FM NORMAL   395

[CDD (BASE 65) ]
TOTAL THIS MO.    34
DPTR FM NORMAL    -3    [PRESSURE DATA]
TOTAL FM JAN 1    41    HIGHEST SLP M ON M
DPTR FM NORMAL    -3    LOWEST  SLP 29.26 ON 17

[REMARKS]
