000
CXUS53 KGLD 190800
CF6HLC
PRELIMINARY LOCAL CLIMATOLOGICAL DATA (WS FORM: F-6)

                                          STATION:   HILL CITY KS
                                          MONTH:     MARCH
                                          YEAR:      2019
                                          LATITUDE:   39 22 N
                                          LONGITUDE:  99 50 W

  TEMPERATURE IN F:       :PCPN:    SNOW:  WIND      :SUNSHINE: SKY     :PK WND
================================================================================
1   2   3   4   5  6A  6B    7    8   9   10  11  12  13   14  15   16   17  18
                                     12Z  AVG MX 2MIN
DY MAX MIN AVG DEP HDD CDD  WTR  SNW DPTH SPD SPD DIR MIN PSBL S-S WX    SPD DR
================================================================================

 1  41  13  27 -10  38   0 0.00    M    M 10.4 26 360   M    M   4 1      35  20
 2  24  10  17 -20  48   0    T    M    M 12.1 23  20   M    M   8 18     32  20
 3  10  -2   4 -34  61   0 0.01    M    M 10.7 25  20   M    M   5 18     31  20
 4  17 -10   4 -34  61   0 0.00    M    M  7.0 14 290   M    M   0        20 280
 5  30  -1  15 -23  50   0 0.00    M    M  7.3 18 340   M    M   0        24 330
 6  38  10  24 -15  41   0 0.00    M    M  9.7 20  90   M    M   2        27  80
 7  39  24  32  -7  33   0    T    M    M  9.3 16 140   M    M   3        23  90
 8  46  21  34  -5  31   0 0.00    M    M  8.1 20 140   M    M   5 128    26 140
 9  44  25  35  -5  30   0 0.00    M    M 16.1 40 330   M    M   6 12     61 330
10  48  24  36  -4  29   0 0.00    M    M  5.8 15 110   M    M   3        21 120
11  48  20  34  -6  31   0    T    M    M  6.3 15 140   M    M   5        20 150
12  65  41  53  12  12   0    T    M    M 14.2 30 190   M    M   6 123    44 200
13  58  33  46   5  19   0 0.69    M    M 21.9 44 330   M    M   9 13     63 340
14  44  32  38  -3  27   0    T    M    M 28.5 44 330   M    M   6        64 330
15  51  26  39  -3  26   0 0.00    M    M  8.1 17 290   M    M   0        24 300
16  58  22  40  -2  25   0 0.00    M    M  6.2 15 340   M    M   0        24 350
17  60  22  41  -1  24   0    T    M    M  5.3 22  30   M    M   1        30  40
18  53  26  40  -2  25   0    T    M    M  8.8 16  30   M    M   2 8      21 130
================================================================================
SM  774  336       611   0  0.70    M    195.8          M       65
================================================================================
AV 43.0 18.7                              10.9 FASTST   M    M   4    MAX(MPH)
                                 MISC ---->  # 44 330               # 64  330
================================================================================
NOTES:
# LAST OF SEVERAL OCCURRENCES

COLUMN 17 PEAK WIND IN M.P.H.

PRELIMINARY LOCAL CLIMATOLOGICAL DATA (WS FORM: F-6) , PAGE 2

                                          STATION:  HILL CITY KS
                                          MONTH:    MARCH
                                          YEAR:     2019
                                          LATITUDE:   39 22 N
                                          LONGITUDE:  99 50 W

[TEMPERATURE DATA]      [PRECIPITATION DATA]       SYMBOLS USED IN COLUMN 16

AVERAGE MONTHLY: 30.8   TOTAL FOR MONTH:   0.70    1 = FOG OR MIST
DPTR FM NORMAL:  -8.9   DPTR FM NORMAL:   -0.14    2 = FOG REDUCING VISIBILITY
HIGHEST:    65 ON 12    GRTST 24HR  0.69 ON 13-13      TO 1/4 MILE OR LESS
LOWEST:    -10 ON  4                               3 = THUNDER
                        SNOW, ICE PELLETS, HAIL    4 = ICE PELLETS
                        TOTAL MONTH:    M          5 = HAIL
                        GRTST 24HR    M  ON   M    6 = FREEZING RAIN OR DRIZZLE
                        GRTST DEPTH:  M  ON   M    7 = DUSTSTORM OR SANDSTORM:
                                                       VSBY 1/2 MILE OR LESS
                                                   8 = SMOKE OR HAZE
[NO. OF DAYS WITH]      [WEATHER - DAYS WITH]      9 = BLOWING SNOW
                                                   X = TORNADO
MAX 32 OR BELOW:   4    0.01 INCH OR MORE:   2
MAX 90 OR ABOVE:   0    0.10 INCH OR MORE:   1
MIN 32 OR BELOW:  16    0.50 INCH OR MORE:   1
MIN  0 OR BELOW:   3    1.00 INCH OR MORE:   0

[HDD (BASE 65) ]
TOTAL THIS MO.   611    CLEAR  (SCALE 0-3)   9
DPTR FM NORMAL   158    PTCLDY (SCALE 4-7)   8
TOTAL FM JUL 1  5130    CLOUDY (SCALE 8-10)  1
DPTR FM NORMAL   427

[CDD (BASE 65) ]
TOTAL THIS MO.     0
DPTR FM NORMAL     0    [PRESSURE DATA]
TOTAL FM JAN 1     0    HIGHEST SLP M ON M
DPTR FM NORMAL     0    LOWEST  SLP 28.79 ON 13

[REMARKS]
