000
CXUS51 KPBZ 250804
CF6HLG
PRELIMINARY LOCAL CLIMATOLOGICAL DATA (WS FORM: F-6)

                                          STATION:   WHEELING
                                          MONTH:     MAY
                                          YEAR:      2019
                                          LATITUDE:   40 10 N
                                          LONGITUDE:  80 39 W

  TEMPERATURE IN F:       :PCPN:    SNOW:  WIND      :SUNSHINE: SKY     :PK WND
================================================================================
1   2   3   4   5  6A  6B    7    8   9   10  11  12  13   14  15   16   17  18
                                     12Z  AVG MX 2MIN
DY MAX MIN AVG DEP HDD CDD  WTR  SNW DPTH SPD SPD DIR MIN PSBL S-S WX    SPD DR
================================================================================

 1  85  55  70  14   0   5 0.00    M    0 11.6 25 210   M    M   1        37 210
 2  80  60  70  14   0   5 0.05    M    M  5.6 20 310   M    M   5 138    26 320
 3  72  60  66   9   0   1 0.13    M    M  3.2  8 360   M    M   7 1      11 330
 4  65  56  61   4   4   0 0.28  0.0    0  5.9 12 330   M    M  10 1      15 330
 5  62  51  57   0   8   0 0.13  0.0    0  6.4 12 330   M    M   8 1      15 330
 6  74  41  58   1   7   0 0.00  0.0    0  3.0 13 330   M    M   3 12     16 260
 7  77  53  65   7   0   0 0.00  0.0    0  6.3 17 360   M    M   0 8      22 360
 8  78  47  63   5   2   0 0.00  0.0    0  7.5 15 110   M    M   1        20 110
 9  79  61  70  12   0   5 0.18  0.0    0 11.2 24 180   M    M   3 1      29 180
10  70  50  60   2   5   0 0.11  0.0    0  8.8 23 280   M    M  10 1      33 220
11  63  46  55  -4  10   0 0.12    M    0  8.9 16  90   M    M   8 1      22  90
12  56  51  54  -5  11   0 0.25  0.0    0  4.2 13  60   M    M  10 1      15  70
13  56  46  51  -8  14   0 0.16    M    0  9.1 17 240   M    M   9 1      24 230
14  61  43  52  -7  13   0    T    M    0  7.8 18 320   M    M   7 1      24 320
15  70  42  56  -4   9   0 0.00    M    0  7.0 20 220   M    M   3        23 250
16  74  53  64   4   1   0 0.00  0.0    0  8.5 16 260   M    M   2        23 220
17  74  58  66   6   0   1 0.11    M    M  6.8 15 220   M    M   7 123    22 220
18  84  59  72  12   0   7 0.08    M    M  6.2 15 180   M    M   5 138    19 170
19  86  64  75  14   0  10 0.04    M    0 12.5 25 230   M    M   4        34 200
20  74  54  64   3   1   0 0.02    M    M 13.0 25 250   M    M   7 1      37 250
21  63  45  54  -7  11   0 0.00  0.0    0  7.7 16 360   M    M   6        19 350
22  83  51  67   5   0   2 0.00  0.0    0  7.8 16 130   M    M   2        18  80
23  81  68  75  13   0  10 0.05  0.0    0 11.0 23 250   M    M   4 1      35 240
24  78  59  69   7   0   4 0.00    M    0  5.2 15 290   M    M   2        19 290
================================================================================
SM 1745 1273        96  50  1.71     0.0 185.2          M      124
================================================================================
AV 72.7 53.0                               7.7 FASTST   M    M   5    MAX(MPH)
                                 MISC ---->  # 25 210               # 37  210
================================================================================
NOTES:
# LAST OF SEVERAL OCCURRENCES

COLUMN 17 PEAK WIND IN M.P.H.

PRELIMINARY LOCAL CLIMATOLOGICAL DATA (WS FORM: F-6) , PAGE 2

                                          STATION:  WHEELING
                                          MONTH:    MAY
                                          YEAR:     2019
                                          LATITUDE:   40 10 N
                                          LONGITUDE:  80 39 W

[TEMPERATURE DATA]      [PRECIPITATION DATA]       SYMBOLS USED IN COLUMN 16

AVERAGE MONTHLY: 62.9   TOTAL FOR MONTH:   1.71    1 = FOG OR MIST
DPTR FM NORMAL:   3.8   DPTR FM NORMAL:   -1.50    2 = FOG REDUCING VISIBILITY
HIGHEST:    86 ON 19    GRTST 24HR  0.28 ON  4- 4      TO 1/4 MILE OR LESS
LOWEST:     41 ON  6                               3 = THUNDER
                        SNOW, ICE PELLETS, HAIL    4 = ICE PELLETS
                        TOTAL MONTH:   0.0 INCH    5 = HAIL
                        GRTST 24HR     0.0         6 = FREEZING RAIN OR DRIZZLE
                        GRTST DEPTH:   0           7 = DUSTSTORM OR SANDSTORM:
                                                       VSBY 1/2 MILE OR LESS
                                                   8 = SMOKE OR HAZE
[NO. OF DAYS WITH]      [WEATHER - DAYS WITH]      9 = BLOWING SNOW
                                                   X = TORNADO
MAX 32 OR BELOW:   0    0.01 INCH OR MORE:  14
MAX 90 OR ABOVE:   0    0.10 INCH OR MORE:   9
MIN 32 OR BELOW:   0    0.50 INCH OR MORE:   0
MIN  0 OR BELOW:   0    1.00 INCH OR MORE:   0

[HDD (BASE 65) ]
TOTAL THIS MO.    96    CLEAR  (SCALE 0-3)   9
DPTR FM NORMAL   -69    PTCLDY (SCALE 4-7)  10
TOTAL FM JUL 1  5153    CLOUDY (SCALE 8-10)  5
DPTR FM NORMAL  -370

[CDD (BASE 65) ]
TOTAL THIS MO.    50
DPTR FM NORMAL    29    [PRESSURE DATA]
TOTAL FM JAN 1    61    HIGHEST SLP M ON M
DPTR FM NORMAL    30    LOWEST  SLP 29.68 ON 13

[REMARKS]
