000
CXUS51 KPBZ 220804
CF6HLG
PRELIMINARY LOCAL CLIMATOLOGICAL DATA (WS FORM: F-6)

                                          STATION:   WHEELING
                                          MONTH:     MARCH
                                          YEAR:      2019
                                          LATITUDE:   40 10 N
                                          LONGITUDE:  80 39 W

  TEMPERATURE IN F:       :PCPN:    SNOW:  WIND      :SUNSHINE: SKY     :PK WND
================================================================================
1   2   3   4   5  6A  6B    7    8   9   10  11  12  13   14  15   16   17  18
                                     12Z  AVG MX 2MIN
DY MAX MIN AVG DEP HDD CDD  WTR  SNW DPTH SPD SPD DIR MIN PSBL S-S WX    SPD DR
================================================================================

 1  36  27  32  -3  33   0 0.03    M    0  8.2 14  40   M    M  10 1      17  40
 2  40  31  36   1  29   0 0.00  0.0    0  7.3 17 250   M    M   8        22 250
 3  32  24  28  -8  37   0 0.07    M    0  7.4 18 320   M    M   9 18     24 330
 4  25  13  19 -17  46   0    T    M    0 12.3 22 250   M    M   7 18     28 260
 5  21   6  14 -22  51   0    T    M    0 13.1 21 270   M    M   5 8      29 260
 6  21  11  16 -20  49   0    T    M    0 11.2 22 240   M    M   8 8      27 240
 7  32  18  25 -12  40   0 0.00    M    M  7.9 16 260   M    M   5        21 260
 8  37  23  30  -7  35   0 0.00  0.0    0  4.6  9 100   M    M   6        13  60
 9  50  26  38   0  27   0 0.52    M    0 11.1 22 100   M    M   5 1      29 140
10  57  39  48  10  17   0 0.01    M    0 18.8 30 250   M    M   4 1      45 230
11  50  33  42   4  23   0 0.00    M    M 11.5 24 300   M    M   3        33 320
12  47  26  37  -1  28   0 0.00    M    M  4.6 12 270   M    M   0        18 320
13  61  33  47   8  18   0 0.00    M    M  7.1 15 220   M    M   4        20 230
14  79  53  66  27   0   1 0.15  0.0    0 14.1 33 200   M    M   3 1      48 190
15  61  36  49   9  16   0 0.13    M    0 16.5 29 260   M    M   7 18     39 230
16  40  31  36  -4  29   0    T    M    0 12.6 24 250   M    M   9        34 250
17  44  26  35  -5  30   0 0.00  0.0    0  5.7 14 310   M    M   5        18 310
18  43  29  36  -5  29   0 0.00  0.0    0  4.9 14 280   M    M   8        21 250
19  49  24  37  -4  28   0 0.00  0.0    0  3.2 14 240   M    M   0        19 240
20  55  31  43   2  22   0 0.00  0.0    0  6.3 13 200   M    M   2        21 200
21  50  41  46   4  19   0 0.06    M    0  6.0 16 320   M    M   9 1      21 320
================================================================================
SM  930  581       606   1  0.97     0.0 194.4          M      117
================================================================================
AV 44.3 27.7                               9.3 FASTST   M    M   6    MAX(MPH)
                                 MISC ---->  # 33 200               # 48  190
================================================================================
NOTES:
# LAST OF SEVERAL OCCURRENCES

COLUMN 17 PEAK WIND IN M.P.H.

PRELIMINARY LOCAL CLIMATOLOGICAL DATA (WS FORM: F-6) , PAGE 2

                                          STATION:  WHEELING
                                          MONTH:    MARCH
                                          YEAR:     2019
                                          LATITUDE:   40 10 N
                                          LONGITUDE:  80 39 W

[TEMPERATURE DATA]      [PRECIPITATION DATA]       SYMBOLS USED IN COLUMN 16

AVERAGE MONTHLY: 36.0   TOTAL FOR MONTH:   0.97    1 = FOG OR MIST
DPTR FM NORMAL:  -2.3   DPTR FM NORMAL:   -1.02    2 = FOG REDUCING VISIBILITY
HIGHEST:    79 ON 14    GRTST 24HR  0.52 ON  9- 9      TO 1/4 MILE OR LESS
LOWEST:      6 ON  5                               3 = THUNDER
                        SNOW, ICE PELLETS, HAIL    4 = ICE PELLETS
                        TOTAL MONTH:   0.0 INCH    5 = HAIL
                        GRTST 24HR     0.0         6 = FREEZING RAIN OR DRIZZLE
                        GRTST DEPTH:   0           7 = DUSTSTORM OR SANDSTORM:
                                                       VSBY 1/2 MILE OR LESS
                                                   8 = SMOKE OR HAZE
[NO. OF DAYS WITH]      [WEATHER - DAYS WITH]      9 = BLOWING SNOW
                                                   X = TORNADO
MAX 32 OR BELOW:   5    0.01 INCH OR MORE:   7
MAX 90 OR ABOVE:   0    0.10 INCH OR MORE:   3
MIN 32 OR BELOW:  15    0.50 INCH OR MORE:   1
MIN  0 OR BELOW:   0    1.00 INCH OR MORE:   0

[HDD (BASE 65) ]
TOTAL THIS MO.   606    CLEAR  (SCALE 0-3)   5
DPTR FM NORMAL    43    PTCLDY (SCALE 4-7)  11
TOTAL FM JUL 1  4552    CLOUDY (SCALE 8-10)  5
DPTR FM NORMAL  -178

[CDD (BASE 65) ]
TOTAL THIS MO.     1
DPTR FM NORMAL     1    [PRESSURE DATA]
TOTAL FM JAN 1     1    HIGHEST SLP M ON M
DPTR FM NORMAL     1    LOWEST  SLP 29.64 ON M

[REMARKS]
