000
CXHW50 PHFO 261250
CF6HNL
PRELIMINARY LOCAL CLIMATOLOGICAL DATA (WS FORM: F-6)

                                          STATION:   HONOLULU HI
                                          MONTH:     MARCH
                                          YEAR:      2019
                                          LATITUDE:   21 21 N
                                          LONGITUDE: 157 56 W

  TEMPERATURE IN F:       :PCPN:    SNOW:  WIND      :SUNSHINE: SKY     :PK WND
================================================================================
1   2   3   4   5  6A  6B    7    8   9   10  11  12  13   14  15   16   17  18
                                     12Z  AVG MX 2MIN
DY MAX MIN AVG DEP HDD CDD  WTR  SNW DPTH SPD SPD DIR MIN PSBL S-S WX    SPD DR
================================================================================

 1  78  62  70  -4   0   5    T  0.0    M  7.2 17  50   M    M   M        24  50
 2  81  61  71  -3   0   6 0.00  0.0    M  8.2 18  40   M    M   M        24  50
 3  82  62  72  -2   0   7    T  0.0    M  9.2 20  40   M    M   M        30  30
 4  78  65  72  -2   0   7    T  0.0    M 10.0 22  20   M    M   M        29  40
 5  80  63  72  -2   0   7 0.02  0.0    M 11.1 23  60   M    M   M        32  40
 6  80  62  71  -3   0   6 0.01  0.0    M 12.7 25  70   M    M   M 1      30  40
 7  82  69  76   2   0  11    T  0.0    M 14.1 24  60   M    M   M        33  70
 8  81  72  77   3   0  12    T  0.0    M 15.6 28  50   M    M   M        38  40
 9  82  71  77   3   0  12    T  0.0    M 16.0 26  50   M    M   M        36  60
10  83  71  77   3   0  12 0.01  0.0    M 18.0 26  70   M    M   M        34  70
11  83  71  77   3   0  12    T  0.0    M 14.8 23  60   M    M   M        33  70
12  83  66  75   1   0  10 0.01  0.0    M 10.1 22  30   M    M   M 1      27  60
13  84  66  75   1   0  10 0.02  0.0    0 10.5 21  70   M    M   M        27  40
14  85  67  76   2   0  11 0.00  0.0    0  8.5 17  40   M    M   M        25  20
15  86  66  76   2   0  11 0.00  0.0    0  5.8 17 230   M    M   M        23 250
16  83  62  73  -1   0   8 0.00  0.0    0  8.0 18 340   M    M   M        26 340
17  82  66  74  -1   0   9 0.01  0.0    M  8.6 21  50   M    M   M        28  60
18  82  63  73  -2   0   8 0.00  0.0    M 10.4 22  50   M    M   M        27  50
19  82  69  76   1   0  11 0.00  0.0    M  6.1 15  70   M    M   M        20  70
20  82  63  73  -2   0   8 0.00  0.0    M  5.9 13 160   M    M   M        17 190
21  85  67  76   1   0  11 0.00  0.0    M  8.7 20  70   M    M   M        26  80
22  85  72  79   4   0  14    T  0.0    M 10.4 20  80   M    M   M        27  70
23  83  68  76   1   0  11    T  0.0    M 10.0 20  40   M    M   M        27  30
24  85  73  79   4   0  14 0.00  0.0    M 13.2 22  80   M    M   M        26  40
25  82  72  77   2   0  12    T  0.0    M 11.3 21  60   M    M   M        25  70
================================================================================
SM 2059 1669         0 245  0.08     0.0 264.4          M        M
================================================================================
AV 82.4 66.8                              10.6 FASTST   M    M   0    MAX(MPH)
                                 MISC ---->  # 28  50               # 38   40
================================================================================
NOTES:
# LAST OF SEVERAL OCCURRENCES

COLUMN 17 PEAK WIND IN M.P.H.

PRELIMINARY LOCAL CLIMATOLOGICAL DATA (WS FORM: F-6) , PAGE 2

                                          STATION:  HONOLULU HI
                                          MONTH:    MARCH
                                          YEAR:     2019
                                          LATITUDE:   21 21 N
                                          LONGITUDE: 157 56 W

[TEMPERATURE DATA]      [PRECIPITATION DATA]       SYMBOLS USED IN COLUMN 16

AVERAGE MONTHLY: 74.6   TOTAL FOR MONTH:   0.08    1 = FOG OR MIST
DPTR FM NORMAL:   0.2   DPTR FM NORMAL:   -1.60    2 = FOG REDUCING VISIBILITY
HIGHEST:    86 ON 15    GRTST 24HR  0.02 ON 13-13      TO 1/4 MILE OR LESS
LOWEST:     61 ON  2                               3 = THUNDER
                        SNOW, ICE PELLETS, HAIL    4 = ICE PELLETS
                        TOTAL MONTH:   0.0 INCH    5 = HAIL
                        GRTST 24HR     0.0         6 = FREEZING RAIN OR DRIZZLE
                        GRTST DEPTH:   0           7 = DUSTSTORM OR SANDSTORM:
                                                       VSBY 1/2 MILE OR LESS
                                                   8 = SMOKE OR HAZE
[NO. OF DAYS WITH]      [WEATHER - DAYS WITH]      9 = BLOWING SNOW
                                                   X = TORNADO
MAX 32 OR BELOW:   0    0.01 INCH OR MORE:   6
MAX 90 OR ABOVE:   0    0.10 INCH OR MORE:   0
MIN 32 OR BELOW:   0    0.50 INCH OR MORE:   0
MIN  0 OR BELOW:   0    1.00 INCH OR MORE:   0

[HDD (BASE 65) ]
TOTAL THIS MO.     0    CLEAR  (SCALE 0-3)   0
DPTR FM NORMAL     0    PTCLDY (SCALE 4-7)   0
TOTAL FM JUL 1     0    CLOUDY (SCALE 8-10)  0
DPTR FM NORMAL     0

[CDD (BASE 65) ]
TOTAL THIS MO.   245
DPTR FM NORMAL    12    [PRESSURE DATA]
TOTAL FM JAN 1   777    HIGHEST SLP M ON M
DPTR FM NORMAL    62    LOWEST  SLP 29.97 ON 17

[REMARKS]
