000
CXUS55 KFSD 180905
CF6HON
PRELIMINARY LOCAL CLIMATOLOGICAL DATA (WS FORM: F-6)

                                          STATION:   HURON
                                          MONTH:     MARCH
                                          YEAR:      2019
                                          LATITUDE:   44 22 N
                                          LONGITUDE:  98 13 W

  TEMPERATURE IN F:       :PCPN:    SNOW:  WIND      :SUNSHINE: SKY     :PK WND
================================================================================
1   2   3   4   5  6A  6B    7    8   9   10  11  12  13   14  15   16   17  18
                                     12Z  AVG MX 2MIN
DY MAX MIN AVG DEP HDD CDD  WTR  SNW DPTH SPD SPD DIR MIN PSBL S-S WX    SPD DR
================================================================================

 1  18 -11   4 -23  61   0 0.27  3.5    9  8.2 18 320   M    M   7 12     22 310
 2   7 -17  -5 -32  70   0    T    T   12 11.7 22 350   M    M   7 9      28 350
 3  -1 -21 -11 -39  76   0 0.00  0.0   12 18.2 29 300   M    M   0        35 300
 4  11  -4   4 -24  61   0    T    T   11 25.4 32 300   M    M   6 9      40 300
 5  15   2   9 -19  56   0    T    T   11 15.8 26 300   M    M   1 9      33 300
 6  16  -2   7 -22  58   0 0.00  0.0    9  6.0 13 350   M    M   0        16 230
 7  19   2  11 -18  54   0    T    T    9  8.4 17 130   M    M   8        21 120
 8  28  19  24  -6  41   0 0.00  0.0    9  9.1 14 150   M    M  10 1      20 150
 9  32  16  24  -6  41   0 0.31  2.0    8 16.5 33 330   M    M  10 1269   43 330
10  27   6  17 -14  48   0 0.00  0.0   10  9.2 23 310   M    M   0 1      30 300
11  33  -3  15 -16  50   0 0.00  0.0    9  6.9 20 180   M    M   4 12     27 180
12  41  28  35   4  30   0 0.00  0.0    9 11.9 23 170   M    M   1 12     33 180
13  34  27  31  -1  34   0 1.43    T    8 16.2 33 360   M    M  10 126    45 360
14  34  26  30  -2  35   0 0.17  2.2    6 31.7 46 340   M    M   7 126    64 330
15  33  21  27  -6  38   0 0.00  0.0    7 11.3 24 320   M    M   0 1      30 320
16  32  16  24  -9  41   0 0.00  0.0    6  6.6 15 290   M    M   5 1      19 290
17  34  18  26  -8  39   0 0.00  0.0    5  6.9 14 310   M    M   1 1      16 330
================================================================================
SM  413  123       833   0  2.18     7.7 220.0          M       77
================================================================================
AV 24.3  7.2                              12.9 FASTST   M    M   5    MAX(MPH)
                                 MISC ---->  # 46 340               # 64  330
================================================================================
NOTES:
# LAST OF SEVERAL OCCURRENCES

COLUMN 17 PEAK WIND IN M.P.H.

PRELIMINARY LOCAL CLIMATOLOGICAL DATA (WS FORM: F-6) , PAGE 2

                                          STATION:  HURON
                                          MONTH:    MARCH
                                          YEAR:     2019
                                          LATITUDE:   44 22 N
                                          LONGITUDE:  98 13 W

[TEMPERATURE DATA]      [PRECIPITATION DATA]       SYMBOLS USED IN COLUMN 16

AVERAGE MONTHLY: 15.8   TOTAL FOR MONTH:   2.18    1 = FOG OR MIST
DPTR FM NORMAL: -14.4   DPTR FM NORMAL:    1.53    2 = FOG REDUCING VISIBILITY
HIGHEST:    41 ON 12    GRTST 24HR  1.43 ON 13-13      TO 1/4 MILE OR LESS
LOWEST:    -21 ON  3                               3 = THUNDER
                        SNOW, ICE PELLETS, HAIL    4 = ICE PELLETS
                        TOTAL MONTH:   7.7 INCHES  5 = HAIL
                        GRTST 24HR   3.5 ON  1- 1  6 = FREEZING RAIN OR DRIZZLE
                        GRTST DEPTH:  12 ON  3, 2  7 = DUSTSTORM OR SANDSTORM:
                                                       VSBY 1/2 MILE OR LESS
                                                   8 = SMOKE OR HAZE
[NO. OF DAYS WITH]      [WEATHER - DAYS WITH]      9 = BLOWING SNOW
                                                   X = TORNADO
MAX 32 OR BELOW:  11    0.01 INCH OR MORE:   4
MAX 90 OR ABOVE:   0    0.10 INCH OR MORE:   4
MIN 32 OR BELOW:  17    0.50 INCH OR MORE:   1
MIN  0 OR BELOW:   6    1.00 INCH OR MORE:   1

[HDD (BASE 65) ]
TOTAL THIS MO.   833    CLEAR  (SCALE 0-3)   7
DPTR FM NORMAL   241    PTCLDY (SCALE 4-7)   7
TOTAL FM JUL 1  7249    CLOUDY (SCALE 8-10)  3
DPTR FM NORMAL   825

[CDD (BASE 65) ]
TOTAL THIS MO.     0
DPTR FM NORMAL     0    [PRESSURE DATA]
TOTAL FM JAN 1     0    HIGHEST SLP M ON M
DPTR FM NORMAL     0    LOWEST  SLP 29.20 ON 13

[REMARKS]
