537
CXUS54 KLZK 191130
CF6HOT
PRELIMINARY LOCAL CLIMATOLOGICAL DATA (WS FORM: F-6)

                                          STATION:   Hot Springs Memorial Field
                                          MONTH:     MAY
                                          YEAR:      2019
                                          LATITUDE:   34 28 N
                                          LONGITUDE:  93  6 W

  TEMPERATURE IN F:       :PCPN:    SNOW:  WIND      :SUNSHINE: SKY     :PK WND
================================================================================
1   2   3   4   5  6A  6B    7    8   9   10  11  12  13   14  15   16   17  18
                                     12Z  AVG MX 2MIN
DY MAX MIN AVG DEP HDD CDD  WTR  SNW DPTH SPD SPD DIR MIN PSBL S-S WX    SPD DR
================================================================================

 1  76  61  69   2   0   4 2.02    M    M  6.5 22 260   M    M   7 123    32 290
 2  77  63  70   3   0   5 2.37    M    M  4.2 13  70   M    M   7 13     18 320
 3  77  63  70   3   0   5 0.18    M    M  5.5 16  50   M    M   5 13     21 330
 4  75  57  66  -1   0   1 0.20    M    M  3.8 13  80   M    M   7 1      18  30
 5  78  53  66  -2   0   1 0.00    M    M  3.5 10 250   M    M   2 12     15 250
 6  83  60  72   4   0   7 0.00    M    M  5.4 13 180   M    M   2        18 330
 7  85  64  75   7   0  10 0.00    M    M  4.8 13 190   M    M   1        18 150
 8  74  62  68   0   0   3 1.69    M    M  5.8 24 100   M    M   6 13     34 110
 9  80  59  70   1   0   5 0.00    M    M  3.4 13 300   M    M   7 1      21 310
10  60  54  57 -12   8   0    T    M    M  6.9 14  70   M    M  10 1      18  60
11  65  54  60  -9   5   0 0.26    M    M  3.3 14 290   M    M   9 1      23 280
12  75  57  66  -4   0   1    T    M    M  3.5 12 250   M    M   7 1      17 240
13  79  49  64  -6   1   0 0.00    M    M  2.7  8 240   M    M   2 1      11 180
14  83  61  72   2   0   7 0.00    M    M  3.1 14 250   M    M   3 3      18 240
15  87  60  74   4   0   9 0.00    M    M  4.1 14 240   M    M   0 1      19 250
16  88  63  76   5   0  11 0.00    M    M  4.4 14 250   M    M   0        21 200
17  87  63  75   4   0  10 0.00    M    M  5.6 16 190   M    M   0        25 200
18  82  63  73   2   0   8 1.12    M    M  7.7 18  90   M    M   6 13     27 320
================================================================================
SM 1411 1066        14  87  7.84    M     84.2          M       81
================================================================================
AV 78.4 59.2                               4.7 FASTST   M    M   5    MAX(MPH)
                                 MISC ---->  # 24 100               # 34  110
================================================================================
NOTES:
# LAST OF SEVERAL OCCURRENCES

COLUMN 17 PEAK WIND IN M.P.H.

PRELIMINARY LOCAL CLIMATOLOGICAL DATA (WS FORM: F-6) , PAGE 2

                                          STATION:  Hot Springs Memorial Field
                                          MONTH:    MAY
                                          YEAR:     2019
                                          LATITUDE:   34 28 N
                                          LONGITUDE:  93  6 W

[TEMPERATURE DATA]      [PRECIPITATION DATA]       SYMBOLS USED IN COLUMN 16

AVERAGE MONTHLY: 68.8   TOTAL FOR MONTH:   7.84    1 = FOG OR MIST
DPTR FM NORMAL:  -0.1   DPTR FM NORMAL:    4.49    2 = FOG REDUCING VISIBILITY
HIGHEST:    88 ON 16    GRTST 24HR  2.37 ON  2- 2      TO 1/4 MILE OR LESS
LOWEST:     49 ON 13                               3 = THUNDER
                        SNOW, ICE PELLETS, HAIL    4 = ICE PELLETS
                        TOTAL MONTH:    M          5 = HAIL
                        GRTST 24HR    M  ON   M    6 = FREEZING RAIN OR DRIZZLE
                        GRTST DEPTH:  M  ON   M    7 = DUSTSTORM OR SANDSTORM:
                                                       VSBY 1/2 MILE OR LESS
                                                   8 = SMOKE OR HAZE
[NO. OF DAYS WITH]      [WEATHER - DAYS WITH]      9 = BLOWING SNOW
                                                   X = TORNADO
MAX 32 OR BELOW:   0    0.01 INCH OR MORE:   7
MAX 90 OR ABOVE:   0    0.10 INCH OR MORE:   7
MIN 32 OR BELOW:   0    0.50 INCH OR MORE:   4
MIN  0 OR BELOW:   0    1.00 INCH OR MORE:   4

[HDD (BASE 65) ]
TOTAL THIS MO.    14    CLEAR  (SCALE 0-3)   7
DPTR FM NORMAL    -7    PTCLDY (SCALE 4-7)   9
TOTAL FM JUL 1  2905    CLOUDY (SCALE 8-10)  2
DPTR FM NORMAL   -28

[CDD (BASE 65) ]
TOTAL THIS MO.    87
DPTR FM NORMAL    -3    [PRESSURE DATA]
TOTAL FM JAN 1   158    HIGHEST SLP M ON M
DPTR FM NORMAL   -13    LOWEST  SLP 29.59 ON  8

[REMARKS]
