000
CXUS54 KLZK 181130
CF6HOT
PRELIMINARY LOCAL CLIMATOLOGICAL DATA (WS FORM: F-6)

                                          STATION:   Hot Springs Memorial Field
                                          MONTH:     MARCH
                                          YEAR:      2019
                                          LATITUDE:   34 28 N
                                          LONGITUDE:  93  6 W

  TEMPERATURE IN F:       :PCPN:    SNOW:  WIND      :SUNSHINE: SKY     :PK WND
================================================================================
1   2   3   4   5  6A  6B    7    8   9   10  11  12  13   14  15   16   17  18
                                     12Z  AVG MX 2MIN
DY MAX MIN AVG DEP HDD CDD  WTR  SNW DPTH SPD SPD DIR MIN PSBL S-S WX    SPD DR
================================================================================

 1  43  38  41  -9  24   0 0.00    M    M  4.0  9  80   M    M  10 1      11  70
 2  50  40  45  -5  20   0 0.01    M    M  6.5 16  50   M    M  10 1      19  60
 3  41  28  35 -15  30   0 0.22    M    M  7.4 14 350   M    M  10 13     21 350
 4  37  22  30 -21  35   0 0.00    M    M  6.4 13 350   M    M   4        19  50
 5  45  22  34 -17  31   0 0.00    M    M  5.9 14 270   M    M   2        20 300
 6  50  19  35 -16  30   0 0.00    M    M  3.5 12 120   M    M   0        16 120
 7  52  37  45  -7  20   0    T    M    M  6.4 12  80   M    M  10 18     14  80
 8  62  49  56   4   9   0    T    M    M  7.1 14  90   M    M  10 12     16  80
 9  76  49  63  11   2   0 1.16    M    M 10.0 25 240   M    M   6 13     33 190
10  65  44  55   3  10   0 0.00    M    M  4.9 16  80   M    M   1        21  40
11  66  46  56   3   9   0 0.25    M    M  6.1 15  80   M    M   4 1      18  80
12  62  50  56   3   9   0 0.33    M    M  7.8 16 130   M    M   7 13     23 130
13  63  54  59   6   6   0 0.60    M    M  8.1 21 240   M    M   9 13     30 140
14  68  49  59   5   6   0 0.29    M    M 11.2 25 240   M    M   3 13     36 270
15  59  40  50  -4  15   0 0.00    M    M  7.1 15 330   M    M   0        26 330
16  63  31  47  -7  18   0 0.00    M    M  2.2 13  70   M    M   0        17  80
17  69  32  51  -3  14   0 0.00    M    M  2.4 12 260   M    M   0 1      15 250
================================================================================
SM  971  650       288   0  2.86    M    107.0          M       86
================================================================================
AV 57.1 38.2                               6.3 FASTST   M    M   5    MAX(MPH)
                                 MISC ---->  # 25 240               # 36  270
================================================================================
NOTES:
# LAST OF SEVERAL OCCURRENCES

COLUMN 17 PEAK WIND IN M.P.H.

PRELIMINARY LOCAL CLIMATOLOGICAL DATA (WS FORM: F-6) , PAGE 2

                                          STATION:  Hot Springs Memorial Field
                                          MONTH:    MARCH
                                          YEAR:     2019
                                          LATITUDE:   34 28 N
                                          LONGITUDE:  93  6 W

[TEMPERATURE DATA]      [PRECIPITATION DATA]       SYMBOLS USED IN COLUMN 16

AVERAGE MONTHLY: 47.7   TOTAL FOR MONTH:   2.86    1 = FOG OR MIST
DPTR FM NORMAL:  -4.4   DPTR FM NORMAL:   -0.03    2 = FOG REDUCING VISIBILITY
HIGHEST:    76 ON  9    GRTST 24HR  1.16 ON  9- 9      TO 1/4 MILE OR LESS
LOWEST:     19 ON  6                               3 = THUNDER
                        SNOW, ICE PELLETS, HAIL    4 = ICE PELLETS
                        TOTAL MONTH:    M          5 = HAIL
                        GRTST 24HR    M  ON   M    6 = FREEZING RAIN OR DRIZZLE
                        GRTST DEPTH:  M  ON   M    7 = DUSTSTORM OR SANDSTORM:
                                                       VSBY 1/2 MILE OR LESS
                                                   8 = SMOKE OR HAZE
[NO. OF DAYS WITH]      [WEATHER - DAYS WITH]      9 = BLOWING SNOW
                                                   X = TORNADO
MAX 32 OR BELOW:   0    0.01 INCH OR MORE:   7
MAX 90 OR ABOVE:   0    0.10 INCH OR MORE:   6
MIN 32 OR BELOW:   6    0.50 INCH OR MORE:   2
MIN  0 OR BELOW:   0    1.00 INCH OR MORE:   1

[HDD (BASE 65) ]
TOTAL THIS MO.   288    CLEAR  (SCALE 0-3)   7
DPTR FM NORMAL    63    PTCLDY (SCALE 4-7)   4
TOTAL FM JUL 1  2650    CLOUDY (SCALE 8-10)  6
DPTR FM NORMAL    -4

[CDD (BASE 65) ]
TOTAL THIS MO.     0
DPTR FM NORMAL     0    [PRESSURE DATA]
TOTAL FM JAN 1     9    HIGHEST SLP M ON M
DPTR FM NORMAL     7    LOWEST  SLP 29.51 ON 13

[REMARKS]
