000
CXUS54 KHGX 221406
CF6HOU
PRELIMINARY LOCAL CLIMATOLOGICAL DATA (WS FORM: F-6)

                                          STATION:   HOUSTON/HOBBY AIRPORT
                                          MONTH:     MARCH
                                          YEAR:      2019
                                          LATITUDE:   29 38 N
                                          LONGITUDE:  95 17 W

  TEMPERATURE IN F:       :PCPN:    SNOW:  WIND      :SUNSHINE: SKY     :PK WND
================================================================================
1   2   3   4   5  6A  6B    7    8   9   10  11  12  13   14  15   16   17  18
                                     12Z  AVG MX 2MIN
DY MAX MIN AVG DEP HDD CDD  WTR  SNW DPTH SPD SPD DIR MIN PSBL S-S WX    SPD DR
================================================================================

 1  66  47  57  -3   8   0 0.00  0.0    0  5.4 13 350   M    M  10 18     14 360
 2  73  58  66   6   0   1 0.00  0.0    0  7.2 13 110   M    M  10 18     17  90
 3  66  45  56  -5   9   0    T  0.0    0 12.2 25 340   M    M  10 12     31 350
 4  45  36  41 -20  24   0    T  0.0    0 16.1 24 350   M    M  10        29 350
 5  51  31  41 -20  24   0 0.00  0.0    0 11.6 20 340   M    M   7        26  10
 6  57  36  47 -14  18   0    T  0.0    0  8.0 16 100   M    M   5 8      22 100
 7  69  55  62   0   3   0 0.07  0.0    0  7.0 14 170   M    M  10 1      18 160
 8  80  68  74  12   0   9    T  0.0    0 11.1 22 200   M    M   9 1      27 200
 9  82  69  76  14   0  11 0.00  0.0    0 10.6 23 200   M    M   9 1      31 200
10  78  69  74  12   0   9    T  0.0    0  6.0 14  90   M    M   9 128    19 120
11  82  62  72  10   0   7 0.00  0.0    0  8.7 15 100   M    M  10 12     17 120
12  71  66  69   7   0   4    T  0.0    0 14.3 24 130   M    M  10 1      33 130
13  76  70  73  10   0   8 0.32  0.0    0 14.9 24 130   M    M  10 1      37 150
14  78  62  70   7   0   5 0.00  0.0    0 12.4 23  10   M    M   8 1      29  10
15  63  53  58  -5   7   0 0.05  0.0    0 13.4 22  20   M    M   8 38     27  10
16  61  53  57  -6   8   0    T  0.0    0  7.9 18  40   M    M   8        26  40
17  64  51  58  -6   7   0 0.00  0.0    0  6.0 16  40   M    M   8        19  50
18  69  48  59  -5   6   0 0.00  0.0    0  7.6 21 100   M    M   8 8      26 100
19  72  55  64   0   1   0 0.00  0.0    0  8.0 22 120   M    M   6        31 110
20  76  50  63  -1   2   0 0.00  0.0    0  4.3 17 170   M    M   3 18     20 170
21  77  55  66   2   0   1 0.00  0.0    0  5.5 13 330   M    M   2 8      17 320
================================================================================
SM 1456 1139       117  55  0.44     0.0 198.2          M      170
================================================================================
AV 69.3 54.2                               9.4 FASTST   M    M   8    MAX(MPH)
                                 MISC ---->  # 25 340               # 37  150
================================================================================
NOTES:
# LAST OF SEVERAL OCCURRENCES

COLUMN 17 PEAK WIND IN M.P.H.

PRELIMINARY LOCAL CLIMATOLOGICAL DATA (WS FORM: F-6) , PAGE 2

                                          STATION:  HOUSTON/HOBBY AIRPORT
                                          MONTH:    MARCH
                                          YEAR:     2019
                                          LATITUDE:   29 38 N
                                          LONGITUDE:  95 17 W

[TEMPERATURE DATA]      [PRECIPITATION DATA]       SYMBOLS USED IN COLUMN 16

AVERAGE MONTHLY: 61.8   TOTAL FOR MONTH:   0.44    1 = FOG OR MIST
DPTR FM NORMAL:  -0.5   DPTR FM NORMAL:   -1.70    2 = FOG REDUCING VISIBILITY
HIGHEST:    82 ON 11, 9 GRTST 24HR  0.32 ON 13-13      TO 1/4 MILE OR LESS
LOWEST:     31 ON  5                               3 = THUNDER
                        SNOW, ICE PELLETS, HAIL    4 = ICE PELLETS
                        TOTAL MONTH:   0.0 INCH    5 = HAIL
                        GRTST 24HR     0.0         6 = FREEZING RAIN OR DRIZZLE
                        GRTST DEPTH:   0           7 = DUSTSTORM OR SANDSTORM:
                                                       VSBY 1/2 MILE OR LESS
                                                   8 = SMOKE OR HAZE
[NO. OF DAYS WITH]      [WEATHER - DAYS WITH]      9 = BLOWING SNOW
                                                   X = TORNADO
MAX 32 OR BELOW:   0    0.01 INCH OR MORE:   3
MAX 90 OR ABOVE:   0    0.10 INCH OR MORE:   1
MIN 32 OR BELOW:   1    0.50 INCH OR MORE:   0
MIN  0 OR BELOW:   0    1.00 INCH OR MORE:   0

[HDD (BASE 65) ]
TOTAL THIS MO.   117    CLEAR  (SCALE 0-3)   1
DPTR FM NORMAL    21    PTCLDY (SCALE 4-7)   9
TOTAL FM JUL 1  1099    CLOUDY (SCALE 8-10) 11
DPTR FM NORMAL   -67

[CDD (BASE 65) ]
TOTAL THIS MO.    55
DPTR FM NORMAL    16    [PRESSURE DATA]
TOTAL FM JAN 1    98    HIGHEST SLP M ON M
DPTR FM NORMAL    21    LOWEST  SLP 29.63 ON 13

[REMARKS]
