000
CXUS56 KPDT 231032
CF6HRI
PRELIMINARY LOCAL CLIMATOLOGICAL DATA (WS FORM: F-6)

                                          STATION:   HERMISTON OR
                                          MONTH:     MARCH
                                          YEAR:      2019
                                          LATITUDE:   45 49 N
                                          LONGITUDE: 119 16 W

  TEMPERATURE IN F:       :PCPN:    SNOW:  WIND      :SUNSHINE: SKY     :PK WND
================================================================================
1   2   3   4   5  6A  6B    7    8   9   10  11  12  13   14  15   16   17  18
                                     12Z  AVG MX 2MIN
DY MAX MIN AVG DEP HDD CDD  WTR  SNW DPTH SPD SPD DIR MIN PSBL S-S WX    SPD DR
================================================================================

 1  30  15  23 -18  42   0 0.00    M    M  1.1  8 190   M    M  10 128     8 190
 2  28  17  23 -18  42   0 0.00    M    M  4.2 10 200   M    M  10        12  50
 3  27   8  18 -24  47   0 0.00    M    M  4.4  9 360   M    M   8        12 330
 4  25   2  14 -28  51   0 0.00    M    M  3.6  9  30   M    M   7        10  30
 5  24   0  12 -30  53   0 0.01    M    M  1.4  7 140   M    M   5 1       7 120
 6  29  20  25 -18  40   0 0.03    M    M  2.8 12 270   M    M   9 168    14 260
 7  45  22  34  -9  31   0 0.00    M    M  5.6 18 230   M    M   3        23 230
 8  40  18  29 -14  36   0 0.00    M    M  3.0  9 240   M    M   5 12     11 230
 9  37  26  32 -12  33   0    T    M    M  4.6 14  30   M    M  10 18     16  40
10  36  23  30 -14  35   0    T    M    M  2.3 12 150   M    M   9 18     14 150
11  36  16  26 -18  39   0 0.00    M    M  3.4 10 130   M    M   1        13 120
12  44  30  37  -8  28   0 0.06    M    M  9.9 22 240   M    M   8 16     30 240
13  50  27  39  -6  26   0 0.00    M    M  6.6 14 250   M    M   1        20 240
14  51  23  37  -8  28   0 0.00    M    M  4.0 10  40   M    M   4        12  30
15  50  25  38  -8  27   0 0.00    M    M  4.8 12  40   M    M   3 1      14  50
16  51  25  38  -8  27   0 0.00    M    M  3.5 10  70   M    M   0 18     13  70
17  54  29  42  -4  23   0 0.00    M    M  3.5 13  60   M    M   0 1      14  40
18  54  25  40  -6  25   0 0.00    M    M  3.5 10  40   M    M   0 18     14  40
19  60  25  43  -4  22   0 0.00    M    M  4.7 13  50   M    M   0 1      15  50
20  65  27  46  -1  19   0 0.00    M    M  4.7 15  40   M    M   0 12     18  50
21  68  32  50   3  15   0 0.00    M    M  5.0 14 210   M    M   1        19 210
22  72  41  57  10   8   0    T  0.0    0  8.9 22 260   M    M   2        27 250
================================================================================
SM  976  476       697   0  0.10     0.0  95.5          M       96
================================================================================
AV 44.4 21.6                               4.3 FASTST   M    M   4    MAX(MPH)
                                 MISC ---->  # 22 240               # 30  240
================================================================================
NOTES:
# LAST OF SEVERAL OCCURRENCES

COLUMN 17 PEAK WIND IN M.P.H.

PRELIMINARY LOCAL CLIMATOLOGICAL DATA (WS FORM: F-6) , PAGE 2

                                          STATION:  HERMISTON OR
                                          MONTH:    MARCH
                                          YEAR:     2019
                                          LATITUDE:   45 49 N
                                          LONGITUDE: 119 16 W

[TEMPERATURE DATA]      [PRECIPITATION DATA]       SYMBOLS USED IN COLUMN 16

AVERAGE MONTHLY: 33.0   TOTAL FOR MONTH:   0.10    1 = FOG OR MIST
DPTR FM NORMAL: -11.4   DPTR FM NORMAL:   -0.68    2 = FOG REDUCING VISIBILITY
HIGHEST:    72 ON 22    GRTST 24HR  0.06 ON 12-12      TO 1/4 MILE OR LESS
LOWEST:      0 ON  5                               3 = THUNDER
                        SNOW, ICE PELLETS, HAIL    4 = ICE PELLETS
                        TOTAL MONTH:   0.0 INCH    5 = HAIL
                        GRTST 24HR     0.0         6 = FREEZING RAIN OR DRIZZLE
                        GRTST DEPTH:   0           7 = DUSTSTORM OR SANDSTORM:
                                                       VSBY 1/2 MILE OR LESS
                                                   8 = SMOKE OR HAZE
[NO. OF DAYS WITH]      [WEATHER - DAYS WITH]      9 = BLOWING SNOW
                                                   X = TORNADO
MAX 32 OR BELOW:   6    0.01 INCH OR MORE:   3
MAX 90 OR ABOVE:   0    0.10 INCH OR MORE:   0
MIN 32 OR BELOW:  21    0.50 INCH OR MORE:   0
MIN  0 OR BELOW:   1    1.00 INCH OR MORE:   0

[HDD (BASE 65) ]
TOTAL THIS MO.   697    CLEAR  (SCALE 0-3)  11
DPTR FM NORMAL   252    PTCLDY (SCALE 4-7)   5
TOTAL FM JUL 1  4556    CLOUDY (SCALE 8-10)  6
DPTR FM NORMAL   244

[CDD (BASE 65) ]
TOTAL THIS MO.     0
DPTR FM NORMAL     0    [PRESSURE DATA]
TOTAL FM JAN 1     0    HIGHEST SLP M ON M
DPTR FM NORMAL     0    LOWEST  SLP 29.65 ON  6

[REMARKS]
