609
CXUS54 KLZK 251130
CF6HRO
PRELIMINARY LOCAL CLIMATOLOGICAL DATA (WS FORM: F-6)

                                          STATION:   Harrison
                                          MONTH:     MAY
                                          YEAR:      2019
                                          LATITUDE:   36 15 N
                                          LONGITUDE:  93  9 W

  TEMPERATURE IN F:       :PCPN:    SNOW:  WIND      :SUNSHINE: SKY     :PK WND
================================================================================
1   2   3   4   5  6A  6B    7    8   9   10  11  12  13   14  15   16   17  18
                                     12Z  AVG MX 2MIN
DY MAX MIN AVG DEP HDD CDD  WTR  SNW DPTH SPD SPD DIR MIN PSBL S-S WX    SPD DR
================================================================================

 1  73  58  66   4   0   1 1.79  0.0    0   M   M   M   M    M   M 3       M  M
 2  72  60  66   4   0   1 0.30  0.0    M  5.8 24 220   M    M   7 1      36 220
 3  73  56  65   2   0   0 0.34  0.0    0  5.9 21 150   M    M   9 123    26 150
 4  61  48  55  -8  10   0    T  0.0    0  4.0 10 330   M    M   8 12     16 330
 5  74  45  60  -3   5   0 0.00  0.0    0  4.6 10 130   M    M   0 12     13  70
 6  79  57  68   5   0   3 0.30  0.0    0  6.1 13 160   M    M   5 1      16 230
 7  82  56  69   5   0   4    T  0.0    0  7.3 20 330   M    M   4 1      29 340
 8  72  56  64   0   1   0 0.62  0.0    0  8.3 31 130   M    M   5 12     40 140
 9  67  47  57  -7   8   0    T  0.0    0  6.8 16 330   M    M  10 12     23 300
10  63  44  54 -10  11   0 0.00  0.0    0  5.5 13 150   M    M   9        15 140
11  56  49  53 -11  12   0 0.61    M    0  4.1 12 130   M    M  10 1      16 130
12  70  48  59  -6   6   0 0.01  0.0    0  4.3 14 300   M    M   5 1      21 300
13  73  44  59  -6   6   0 0.00  0.0    0  4.0 15 350   M    M   0        19 360
14  77  52  65   0   0   0 0.00  0.0    0  6.4 13 140   M    M   4        17 120
15  84  60  72   6   0   7 0.00  0.0    0  6.5 20 280   M    M   1        29 270
16  87  68  78  12   0  13 0.00  0.0    0  6.4 17 230   M    M   0        25 230
17  83  64  74   8   0   9 0.00  0.0    0  7.9 18 170   M    M   0        25 170
18  78  61  70   4   0   5 0.23  0.0    0 12.2 23 150   M    M   5 13     40 230
19  76  54  65  -1   0   0    T  0.0    0  8.4 21 270   M    M   1        31 250
20  78  50  64  -3   1   0 0.01  0.0    0  9.3 25 140   M    M   4 1      34 130
21  76  54  65  -2   0   0 0.44  0.0    0 10.7 29 170   M    M   7 13     39 170
22  82  53  68   1   0   3 0.00  0.0    0 12.5 25 170   M    M   2        34 170
23  85  71  78  10   0  13 0.00  0.0    0  9.0 17 160   M    M   1        22 170
24  86  67  77   9   0  12 0.00  0.0    0  7.9 20 160   M    M   0        24 160
================================================================================
SM 1807 1322        60  71  4.65     0.0 163.9          M       97
================================================================================
AV 75.3 55.1                               7.1 FASTST   M    M   4    MAX(MPH)
                                 MISC ---->  # 31 130               # 40  140
================================================================================
NOTES:
# LAST OF SEVERAL OCCURRENCES

COLUMN 17 PEAK WIND IN M.P.H.

PRELIMINARY LOCAL CLIMATOLOGICAL DATA (WS FORM: F-6) , PAGE 2

                                          STATION:  Harrison
                                          MONTH:    MAY
                                          YEAR:     2019
                                          LATITUDE:   36 15 N
                                          LONGITUDE:  93  9 W

[TEMPERATURE DATA]      [PRECIPITATION DATA]       SYMBOLS USED IN COLUMN 16

AVERAGE MONTHLY: 65.2   TOTAL FOR MONTH:   4.65    1 = FOG OR MIST
DPTR FM NORMAL:   0.3   DPTR FM NORMAL:    0.92    2 = FOG REDUCING VISIBILITY
HIGHEST:    87 ON 16    GRTST 24HR  1.79 ON  1- 1      TO 1/4 MILE OR LESS
LOWEST:     44 ON 13,10                            3 = THUNDER
                        SNOW, ICE PELLETS, HAIL    4 = ICE PELLETS
                        TOTAL MONTH:   0.0 INCH    5 = HAIL
                        GRTST 24HR     0.0         6 = FREEZING RAIN OR DRIZZLE
                        GRTST DEPTH:   0           7 = DUSTSTORM OR SANDSTORM:
                                                       VSBY 1/2 MILE OR LESS
                                                   8 = SMOKE OR HAZE
[NO. OF DAYS WITH]      [WEATHER - DAYS WITH]      9 = BLOWING SNOW
                                                   X = TORNADO
MAX 32 OR BELOW:   0    0.01 INCH OR MORE:  10
MAX 90 OR ABOVE:   0    0.10 INCH OR MORE:   8
MIN 32 OR BELOW:   0    0.50 INCH OR MORE:   3
MIN  0 OR BELOW:   0    1.00 INCH OR MORE:   1

[HDD (BASE 65) ]
TOTAL THIS MO.    60    CLEAR  (SCALE 0-3)   9
DPTR FM NORMAL   -10    PTCLDY (SCALE 4-7)  10
TOTAL FM JUL 1  3989    CLOUDY (SCALE 8-10)  4
DPTR FM NORMAL    -2

[CDD (BASE 65) ]
TOTAL THIS MO.    71
DPTR FM NORMAL     2    [PRESSURE DATA]
TOTAL FM JAN 1   114    HIGHEST SLP M ON M
DPTR FM NORMAL     8    LOWEST  SLP 29.80 ON 21

[REMARKS]
ALL SNOWFALL DATA IS FROM THE HARRISON COOPERATIVE OBSERVER SITE
