000
CXUS54 KLZK 241130
CF6HRO
PRELIMINARY LOCAL CLIMATOLOGICAL DATA (WS FORM: F-6)

                                          STATION:   Harrison
                                          MONTH:     MARCH
                                          YEAR:      2019
                                          LATITUDE:   36 15 N
                                          LONGITUDE:  93  9 W

  TEMPERATURE IN F:       :PCPN:    SNOW:  WIND      :SUNSHINE: SKY     :PK WND
================================================================================
1   2   3   4   5  6A  6B    7    8   9   10  11  12  13   14  15   16   17  18
                                     12Z  AVG MX 2MIN
DY MAX MIN AVG DEP HDD CDD  WTR  SNW DPTH SPD SPD DIR MIN PSBL S-S WX    SPD DR
================================================================================

 1  39  27  33 -11  32   0 0.00  0.0    0  3.1  8 140   M    M  10 1      11 140
 2  37  32  35  -9  30   0 0.00  0.0    0  4.9 10  40   M    M  10 18     12  50
 3  33  12  23 -22  42   0 0.06  0.5    0  9.6 17 330   M    M   8 1268   25 330
 4  26   7  17 -28  48   0    T    T    0  9.3 14 320   M    M   3        20 320
 5  38  11  25 -20  40   0 0.00  0.0    0  9.5 18 320   M    M   0        28 310
 6  47  15  31 -15  34   0 0.00  0.0    0  5.6 12 150   M    M   0        15 150
 7  44  26  35 -11  30   0 0.00  0.0    0 11.0 20 150   M    M   5 12     24 150
 8  44  37  41  -5  24   0    T  0.0    0  7.4 16 110   M    M  10 12     21 100
 9  70  42  56   9   9   0 0.72  0.0    0 12.6 32 260   M    M   5 123    48 250
10  46  34  40  -7  25   0 0.04  0.0    0  5.4 15 310   M    M   4        21 310
11  64  39  52   5  13   0 0.02  0.0    0  4.4 13 150   M    M   5 1      15 150
12  57  44  51   3  14   0 0.31  0.0    0 12.7 24 150   M    M   8 1      29 160
13  63  49  56   8   9   0 0.47  0.0    0 16.1 32 170   M    M   7 1      45 170
14  59  41  50   2  15   0 0.00  0.0    0 16.3 30 260   M    M   6        47 260
15  51  34  43  -5  22   0 0.00  0.0    0 12.0 21 330   M    M   3        33 340
16  57  32  45  -4  20   0 0.00  0.0    0  4.1 14 310   M    M   0        19  20
17  63  36  50   1  15   0 0.00  0.0    0  4.6 16 330   M    M   0        22 330
18  60  39  50   1  15   0 0.00  0.0    0  3.7 12 140   M    M   4        16 140
19  65  37  51   1  14   0 0.00  0.0    0 11.7 20 160   M    M   3        25 160
20  53  44  49  -1  16   0    T    M    0  8.9 18 280   M    M   6        25 290
21  61  40  51   1  14   0 0.00  0.0    0  8.4 16 320   M    M   0        23 300
22  68  35  52   1  13   0 0.00  0.0    0  4.6 10 290   M    M   0        14 290
23  61  43  52   1  13   0 0.17  0.0    0  9.0 16 140   M    M   7 18     21 120
================================================================================
SM 1206  756       507   0  1.79     0.5 194.9          M      104
================================================================================
AV 52.4 32.9                               8.5 FASTST   M    M   5    MAX(MPH)
                                 MISC ---->  # 32 260               # 48  250
================================================================================
NOTES:
# LAST OF SEVERAL OCCURRENCES

COLUMN 17 PEAK WIND IN M.P.H.

PRELIMINARY LOCAL CLIMATOLOGICAL DATA (WS FORM: F-6) , PAGE 2

                                          STATION:  Harrison
                                          MONTH:    MARCH
                                          YEAR:     2019
                                          LATITUDE:   36 15 N
                                          LONGITUDE:  93  9 W

[TEMPERATURE DATA]      [PRECIPITATION DATA]       SYMBOLS USED IN COLUMN 16

AVERAGE MONTHLY: 42.7   TOTAL FOR MONTH:   1.79    1 = FOG OR MIST
DPTR FM NORMAL:  -4.9   DPTR FM NORMAL:   -0.93    2 = FOG REDUCING VISIBILITY
HIGHEST:    70 ON  9    GRTST 24HR  0.72 ON  9- 9      TO 1/4 MILE OR LESS
LOWEST:      7 ON  4                               3 = THUNDER
                        SNOW, ICE PELLETS, HAIL    4 = ICE PELLETS
                        TOTAL MONTH:   0.5 INCH    5 = HAIL
                        GRTST 24HR   0.5 ON  3- 3  6 = FREEZING RAIN OR DRIZZLE
                        GRTST DEPTH:   0           7 = DUSTSTORM OR SANDSTORM:
                                                       VSBY 1/2 MILE OR LESS
                                                   8 = SMOKE OR HAZE
[NO. OF DAYS WITH]      [WEATHER - DAYS WITH]      9 = BLOWING SNOW
                                                   X = TORNADO
MAX 32 OR BELOW:   1    0.01 INCH OR MORE:   7
MAX 90 OR ABOVE:   0    0.10 INCH OR MORE:   4
MIN 32 OR BELOW:   8    0.50 INCH OR MORE:   1
MIN  0 OR BELOW:   0    1.00 INCH OR MORE:   0

[HDD (BASE 65) ]
TOTAL THIS MO.   507    CLEAR  (SCALE 0-3)   8
DPTR FM NORMAL   103    PTCLDY (SCALE 4-7)  10
TOTAL FM JUL 1  3655    CLOUDY (SCALE 8-10)  5
DPTR FM NORMAL    79

[CDD (BASE 65) ]
TOTAL THIS MO.     0
DPTR FM NORMAL     0    [PRESSURE DATA]
TOTAL FM JAN 1     0    HIGHEST SLP M ON M
DPTR FM NORMAL     0    LOWEST  SLP 29.70 ON 13

[REMARKS]
ALL SNOWFALL DATA IS FROM THE HARRISON COOPERATIVE OBSERVER SITE
