000
CXUS52 KMHX 240700
CF6HSE
PRELIMINARY LOCAL CLIMATOLOGICAL DATA (WS FORM: F-6)

                                          STATION:   CAPE HATTERAS NC
                                          MONTH:     MARCH
                                          YEAR:      2019
                                          LATITUDE:   35 13 N
                                          LONGITUDE:  75 37 W

  TEMPERATURE IN F:       :PCPN:    SNOW:  WIND      :SUNSHINE: SKY     :PK WND
================================================================================
1   2   3   4   5  6A  6B    7    8   9   10  11  12  13   14  15   16   17  18
                                     12Z  AVG MX 2MIN
DY MAX MIN AVG DEP HDD CDD  WTR  SNW DPTH SPD SPD DIR MIN PSBL S-S WX    SPD DR
================================================================================

 1  61  51  56   8   9   0 0.06  0.0    0  7.2 13  30   M    M   9 1      20  30
 2  57  44  51   2  14   0 0.02  0.0    0  7.2 15 310   M    M  10        22 300
 3  65  43  54   5  11   0 1.41  0.0    0 10.2 23 240   M    M   6 123    32 230
 4  64  35  50   1  15   0 0.32  0.0    0  8.2 28 240   M    M   8 1      41 240
 5  45  36  41  -8  24   0 0.18  0.0    0  4.7 10 320   M    M   8 1      18 310
 6  42  28  35 -14  30   0 0.00  0.0    0  7.0 16 320   M    M   1        29 310
 7  47  27  37 -13  28   0 0.00  0.0    0  3.0  7  20   M    M   0        12 320
 8  52  44  48  -2  17   0 0.06  0.0    0  6.6 14  40   M    M  10 1      20  30
 9  62  45  54   4  11   0 0.00  0.0    0  8.0 15 120   M    M   8        22  50
10  70  59  65  15   0   0 0.02  0.0    0 11.5 17 210   M    M   5 18     23 230
11  66  52  59   9   6   0 0.03  0.0    0  4.9 16 250   M    M   4 1      24 270
12  57  40  49  -1  16   0 0.00  0.0    0  7.9 17  30   M    M   1        27  30
13  56  38  47  -4  18   0 0.00  0.0    0  5.5 12  30   M    M   0        16  40
14  70  41  56   5   9   0 0.00  0.0    0  7.4 14 210   M    M   0        20 210
15  74  64  69  18   0   4 0.00  0.0    0 12.5 22 210   M    M   1        29 210
16  70  44  57   6   8   0    T  0.0    0  8.0 20 230   M    M   3 1      28 230
17  53  38  46  -6  19   0 0.00  0.0    0  8.3 15  20   M    M   4        25  40
18  65  48  57   5   8   0 0.00  0.0    0  7.4 21  20   M    M   1        37  10
19  52  47  50  -2  15   0 0.00  0.0    0 13.5 20  30   M    M   4        33  30
20  60  49  55   3  10   0    M  0.0    0   M  23 120   M    M  10 18     31 120
21  63  53  58   5   7   0    M  0.0    0 15.6 30 140   M    M   9 18     41 140
22  61  50  56   3   9   0    T  0.0    0 11.7 20 290   M    M   2        31 280
23  60  44  52  -1  13   0 0.00  0.0    0  9.7 18 310   M    M   0        33 330
================================================================================
SM 1372 1020       297   4  2.10     0.0 186.0          M      104
================================================================================
AV 59.7 44.4                               8.5 FASTST   M    M   5    MAX(MPH)
                                 MISC ---->  # 30 140               # 41  240
================================================================================
NOTES:
# LAST OF SEVERAL OCCURRENCES

COLUMN 17 PEAK WIND IN M.P.H.

PRELIMINARY LOCAL CLIMATOLOGICAL DATA (WS FORM: F-6) , PAGE 2

                                          STATION:  CAPE HATTERAS NC
                                          MONTH:    MARCH
                                          YEAR:     2019
                                          LATITUDE:   35 13 N
                                          LONGITUDE:  75 37 W

[TEMPERATURE DATA]      [PRECIPITATION DATA]       SYMBOLS USED IN COLUMN 16

AVERAGE MONTHLY: 52.0   TOTAL FOR MONTH:   2.10    1 = FOG OR MIST
DPTR FM NORMAL:   1.4   DPTR FM NORMAL:   -1.39    2 = FOG REDUCING VISIBILITY
HIGHEST:    74 ON 15    GRTST 24HR  1.41 ON  3- 3      TO 1/4 MILE OR LESS
LOWEST:     27 ON  7                               3 = THUNDER
                        SNOW, ICE PELLETS, HAIL    4 = ICE PELLETS
                        TOTAL MONTH:   0.0 INCH    5 = HAIL
                        GRTST 24HR     0.0         6 = FREEZING RAIN OR DRIZZLE
                        GRTST DEPTH:   0           7 = DUSTSTORM OR SANDSTORM:
                                                       VSBY 1/2 MILE OR LESS
                                                   8 = SMOKE OR HAZE
[NO. OF DAYS WITH]      [WEATHER - DAYS WITH]      9 = BLOWING SNOW
                                                   X = TORNADO
MAX 32 OR BELOW:   0    0.01 INCH OR MORE:   8
MAX 90 OR ABOVE:   0    0.10 INCH OR MORE:   3
MIN 32 OR BELOW:   2    0.50 INCH OR MORE:   1
MIN  0 OR BELOW:   0    1.00 INCH OR MORE:   1

[HDD (BASE 65) ]
TOTAL THIS MO.   297    CLEAR  (SCALE 0-3)  10
DPTR FM NORMAL   -35    PTCLDY (SCALE 4-7)   8
TOTAL FM JUL 1  1661    CLOUDY (SCALE 8-10)  5
DPTR FM NORMAL  -595

[CDD (BASE 65) ]
TOTAL THIS MO.     4
DPTR FM NORMAL     4    [PRESSURE DATA]
TOTAL FM JAN 1     6    HIGHEST SLP M ON M
DPTR FM NORMAL     6    LOWEST  SLP 29.53 ON  4

[REMARKS]
