425
CXUS53 KGID 230730
CF6HSI
PRELIMINARY LOCAL CLIMATOLOGICAL DATA (WS FORM: F-6)

                                          STATION:   HASTINGS NE
                                          MONTH:     MARCH
                                          YEAR:      2019
                                          LATITUDE:   40 35 N
                                          LONGITUDE:  98 26 W

  TEMPERATURE IN F:       :PCPN:    SNOW:  WIND      :SUNSHINE: SKY     :PK WND
================================================================================
1   2   3   4   5  6A  6B    7    8   9   10  11  12  13   14  15   16   17  18
                                     12Z  AVG MX 2MIN
DY MAX MIN AVG DEP HDD CDD  WTR  SNW DPTH SPD SPD DIR MIN PSBL S-S WX    SPD DR
================================================================================

 1  32  11  22 -12  43   0 0.00  0.0    5 10.7 28 340   M    M   4 1      34 340
 2  19   6  13 -21  52   0 0.09  2.2    4 16.2 25  20   M    M  10 9      32  30
 3   6  -8  -1 -36  66   0 0.04  0.7    7 15.7 25  10   M    M   6        34  10
 4  13  -9   2 -33  63   0 0.00  0.0    7 13.2 17 280   M    M   0        25 270
 5  22   2  12 -24  53   0 0.00  0.0    7 11.5 22 330   M    M   0        28 320
 6  29   6  18 -18  47   0    T  0.2    5  8.2 16  90   M    M   5        21 110
 7  29  26  28  -8  37   0    T    T    4 11.8 20 110   M    M  10 1      30  80
 8  32  25  29  -8  36   0    T  0.0    4  8.5 22 120   M    M  10 126    30 120
 9  36  27  32  -5  33   0 0.02  0.0    4 20.9 41 310   M    M   8 12     53 300
10  39  19  29  -9  36   0 0.00  0.0    2  6.8 16 300   M    M   1        20 320
11  45  22  34  -4  31   0 0.00  0.0    1  7.3 14 130   M    M   3        18 140
12  50  38  44   6  21   0 0.03  0.0    T  7.6 13 170   M    M  10 12     19 180
13  60  34  47   8  18   0 1.04    T    0 14.8 43 340   M    M   9 123    53 340
14  37  31  34  -5  31   0 0.22  1.7    2 33.0 46 330   M    M   7 9      64 340
15  43  27  35  -5  30   0 0.00  0.0    2 11.8 24 320   M    M   0        31 320
16  51  29  40   0  25   0 0.00  0.0    T  9.2 20 330   M    M   0        28 320
17  51  26  39  -1  26   0 0.00  0.0    0  5.8 20 350   M    M   2 1      25 350
18  46  26  36  -5  29   0    T  0.0    0  6.1 13  30   M    M   3        17 170
19  42  35  39  -2  26   0 0.36  0.0    0  7.9 17 350   M    M  10 1      21 350
20  58  30  44   2  21   0 0.00  0.0    0 11.5 22 340   M    M   1 1      29 300
21  59  29  44   2  21   0 0.00  0.0    0  5.8 12 340   M    M   0 1      15 280
22  62  31  47   5  18   0 0.00  0.0    0  8.1 15 120   M    M   2        23 130
================================================================================
SM  861  463       763   0  1.80     4.8 252.4          M      101
================================================================================
AV 39.1 21.1                              11.5 FASTST   M    M   5    MAX(MPH)
                                 MISC ---->  # 46 330               # 64  340
================================================================================
NOTES:
# LAST OF SEVERAL OCCURRENCES

COLUMN 17 PEAK WIND IN M.P.H.

PRELIMINARY LOCAL CLIMATOLOGICAL DATA (WS FORM: F-6) , PAGE 2

                                          STATION:  HASTINGS NE
                                          MONTH:    MARCH
                                          YEAR:     2019
                                          LATITUDE:   40 35 N
                                          LONGITUDE:  98 26 W

[TEMPERATURE DATA]      [PRECIPITATION DATA]       SYMBOLS USED IN COLUMN 16

AVERAGE MONTHLY: 30.1   TOTAL FOR MONTH:   1.80    1 = FOG OR MIST
DPTR FM NORMAL:  -8.1   DPTR FM NORMAL:    0.75    2 = FOG REDUCING VISIBILITY
HIGHEST:    62 ON 22    GRTST 24HR  1.04 ON 13-13      TO 1/4 MILE OR LESS
LOWEST:     -9 ON  4                               3 = THUNDER
                        SNOW, ICE PELLETS, HAIL    4 = ICE PELLETS
                        TOTAL MONTH:   4.8 INCHES  5 = HAIL
                        GRTST 24HR   2.2 ON  2- 2  6 = FREEZING RAIN OR DRIZZLE
                        GRTST DEPTH:   7 ON  5, 4  7 = DUSTSTORM OR SANDSTORM:
                                                       VSBY 1/2 MILE OR LESS
                                                   8 = SMOKE OR HAZE
[NO. OF DAYS WITH]      [WEATHER - DAYS WITH]      9 = BLOWING SNOW
                                                   X = TORNADO
MAX 32 OR BELOW:   8    0.01 INCH OR MORE:   7
MAX 90 OR ABOVE:   0    0.10 INCH OR MORE:   3
MIN 32 OR BELOW:  19    0.50 INCH OR MORE:   1
MIN  0 OR BELOW:   2    1.00 INCH OR MORE:   1

[HDD (BASE 65) ]
TOTAL THIS MO.   763    CLEAR  (SCALE 0-3)  11
DPTR FM NORMAL   174    PTCLDY (SCALE 4-7)   5
TOTAL FM JUL 1  5649    CLOUDY (SCALE 8-10)  6
DPTR FM NORMAL   430

[CDD (BASE 65) ]
TOTAL THIS MO.     0
DPTR FM NORMAL     0    [PRESSURE DATA]
TOTAL FM JAN 1     0    HIGHEST SLP 30.16 ON 14
DPTR FM NORMAL     0    LOWEST  SLP 28.97 ON 13

[REMARKS]
